{"id":7,"date":"2022-02-03T19:40:41","date_gmt":"2022-02-03T19:40:41","guid":{"rendered":"http:\/\/promociondeeventos.sld.cu\/leptospirosishabana2022\/?page_id=7"},"modified":"2022-02-23T13:28:19","modified_gmt":"2022-02-23T13:28:19","slug":"comite-organizador","status":"publish","type":"page","link":"https:\/\/promociondeeventos.sld.cu\/leptospirosishabana2022\/comite-organizador\/","title":{"rendered":"Comit\u00e9 Organizador"},"content":{"rendered":"<p><a href=\"https:\/\/promociondeeventos.sld.cu\/leptospirosishabana2022en\/organizing-committee\/\">English\/Ingl\u00e9s<\/a><\/p>\n<ul>\n<li>Presidente:<\/li>\n<\/ul>\n<p>DrC. Ana Margarita Obreg\u00f3n Fuentes. Profesor Titular. \u00a0IPK. <a href=\"mailto:amobregon@ipk.sld.cu\" target=\"_blank\">amobregon@ipk.sld.cu<\/a><\/p>\n<p>Miembros:<\/p>\n<p>Dra. Odisney Lugo Su\u00e1rez. MSc. Profesor Intructor. IPK. <a href=\"mailto:odisney@ipk.sld.cu\" target=\"_blank\">odisney@ipk.sld.cu<\/a><br \/>\nDra. Jusayma Gonz\u00e1lez Arrebato.MSc. DNE, MINSAP. <a href=\"mailto:yusaymacg@infomed.sld.cu\" target=\"_blank\">yusaymacg@infomed.sld.cu<\/a><br \/>\nDra . Marta Castro. Dr C.\u00a0 Investigador Titular. Jefa Depto Docente. IPK. <a href=\"mailto:martac@ipk.sld.cu\" target=\"_blank\">martac@ipk.sld.cu<\/a><br \/>\nDra. Lilia Maria Ortega. DrC. Profesor Auxiliar. Jefe\u00a0 Servicio de Terapia Centro Hospitalario. IPK. <a href=\"mailto:ortegaly@ipk.sld.cu\" target=\"_blank\">ortegaly@ipk.sld.cu<\/a><br \/>\nDr. Otto Pelaez Sanch\u00e9z. Dr C. Profesor Auxiliar. Depto Epidemiolog\u00eda. CIDR. <a href=\"mailto:otto.pelaez@ipk.sld.cu\" target=\"_blank\">otto.pelaez@ipk.sld.cu<\/a><br \/>\nT\u00e9c Jorge R Campos D\u00edaz. T\u00e9c. Ciencias Inform\u00e1ticas. IPK.\u00a0 <a href=\"mailto:jcampos@ipk.sld.cu\" target=\"_blank\">jcampos@ipk.sld.cu<\/a><\/p>\n","protected":false},"excerpt":{"rendered":"<p>English\/Ingl\u00e9s Presidente: DrC. Ana Margarita Obreg\u00f3n Fuentes. Profesor Titular. \u00a0IPK. amobregon@ipk.sld.cu Miembros: Dra. Odisney Lugo Su\u00e1rez. MSc. Profesor Intructor. IPK. odisney@ipk.sld.cu Dra. Jusayma Gonz\u00e1lez Arrebato.MSc. DNE, MINSAP. yusaymacg@infomed.sld.cu Dra . Marta Castro. Dr C.\u00a0 Investigador Titular. Jefa Depto Docente. IPK. martac@ipk.sld.cu Dra. Lilia Maria Ortega. DrC. Profesor Auxiliar. Jefe\u00a0 Servicio de Terapia Centro Hospitalario. IPK. [&hellip;]<\/p>\n","protected":false},"author":3262,"featured_media":0,"parent":0,"menu_order":0,"comment_status":"closed","ping_status":"open","template":"","meta":[],"_links":{"self":[{"href":"https:\/\/promociondeeventos.sld.cu\/leptospirosishabana2022\/wp-json\/wp\/v2\/pages\/7"}],"collection":[{"href":"https:\/\/promociondeeventos.sld.cu\/leptospirosishabana2022\/wp-json\/wp\/v2\/pages"}],"about":[{"href":"https:\/\/promociondeeventos.sld.cu\/leptospirosishabana2022\/wp-json\/wp\/v2\/types\/page"}],"author":[{"embeddable":true,"href":"https:\/\/promociondeeventos.sld.cu\/leptospirosishabana2022\/wp-json\/wp\/v2\/users\/3262"}],"replies":[{"embeddable":true,"href":"https:\/\/promociondeeventos.sld.cu\/leptospirosishabana2022\/wp-json\/wp\/v2\/comments?post=7"}],"version-history":[{"count":7,"href":"https:\/\/promociondeeventos.sld.cu\/leptospirosishabana2022\/wp-json\/wp\/v2\/pages\/7\/revisions"}],"predecessor-version":[{"id":66,"href":"https:\/\/promociondeeventos.sld.cu\/leptospirosishabana2022\/wp-json\/wp\/v2\/pages\/7\/revisions\/66"}],"wp:attachment":[{"href":"https:\/\/promociondeeventos.sld.cu\/leptospirosishabana2022\/wp-json\/wp\/v2\/media?parent=7"}],"curies":[{"name":"wp","href":"https:\/\/api.w.org\/{rel}","templated":true}]}}