{"id":10,"date":"2024-07-14T22:55:33","date_gmt":"2024-07-14T22:55:33","guid":{"rendered":"https:\/\/promociondeeventos.sld.cu\/jnent-hha2024\/?page_id=10"},"modified":"2024-07-15T22:31:50","modified_gmt":"2024-07-15T22:31:50","slug":"comite-organizador","status":"publish","type":"page","link":"https:\/\/promociondeeventos.sld.cu\/jnent-hha2024\/comite-organizador\/","title":{"rendered":"Comit\u00e9 Organizador"},"content":{"rendered":"<ul>\n<li>DrC. Luis Alberto Ochoa Montes (Presidente)<\/li>\n<li>Dra., M. Sc. Daisy Ferrer Marrero (Vicepresidenta)<\/li>\n<li>DrC. Rafael Emilio Araujo Gonz\u00e1lez (Vicepresidente)<\/li>\n<li>Dra., M. Sc. Mar\u00eda de los \u00c1ngeles Hern\u00e1ndez Sosa (Secretaria)<\/li>\n<li>Dra., M. Sc. Halina P\u00e9rez Alvarez (Tesorera)<\/li>\n<\/ul>\n","protected":false},"excerpt":{"rendered":"<p>DrC. Luis Alberto Ochoa Montes (Presidente) Dra., M. Sc. Daisy Ferrer Marrero (Vicepresidenta) DrC. Rafael Emilio Araujo Gonz\u00e1lez (Vicepresidente) Dra., M. Sc. Mar\u00eda de los \u00c1ngeles Hern\u00e1ndez Sosa (Secretaria) Dra., M. Sc. Halina P\u00e9rez Alvarez (Tesorera)<\/p>\n","protected":false},"author":4,"featured_media":0,"parent":0,"menu_order":0,"comment_status":"closed","ping_status":"closed","template":"","meta":[],"_links":{"self":[{"href":"https:\/\/promociondeeventos.sld.cu\/jnent-hha2024\/wp-json\/wp\/v2\/pages\/10"}],"collection":[{"href":"https:\/\/promociondeeventos.sld.cu\/jnent-hha2024\/wp-json\/wp\/v2\/pages"}],"about":[{"href":"https:\/\/promociondeeventos.sld.cu\/jnent-hha2024\/wp-json\/wp\/v2\/types\/page"}],"author":[{"embeddable":true,"href":"https:\/\/promociondeeventos.sld.cu\/jnent-hha2024\/wp-json\/wp\/v2\/users\/4"}],"replies":[{"embeddable":true,"href":"https:\/\/promociondeeventos.sld.cu\/jnent-hha2024\/wp-json\/wp\/v2\/comments?post=10"}],"version-history":[{"count":2,"href":"https:\/\/promociondeeventos.sld.cu\/jnent-hha2024\/wp-json\/wp\/v2\/pages\/10\/revisions"}],"predecessor-version":[{"id":48,"href":"https:\/\/promociondeeventos.sld.cu\/jnent-hha2024\/wp-json\/wp\/v2\/pages\/10\/revisions\/48"}],"wp:attachment":[{"href":"https:\/\/promociondeeventos.sld.cu\/jnent-hha2024\/wp-json\/wp\/v2\/media?parent=10"}],"curies":[{"name":"wp","href":"https:\/\/api.w.org\/{rel}","templated":true}]}}