{"id":90,"date":"2025-07-26T20:09:06","date_gmt":"2025-07-26T20:09:06","guid":{"rendered":"https:\/\/promociondeeventos.sld.cu\/jci-mnt-ucmgranma\/?page_id=90"},"modified":"2025-07-26T20:20:18","modified_gmt":"2025-07-26T20:20:18","slug":"cursos-octubre","status":"publish","type":"page","link":"https:\/\/promociondeeventos.sld.cu\/jci-mnt-ucmgranma\/cursos-octubre\/","title":{"rendered":"Cursos octubre 2025"},"content":{"rendered":"<p><strong>Cursos Virtuales. Mes de Octubre\u2013 2025<\/strong><\/p>\n<table style=\"width: 85.8638%; height: 316px;\" width=\"642\">\n<tbody>\n<tr style=\"height: 28px;\">\n<td style=\"height: 28px;\" width=\"53\">Curso<\/td>\n<td style=\"height: 28px;\" width=\"305\">T\u00edtulo<\/td>\n<td style=\"height: 28px;\" width=\"217\">Profesor<\/td>\n<td style=\"height: 28px;\" width=\"66\">Fecha<\/td>\n<\/tr>\n<tr style=\"height: 104px;\">\n<td style=\"height: 104px;\" width=\"53\">13<\/td>\n<td style=\"height: 104px;\" width=\"305\">Pruebas estad\u00edsticas empleadas en los estudios de cohorte \u00fanica. Una gu\u00eda para las buenas pr\u00e1cticas<\/td>\n<td style=\"height: 104px;\" width=\"217\">Dr. C. Andr\u00e9s Quesada V\u00e1zquez. Profesor Titular<\/td>\n<td style=\"height: 104px;\" width=\"66\">1 &#8211; 6<\/td>\n<\/tr>\n<tr style=\"height: 104px;\">\n<td style=\"height: 104px;\" width=\"53\">14<\/td>\n<td style=\"height: 104px;\" width=\"305\">Metabolitos secundarios en plantas medicinales.<\/td>\n<td style=\"height: 104px;\" width=\"217\">Dr. C. Yurisnel Ortiz S\u00e1nchez. Profesor e Investigador Titular.<\/td>\n<td style=\"height: 104px;\" width=\"66\">6 -10<\/td>\n<\/tr>\n<tr style=\"height: 80px;\">\n<td style=\"height: 80px;\" width=\"53\">15<\/td>\n<td style=\"height: 80px;\" width=\"305\">\u00c9tica y Bio\u00e9tica de la actividad investigativa<\/td>\n<td style=\"height: 80px;\" width=\"217\">M. Sc. Carmen Elena Ferrer Magad\u00e1n. Profesor Auxiliar<\/td>\n<td style=\"height: 80px;\" width=\"66\">13 &#8211; 17<\/td>\n<\/tr>\n<\/tbody>\n<\/table>\n<p><u>\u00a0<\/u><\/p>\n<p><u>Cuota de Inscripci\u00f3n para participantes nacionales<\/u>:<\/p>\n<ul>\n<li>1 Curso Virtual: 50. 00 CUP<\/li>\n<li>3 o m\u00e1s Cursos Virtuales: 30 .00 CUP cada uno.<\/li>\n<\/ul>\n<p>Realiza el mismo, a trav\u00e9s de: 9227 0699 9474 0713 y luego confirma a: 59 95 50 89.<\/p>\n<p>Inmediatamente, comparta junto a sus datos personales, [Nombre y apellidos, No. CI y No. M\u00f3vil que usar\u00e1 para los Cursos Virtuales y los No. Cursos escogidos] el comprobante de pago al WhatsApp 52 61 67 28.<\/p>\n<p>Si usted ya fue matr\u00edcula en cursos anteriores en nuestra modalidad virtual, solo enviar\u00e1 el No. del curso seleccionado.<\/p>\n<p><u>Cuota de Inscripci\u00f3n para participantes extranjeros<\/u>:<\/p>\n<ul>\n<li>1 Curso Virtual: 5. USD<\/li>\n<li>3 Cursos Virtuales: 10 .00 USD y el Comit\u00e9 Cient\u00edfico, le regala un 4to curso a elegir por usted.<\/li>\n<\/ul>\n<p><strong>Tarjetas: MASTERCARD O VISA<\/strong>.<\/p>\n<p><u>Solicitar pasarela de pago personalizada:<\/u><\/p>\n<p><a href=\"mailto:comercial.granma@smcsalud.cu\">comercial.granma@smcsalud.cu<\/a><\/p>\n<p>Confirmar el pago [foto del comprobante] a trav\u00e9s WhatsApp al 005352616728<\/p>\n<p>&nbsp;<\/p>\n","protected":false},"excerpt":{"rendered":"<p>Cursos Virtuales. Mes de Octubre\u2013 2025 Curso T\u00edtulo Profesor Fecha 13 Pruebas estad\u00edsticas empleadas en los estudios de cohorte \u00fanica. Una gu\u00eda para las buenas pr\u00e1cticas Dr. C. Andr\u00e9s Quesada V\u00e1zquez. Profesor Titular 1 &#8211; 6 14 Metabolitos secundarios en plantas medicinales. Dr. C. Yurisnel Ortiz S\u00e1nchez. Profesor e Investigador Titular. 6 -10 15 \u00c9tica [&hellip;]<\/p>\n","protected":false},"author":4,"featured_media":0,"parent":0,"menu_order":0,"comment_status":"closed","ping_status":"closed","template":"","meta":[],"_links":{"self":[{"href":"https:\/\/promociondeeventos.sld.cu\/jci-mnt-ucmgranma\/wp-json\/wp\/v2\/pages\/90"}],"collection":[{"href":"https:\/\/promociondeeventos.sld.cu\/jci-mnt-ucmgranma\/wp-json\/wp\/v2\/pages"}],"about":[{"href":"https:\/\/promociondeeventos.sld.cu\/jci-mnt-ucmgranma\/wp-json\/wp\/v2\/types\/page"}],"author":[{"embeddable":true,"href":"https:\/\/promociondeeventos.sld.cu\/jci-mnt-ucmgranma\/wp-json\/wp\/v2\/users\/4"}],"replies":[{"embeddable":true,"href":"https:\/\/promociondeeventos.sld.cu\/jci-mnt-ucmgranma\/wp-json\/wp\/v2\/comments?post=90"}],"version-history":[{"count":4,"href":"https:\/\/promociondeeventos.sld.cu\/jci-mnt-ucmgranma\/wp-json\/wp\/v2\/pages\/90\/revisions"}],"predecessor-version":[{"id":99,"href":"https:\/\/promociondeeventos.sld.cu\/jci-mnt-ucmgranma\/wp-json\/wp\/v2\/pages\/90\/revisions\/99"}],"wp:attachment":[{"href":"https:\/\/promociondeeventos.sld.cu\/jci-mnt-ucmgranma\/wp-json\/wp\/v2\/media?parent=90"}],"curies":[{"name":"wp","href":"https:\/\/api.w.org\/{rel}","templated":true}]}}