{"id":19,"date":"2025-07-02T16:46:34","date_gmt":"2025-07-02T16:46:34","guid":{"rendered":"https:\/\/promociondeeventos.sld.cu\/jci-mnt-ucmgranma\/?page_id=19"},"modified":"2025-07-10T20:25:02","modified_gmt":"2025-07-10T20:25:02","slug":"programa","status":"publish","type":"page","link":"https:\/\/promociondeeventos.sld.cu\/jci-mnt-ucmgranma\/programa\/","title":{"rendered":"Programa"},"content":{"rendered":"<p><strong><u><img decoding=\"async\" loading=\"lazy\" class=\"size-medium wp-image-43 alignright\" src=\"http:\/\/promociondeeventos.sld.cu\/jci-mnt-ucmgranma\/files\/2025\/07\/mnt1-300x168.jpg\" alt=\"\" width=\"300\" height=\"168\" srcset=\"https:\/\/promociondeeventos.sld.cu\/jci-mnt-ucmgranma\/files\/2025\/07\/mnt1-300x168.jpg 300w, https:\/\/promociondeeventos.sld.cu\/jci-mnt-ucmgranma\/files\/2025\/07\/mnt1-768x431.jpg 768w, https:\/\/promociondeeventos.sld.cu\/jci-mnt-ucmgranma\/files\/2025\/07\/mnt1-250x140.jpg 250w, https:\/\/promociondeeventos.sld.cu\/jci-mnt-ucmgranma\/files\/2025\/07\/mnt1.jpg 990w\" sizes=\"(max-width: 300px) 100vw, 300px\" \/>Programa Cient\u00edfico<\/u><\/strong>:<\/p>\n<ol style=\"list-style-type: upper-roman;\">\n<li><strong>Conferencia Magistral:<\/strong> La Medicina Natural y Tradicional: Ciencia, Salud y Bienestar.<br \/>\nProf. e Inv. Titular, Yurisnel Ortiz S\u00e1nchez. Dr. C.<\/li>\n<li>Presentaciones orales de trabajos originales en salones, moderados por expertos en los temas.<\/li>\n<li>P\u00f3steres cient\u00edficos: Innovaciones tecnol\u00f3gicas, experiencias comunitarias.<\/li>\n<li><strong>Formas de presentaci\u00f3n<\/strong>: Tema libre, Videos, P\u00f3ster digital.<\/li>\n<\/ol>\n<p>Modalidad virtual: (poster digital)<\/p>\n<p>14 al 19 de julio<\/p>\n<p>Cursos pre-evento :<\/p>\n<p>Modalidad virtual:\u00a0 del 14 al 16 de octubre<\/p>\n<p>Modalidad presencial: S\u00e1bado 18 de octubre<\/p>\n","protected":false},"excerpt":{"rendered":"<p>Programa Cient\u00edfico: Conferencia Magistral: La Medicina Natural y Tradicional: Ciencia, Salud y Bienestar. Prof. e Inv. Titular, Yurisnel Ortiz S\u00e1nchez. Dr. C. Presentaciones orales de trabajos originales en salones, moderados por expertos en los temas. P\u00f3steres cient\u00edficos: Innovaciones tecnol\u00f3gicas, experiencias comunitarias. Formas de presentaci\u00f3n: Tema libre, Videos, P\u00f3ster digital. Modalidad virtual: (poster digital) 14 al [&hellip;]<\/p>\n","protected":false},"author":4,"featured_media":0,"parent":0,"menu_order":0,"comment_status":"closed","ping_status":"closed","template":"","meta":[],"_links":{"self":[{"href":"https:\/\/promociondeeventos.sld.cu\/jci-mnt-ucmgranma\/wp-json\/wp\/v2\/pages\/19"}],"collection":[{"href":"https:\/\/promociondeeventos.sld.cu\/jci-mnt-ucmgranma\/wp-json\/wp\/v2\/pages"}],"about":[{"href":"https:\/\/promociondeeventos.sld.cu\/jci-mnt-ucmgranma\/wp-json\/wp\/v2\/types\/page"}],"author":[{"embeddable":true,"href":"https:\/\/promociondeeventos.sld.cu\/jci-mnt-ucmgranma\/wp-json\/wp\/v2\/users\/4"}],"replies":[{"embeddable":true,"href":"https:\/\/promociondeeventos.sld.cu\/jci-mnt-ucmgranma\/wp-json\/wp\/v2\/comments?post=19"}],"version-history":[{"count":5,"href":"https:\/\/promociondeeventos.sld.cu\/jci-mnt-ucmgranma\/wp-json\/wp\/v2\/pages\/19\/revisions"}],"predecessor-version":[{"id":74,"href":"https:\/\/promociondeeventos.sld.cu\/jci-mnt-ucmgranma\/wp-json\/wp\/v2\/pages\/19\/revisions\/74"}],"wp:attachment":[{"href":"https:\/\/promociondeeventos.sld.cu\/jci-mnt-ucmgranma\/wp-json\/wp\/v2\/media?parent=19"}],"curies":[{"name":"wp","href":"https:\/\/api.w.org\/{rel}","templated":true}]}}