{"id":9,"date":"2025-05-27T23:14:00","date_gmt":"2025-05-27T23:14:00","guid":{"rendered":"https:\/\/promociondeeventos.sld.cu\/jcemedicalix2025\/?page_id=9"},"modified":"2025-05-27T23:55:54","modified_gmt":"2025-05-27T23:55:54","slug":"comite-organizador","status":"publish","type":"page","link":"https:\/\/promociondeeventos.sld.cu\/jcemedicalix2025\/comite-organizador\/","title":{"rendered":"Comit\u00e9 Organizador"},"content":{"rendered":"<p><strong>Presidente:<\/strong><\/p>\n<p>Dra. Magdemily Fallat Ramos.<br \/>\nDecana Facultad Calixto Garc\u00eda<\/p>\n<p><strong>Miembros:<\/strong><\/p>\n<ul>\n<li>Dra. Tania Yero Travieso. Vicedecana Acad\u00e9mica.<\/li>\n<li>Fidel Fern\u00e1ndez Estrada. Vicedecano de Servicios e Inversiones<\/li>\n<li>Dra. Yoisy Quesada Verriel. Jefa del Dpto de Post grado.<\/li>\n<li>Dra. Miriam Trujillo Rodr\u00edguez. Jefa del Dpto Metodol\u00f3gico<\/li>\n<li>Estudiante Caridad Yetselia Castillo Carbonell. Presidente FEU. FCM.CG<\/li>\n<\/ul>\n","protected":false},"excerpt":{"rendered":"<p>Presidente: Dra. Magdemily Fallat Ramos. Decana Facultad Calixto Garc\u00eda Miembros: Dra. Tania Yero Travieso. Vicedecana Acad\u00e9mica. Fidel Fern\u00e1ndez Estrada. Vicedecano de Servicios e Inversiones Dra. Yoisy Quesada Verriel. Jefa del Dpto de Post grado. Dra. Miriam Trujillo Rodr\u00edguez. Jefa del Dpto Metodol\u00f3gico Estudiante Caridad Yetselia Castillo Carbonell. Presidente FEU. FCM.CG<\/p>\n","protected":false},"author":4,"featured_media":0,"parent":0,"menu_order":0,"comment_status":"closed","ping_status":"closed","template":"","meta":[],"_links":{"self":[{"href":"https:\/\/promociondeeventos.sld.cu\/jcemedicalix2025\/wp-json\/wp\/v2\/pages\/9"}],"collection":[{"href":"https:\/\/promociondeeventos.sld.cu\/jcemedicalix2025\/wp-json\/wp\/v2\/pages"}],"about":[{"href":"https:\/\/promociondeeventos.sld.cu\/jcemedicalix2025\/wp-json\/wp\/v2\/types\/page"}],"author":[{"embeddable":true,"href":"https:\/\/promociondeeventos.sld.cu\/jcemedicalix2025\/wp-json\/wp\/v2\/users\/4"}],"replies":[{"embeddable":true,"href":"https:\/\/promociondeeventos.sld.cu\/jcemedicalix2025\/wp-json\/wp\/v2\/comments?post=9"}],"version-history":[{"count":2,"href":"https:\/\/promociondeeventos.sld.cu\/jcemedicalix2025\/wp-json\/wp\/v2\/pages\/9\/revisions"}],"predecessor-version":[{"id":36,"href":"https:\/\/promociondeeventos.sld.cu\/jcemedicalix2025\/wp-json\/wp\/v2\/pages\/9\/revisions\/36"}],"wp:attachment":[{"href":"https:\/\/promociondeeventos.sld.cu\/jcemedicalix2025\/wp-json\/wp\/v2\/media?parent=9"}],"curies":[{"name":"wp","href":"https:\/\/api.w.org\/{rel}","templated":true}]}}

Comité Organizador

<p><strong>Presidente:</strong></p>
<p>Dra. Magdemily Fallat Ramos.<br />
Decana Facultad Calixto García</p>
<p><strong>Miembros:</strong></p>
<ul>
<li>Dra. Tania Yero Travieso. Vicedecana Académica.</li>
<li>Fidel Fernández Estrada. Vicedecano de Servicios e Inversiones</li>
<li>Dra. Yoisy Quesada Verriel. Jefa del Dpto de Post grado.</li>
<li>Dra. Miriam Trujillo Rodríguez. Jefa del Dpto Metodológico</li>
<li>Estudiante Caridad Yetselia Castillo Carbonell. Presidente FEU. FCM.CG</li>
</ul>

<p>Presidente: Dra. Magdemily Fallat Ramos. Decana Facultad Calixto García Miembros: Dra. Tania Yero Travieso. Vicedecana Académica. Fidel Fernández Estrada. Vicedecano de Servicios e Inversiones Dra. Yoisy Quesada Verriel. Jefa del Dpto de Post grado. Dra. Miriam Trujillo Rodríguez. Jefa del Dpto Metodológico Estudiante Caridad Yetselia Castillo Carbonell. Presidente FEU. FCM.CG</p>
