{"id":45,"date":"2025-05-28T00:45:18","date_gmt":"2025-05-28T00:45:18","guid":{"rendered":"https:\/\/promociondeeventos.sld.cu\/jcemedicalix2025\/?page_id=45"},"modified":"2025-05-28T00:56:22","modified_gmt":"2025-05-28T00:56:22","slug":"presentacion-de-caso","status":"publish","type":"page","link":"https:\/\/promociondeeventos.sld.cu\/jcemedicalix2025\/normas-de-presentacion-de-trabajo\/presentacion-de-caso\/","title":{"rendered":"Presentaci\u00f3n de caso"},"content":{"rendered":"<p>Presentaci\u00f3n<br \/>\nPortada: Mismas caracter\u00edsticas que en revisiones bibliogr\u00e1ficas.<br \/>\nResumen:<br \/>\n\uf0a7 Introducci\u00f3n: Caracter\u00edsticas \u00fanicas del caso. Aporte a la literatura m\u00e9dica.<br \/>\nPrincipales s\u00edntomas de los pacientes y los hallazgos cl\u00ednicos importantes.<br \/>\nPrincipales diagn\u00f3sticos, intervenciones terap\u00e9uticas y resultados.<br \/>\nConclusi\u00f3n: Principales lecciones que se pueden extraer del caso.<br \/>\nCuerpo<br \/>\nIntroducci\u00f3n: Breve resumen de los antecedentes de este caso haciendo referencia a la literatura m\u00e9dica.<br \/>\nDesarrollo: Presentaci\u00f3n del caso.<br \/>\n\uf0a7 Informaci\u00f3n del paciente: Informaci\u00f3n demogr\u00e1fica (edad, sexo, origen \u00e9tnico, profesi\u00f3n, etc). Con motivo de ingreso. Se omite el nombre del<br \/>\npaciente (empleo de iniciales) y el n\u00famero de historia cl\u00ednica. Si se publica foto ilustrativa del caso se protege su identificaci\u00f3n, y se hace con<br \/>\nautorizaci\u00f3n escrita del paciente o de su familia. ( colocar en anexos)<br \/>\n\uf0a7 Antecedentes patol\u00f3gicos personales y familiares.<br \/>\n\uf0a7 H\u00e1bitos T\u00f3xicos. (Ingesti\u00f3n de caf\u00e9, tabaco, drogas, alcohol u otros)<br \/>\n\uf0a7 Descripci\u00f3n del Caso. (Historia detallada siguiendo el orden secuencial de la aparici\u00f3n de los s\u00edntomas y signos que present\u00f3 el paciente y si es posible se incluyen las fechas de aparici\u00f3n).<br \/>\n\uf0a7 Hallazgos cl\u00ednicos: describir los hallazgos pertinentes al examen f\u00edsico.<br \/>\n\uf0a7 Evaluaci\u00f3n diagn\u00f3stica: m\u00e9todos diagn\u00f3sticos. Problemas para el diagn\u00f3stico.<br \/>\n\uf0a7 Laboratorio. (Se reflejan los complementarios realizados en el orden en que se realizaron y la fecha)<br \/>\n\uf0a7 Imagenolog\u00eda. (Se deben adjuntar en anexos fotos que tengan buena resoluci\u00f3n, n\u00edtidas y que su peso no exceda de 40 Kb)<br \/>\n\uf0a7 Patolog\u00eda. ( Se deben enumerar los resultados de anatom\u00eda patol\u00f3gica siempre en orden en que se realizaron poniendo la fecha y si es necesario el lugar donde se realiz\u00f3)<br \/>\n\uf0a7 Razonamiento diagn\u00f3stico, incluidos otros posibles diagn\u00f3sticos tenidos en cuenta.<br \/>\n\uf0a7 Caracter\u00edsticas del pron\u00f3stico (como los estad\u00edos en oncolog\u00eda) cuando proceda.<br \/>\n\uf0a7 Intervenci\u00f3n terap\u00e9utica: tipos de intervenci\u00f3n (farmacol\u00f3gica, quir\u00fargica, preventiva y autocuidados)<br \/>\n\uf0a7 Administraci\u00f3n de la intervenci\u00f3n (como dosis, concentraci\u00f3n y duraci\u00f3n)<br \/>\n\uf0a7 Cambios en la intervenci\u00f3n (con justificaci\u00f3n)<br \/>\n\uf0a7 Resultados evaluados por el m\u00e9dico y por el paciente.<br \/>\n\uf0a7 Resultados importantes de las pruebas de seguimiento.<br \/>\n\uf0a7 Observancia de la intervenci\u00f3n y tolerabilidad de la misma.<br \/>\n\uf0a7 Acontecimientos adversos e imprevistos.<br \/>\nDiscusi\u00f3n<br \/>\n\uf0a7 Puntos fuertes y limitaciones en el manejo de este caso. Discusi\u00f3n de la literatura m\u00e9dica pertinente. Justificaci\u00f3n de las conclusiones (incluida la<br \/>\nevaluaci\u00f3n de las posibles causas). Principales lecciones que se pueden extraer de este informe de caso.<br \/>\nPerspectiva o experiencia del paciente (siempre que sea posible) Consentimiento informado<br \/>\nConclusiones<br \/>\n\uf0a7 Se incluyen los comentarios a la soluci\u00f3n del caso rese\u00f1ando sus particularidades cient\u00edficas, su novedad o como se maneja la incertidumbre.<br \/>\nSirve para aclarar aspectos discutibles y destacara el mensaje que debe quedar de su lectura. Por su finalidad educativa debe tener una ense\u00f1anza que se proyecte en el futuro por medico de recomendaciones para el manejo del paciente o la l\u00edneas de investigaci\u00f3n que pudr\u00edan originarse a prop\u00f3sito<br \/>\ndel caso<\/p>\n<p>Los siguientes aspectos contienen las mismas caracter\u00edsticas que en revisiones bibliogr\u00e1ficas.<\/p>\n<p>Finales<br \/>\nReferencias Bibliogr\u00e1ficas o Bibliograf\u00edas<br \/>\nAnexos<br \/>\n\uf0a7 Elementos pertinentes al\/ o los casos.<\/p>\n","protected":false},"excerpt":{"rendered":"<p>Presentaci\u00f3n Portada: Mismas caracter\u00edsticas que en revisiones bibliogr\u00e1ficas. Resumen: \uf0a7 Introducci\u00f3n: Caracter\u00edsticas \u00fanicas del caso. Aporte a la literatura m\u00e9dica. Principales s\u00edntomas de los pacientes y los hallazgos cl\u00ednicos importantes. Principales diagn\u00f3sticos, intervenciones terap\u00e9uticas y resultados. Conclusi\u00f3n: Principales lecciones que se pueden extraer del caso. Cuerpo Introducci\u00f3n: Breve resumen de los antecedentes de este caso [&hellip;]<\/p>\n","protected":false},"author":4,"featured_media":0,"parent":37,"menu_order":0,"comment_status":"closed","ping_status":"closed","template":"","meta":[],"_links":{"self":[{"href":"https:\/\/promociondeeventos.sld.cu\/jcemedicalix2025\/wp-json\/wp\/v2\/pages\/45"}],"collection":[{"href":"https:\/\/promociondeeventos.sld.cu\/jcemedicalix2025\/wp-json\/wp\/v2\/pages"}],"about":[{"href":"https:\/\/promociondeeventos.sld.cu\/jcemedicalix2025\/wp-json\/wp\/v2\/types\/page"}],"author":[{"embeddable":true,"href":"https:\/\/promociondeeventos.sld.cu\/jcemedicalix2025\/wp-json\/wp\/v2\/users\/4"}],"replies":[{"embeddable":true,"href":"https:\/\/promociondeeventos.sld.cu\/jcemedicalix2025\/wp-json\/wp\/v2\/comments?post=45"}],"version-history":[{"count":3,"href":"https:\/\/promociondeeventos.sld.cu\/jcemedicalix2025\/wp-json\/wp\/v2\/pages\/45\/revisions"}],"predecessor-version":[{"id":48,"href":"https:\/\/promociondeeventos.sld.cu\/jcemedicalix2025\/wp-json\/wp\/v2\/pages\/45\/revisions\/48"}],"up":[{"embeddable":true,"href":"https:\/\/promociondeeventos.sld.cu\/jcemedicalix2025\/wp-json\/wp\/v2\/pages\/37"}],"wp:attachment":[{"href":"https:\/\/promociondeeventos.sld.cu\/jcemedicalix2025\/wp-json\/wp\/v2\/media?parent=45"}],"curies":[{"name":"wp","href":"https:\/\/api.w.org\/{rel}","templated":true}]}}