{"id":39,"date":"2025-05-28T00:06:29","date_gmt":"2025-05-28T00:06:29","guid":{"rendered":"https:\/\/promociondeeventos.sld.cu\/jcemedicalix2025\/?page_id=39"},"modified":"2025-05-28T00:24:08","modified_gmt":"2025-05-28T00:24:08","slug":"revisiones-bibliograficas","status":"publish","type":"page","link":"https:\/\/promociondeeventos.sld.cu\/jcemedicalix2025\/normas-de-presentacion-de-trabajo\/revisiones-bibliograficas\/","title":{"rendered":"Revisiones bibliogr\u00e1ficas"},"content":{"rendered":"<p>Presentaci\u00f3n:<\/p>\n<p>Portada:<br \/>\n1. CES Rector (Nombre y logotipo ic\u00f3nico)<br \/>\n2. Evento o espacio de presentaci\u00f3n<br \/>\n3. T\u00edtulo de la investigaci\u00f3n.<br \/>\nExpresa de forma espec\u00edfica el tema de la investigaci\u00f3n. No tiene m\u00e1s de 15 palabras. No contiene abreviaturas ni siglas.<br \/>\nSe evita el uso innecesario de: nombres de pa\u00edses, ciudades o instituciones; en caso de estar presentes, estos son los oficiales y actualizados.<br \/>\nSe evita el uso innecesario de signos de puntuaci\u00f3n. No contiene sobre explicaciones.<br \/>\nEs sint\u00e1cticamente correcto.<br \/>\nContiene al menos una de las palabras frases\/clave listadas<br \/>\n4. Nombre completo, carrera y a\u00f1o que cursa, y ayudant\u00eda (si ejerce especificar asignatura o especialidad) del (los) autor(es) y\/o coautor(es). No m\u00e1s de 3 autores. Se ordenar\u00e1n seg\u00fan el grado de participaci\u00f3n.<br \/>\n5. Nombre completo, especialidad y grado docente y cient\u00edfico del (los) tutor(es), cotutor(es), asesores(s), etc. No m\u00e1s de 3 entre asesores y tutores.<br \/>\n6. Provincia de origen<br \/>\n7. A\u00f1o presente y nombre del a\u00f1o<br \/>\nResumen (informativo, hasta 250 palabras) y palabras clave (hasta 3-6)<br \/>\n\u00cdndice de contenidos (opcional)<\/p>\n<p><strong>Cuerpo<\/strong><br \/>\n<strong>Introducci\u00f3n :<\/strong>(no debe exceder las cuatro cuartillas de extensi\u00f3n)<br \/>\n<strong>Brinda:<\/strong> fundamento racional de la investigaci\u00f3n, su ministro de suficientes antecedentes, y pertinencia del objeto de la investigaci\u00f3n o problema cient\u00edfico y su justificaci\u00f3n. Establece el marco te\u00f3rico (conceptos y teor\u00edas sobre el tema, situaci\u00f3n actual y antecedentes del problema).<br \/>\n<strong>Planteamiento de hip\u00f3tesis (opcional y si lo requiere)<\/strong><br \/>\n<strong>Declaraci\u00f3n de objetivos:<\/strong> de manera clara y precisa con verbos en infinitivo.<br \/>\nSe dividen en Objetivo General y Objetivo(s) Espec\u00edfico(s) (los Objetivo(s)<br \/>\nEspec\u00edfico(s) ser\u00e1n expuestos si lo requiere la investigaci\u00f3n)<br \/>\n<strong>Control sem\u00e1ntico (Opcional. No excede dos cuartillas)<\/strong><br \/>\nSe conceptualizan los t\u00e9rminos que son de dif\u00edcil comprensi\u00f3n no comprendidos en la introducci\u00f3n.<br \/>\n<strong>Dise\u00f1o metodol\u00f3gico<\/strong><br \/>\nM\u00e9todo de recolecci\u00f3n de la informaci\u00f3n.<br \/>\nCriterios de selecci\u00f3n de bibliograf\u00edas.<br \/>\nRecuperaci\u00f3n de la informaci\u00f3n. Fuentes.<br \/>\n<strong>Desarrollo (No debe exceder las 15 cuartillas)<\/strong><br \/>\nDebe ir encaminado a dar soluci\u00f3n a los objetivos planteados, mediante la comparaci\u00f3n y discusi\u00f3n de diversas fuentes, haciendo \u00e9nfasis en los criterios personales del autor; todo esto usando un lenguaje claro y sencillo, sin perder de vista el contexto cient\u00edfico para arribar a conclusiones parciales.<br \/>\nSe podr\u00e1 dividir en ep\u00edgrafes enumerados orientados seg\u00fan los objetivos planteados a criterios del autor.<br \/>\n<strong>Conclusiones (No excede una cuartilla)<\/strong><br \/>\nLas conclusiones tienen que dar respuesta a los objetivos trazados, estar fundamentadas en el desarrollo del trabajo sin repetir textualmente citas o criterios ajenos, siendo lo m\u00e1s integradoras posible. Se recomienda<br \/>\nenumerar las conclusiones y redactarlas en enunciados claros, breves y precisos.<br \/>\n<strong>Recomendaciones (Opcionales. No excede una cuartilla)<\/strong><br \/>\nDeber\u00e1n estar enumeradas, ser breves precisas.<br \/>\n<strong>Finales<\/strong><br \/>\n<strong>Referencias bibliogr\u00e1ficas o Bibliograf\u00eda<\/strong><br \/>\nSe emplear\u00e1n las normas de Vancouver, \u00fanicamente. Todas las referencias anotadas deber\u00e1n aparecer recogidas en el cuerpo del trabajo.<br \/>\n<strong>Anexos<\/strong><br \/>\nSe incluir\u00e1n aquellas tablas, im\u00e1genes, esquemas, y otros, debidamente identificados y con su referencia en el cuerpo del trabajo. Se catalogar\u00e1 por el orden de aparici\u00f3n en el cuerpo de la investigaci\u00f3n.<\/p>\n","protected":false},"excerpt":{"rendered":"<p>Presentaci\u00f3n: Portada: 1. CES Rector (Nombre y logotipo ic\u00f3nico) 2. Evento o espacio de presentaci\u00f3n 3. T\u00edtulo de la investigaci\u00f3n. Expresa de forma espec\u00edfica el tema de la investigaci\u00f3n. No tiene m\u00e1s de 15 palabras. No contiene abreviaturas ni siglas. Se evita el uso innecesario de: nombres de pa\u00edses, ciudades o instituciones; en caso de [&hellip;]<\/p>\n","protected":false},"author":4,"featured_media":0,"parent":37,"menu_order":0,"comment_status":"closed","ping_status":"closed","template":"","meta":[],"_links":{"self":[{"href":"https:\/\/promociondeeventos.sld.cu\/jcemedicalix2025\/wp-json\/wp\/v2\/pages\/39"}],"collection":[{"href":"https:\/\/promociondeeventos.sld.cu\/jcemedicalix2025\/wp-json\/wp\/v2\/pages"}],"about":[{"href":"https:\/\/promociondeeventos.sld.cu\/jcemedicalix2025\/wp-json\/wp\/v2\/types\/page"}],"author":[{"embeddable":true,"href":"https:\/\/promociondeeventos.sld.cu\/jcemedicalix2025\/wp-json\/wp\/v2\/users\/4"}],"replies":[{"embeddable":true,"href":"https:\/\/promociondeeventos.sld.cu\/jcemedicalix2025\/wp-json\/wp\/v2\/comments?post=39"}],"version-history":[{"count":3,"href":"https:\/\/promociondeeventos.sld.cu\/jcemedicalix2025\/wp-json\/wp\/v2\/pages\/39\/revisions"}],"predecessor-version":[{"id":42,"href":"https:\/\/promociondeeventos.sld.cu\/jcemedicalix2025\/wp-json\/wp\/v2\/pages\/39\/revisions\/42"}],"up":[{"embeddable":true,"href":"https:\/\/promociondeeventos.sld.cu\/jcemedicalix2025\/wp-json\/wp\/v2\/pages\/37"}],"wp:attachment":[{"href":"https:\/\/promociondeeventos.sld.cu\/jcemedicalix2025\/wp-json\/wp\/v2\/media?parent=39"}],"curies":[{"name":"wp","href":"https:\/\/api.w.org\/{rel}","templated":true}]}}