{"id":9,"date":"2024-05-15T20:57:02","date_gmt":"2024-05-15T20:57:02","guid":{"rendered":"https:\/\/promociondeeventos.sld.cu\/jc-nermassaabotinmemoriam2024\/?page_id=9"},"modified":"2024-05-16T21:39:19","modified_gmt":"2024-05-16T21:39:19","slug":"doctora_norma_eneida_rios_massabot_1930-2018","status":"publish","type":"page","link":"https:\/\/promociondeeventos.sld.cu\/jc-nermassaabotinmemoriam2024\/doctora_norma_eneida_rios_massabot_1930-2018\/","title":{"rendered":"Dr.C. Norma Eneida R\u00edos Massabot"},"content":{"rendered":"<p><img decoding=\"async\" loading=\"lazy\" class=\"size-full wp-image-8 alignleft\" src=\"http:\/\/promociondeeventos.sld.cu\/jc-nermassaabotinmemoriam2024\/files\/2024\/05\/DOCTORA-NORMA-ENEIDA-RIOS-MASSABOT-1930-2018.png\" alt=\"DOCTORA_NORMA_ENEIDA_RIOS_MASSABOT_\" width=\"205\" height=\"225\" \/><\/p>\n<div class=\"pdf-viewer-page\">\n<div id=\"pf1\" class=\"pf w0 h0\" data-page-no=\"1\">\n<div class=\"pc pc1 w0 h0\">\n<div class=\"c x0 y1 w2 h2\">\n<div style=\"text-align: justify\"><strong>Norma Eneida R\u00edos Massabot<\/strong> naci\u00f3 el 23 de julio de 1930 en Santiago de Cuba, ciudad donde realiz\u00f3 sus estudios primarios y secundarios. Comenz\u00f3 sus estudios universitarios en la Universidad de Oriente en 1949, obteniendo el t\u00edtulo de Licenciada en Pedagog\u00eda en 1953.<\/div>\n<div><\/div>\n<div class=\"t m0 x1 h3 y8 ff1 fs0 fc0 sc0 ls0 ws0\" style=\"text-align: justify\">Su educaci\u00f3n de posgrado se centr\u00f3 en los temas relacionados con el estudio de las Estad\u00edsticas de Salud, los Registros M\u00e9dicos, la Demograf\u00eda y la Planificaci\u00f3n y<\/div>\n<div class=\"t m0 x1 h3 ya ff1 fs0 fc0 sc0 ls0 ws0\" style=\"text-align: justify\">Administraci\u00f3n de Salud.<\/div>\n<div><\/div>\n<div class=\"t m0 x1 h3 yb ff1 fs0 fc0 sc0 ls0 ws0\" style=\"text-align: justify\">Su actividad laboral como estad\u00edstica comenz\u00f3 en 1960 en su provincia natal donde alcanz\u00f3 la condici\u00f3n de Jefe del Departamento de Estad\u00edstica de la Direcci\u00f3n\u00a0Provincial Oriente Sur, que abarcaba en aquel entonces los territorios de las Regiones Manzanillo, Bayamo, Santiago de Cuba y Guant\u00e1namo. En 1964 ingres\u00f3 en el\u00a0entonces Departamento Nacional de Estad\u00edsticas del Ministerio de Salud P\u00fablica ocupando diferentes responsabilidades.<\/div>\n<div><\/div>\n<div class=\"t m0 x1 h3 y11 ff1 fs0 fc0 sc0 ls0 ws0\" style=\"text-align: justify\">La doctora Norma Eneida R\u00edos Massabot, a partir de 1966 trabajo muy estrechamente con el doctor Francisco Rojas Ochoa (1930-2022) cuando este ocup\u00f3 en ese a\u00f1o la direcci\u00f3n del Departamento Nacional de Estad\u00edsticas del Ministerio de Salud P\u00fablica (MINSAP). Junto al Profesor Rojas Ochoa, con empe\u00f1o, seriedad y profesionalidad, lograron convertir el departamento en una Direcci\u00f3n Nacional adscripta directamente al MINSAP. En 1976, la doctora Eneida de los R\u00edos, ocup\u00f3 la jefatura de la Direcci\u00f3n Nacional de Estad\u00edsticas del MINSAP al partir el profesor Rojas Ochoa a ocupar la Direcci\u00f3n del flamante Instituto de Desarrollo de la Salud, creado en ese propio a\u00f1o.<\/div>\n<div><\/div>\n<div class=\"t m0 x1 h3 y19 ff1 fs0 fc0 sc0 ls0 ws0\" style=\"text-align: justify\">En esos 10 a\u00f1os de duro bregar se desarroll\u00f3 el Sistema de Informaci\u00f3n Estad\u00edstico del Ministerio, la especialidad de Bioestad\u00edsticas mediante el sistema de residencia, la asignatura en el pregrado, el personal t\u00e9cnico en estad\u00edsticas de nivel medio y se perfeccionaron las investigaciones en Salud P\u00fablica. Sin lugar a dudas, que la fidelidad, \u00e9tica, completamiento y confiabilidad de las estad\u00edsticas sanitarias cubanas tienen la impronta de los profesores Francisco Rojas Ochoa y Norma Eneida de los R\u00edos Massabot. En esa alta responsabilidad estuvo la doctora Eneida R\u00edos hasta 1992.<\/div>\n<div><\/div>\n<\/div>\n<\/div>\n<\/div>\n<\/div>\n<section id=\"read\" class=\"js-target-read publication-fulltext-section--redesign publication-fulltext-section--preview\">\n<div class=\"nova-legacy-c-card nova-legacy-c-card--spacing-xl nova-legacy-c-card--elevation-1-above js-target-inlineDownloadablePublications lite-tabs\">\n<div class=\"nova-legacy-c-card__body nova-legacy-c-card__body--spacing-none\">\n<div class=\"lite-tabs__tab js-target-nonPublisher lite-page-visible\">\n<div class=\"publication-pdf-areapublication-pdf-area--redesign\">\n<div id=\"pdf-to-html-container\">\n<div id=\"publication-fulltext\" class=\"publication-details publication-details--fulltext-viewer js-target-publication-fulltext-650d71b461f18040c2178a31\">\n<div id=\"pdf-html-reader\" class=\"pdf-html-reader enable-lazy-loading\">\n<div class=\"pdf-viewer-page js-lazy-load-page display-page\" data-lazy-batch=\"1\">\n<div class=\"pdf-lazy-load\">\n<div id=\"pf2\" class=\"pf w0 h0\" data-page-no=\"2\">\n<div class=\"pc pc2 w0 h0\">\n<div class=\"c x0 y1 w2 h2\">\n<div class=\"t m0 x1 h3 y20 ff1 fs0 fc0 sc0 ls0 ws0\">Sus actividades docentes principales las desarroll\u00f3 como profesora de Estad\u00edsticas y Demograf\u00eda y Profesora de Codificaci\u00f3n de la Clasificaci\u00f3n Internacional de Enfermedades en residencias y cursos de pre y posgrado nacionales e internacionales. Igualmente, tuvo una activa participaci\u00f3n como tutora de trabajos de terminaci\u00f3n de residencias de especialidades vinculadas a las Ciencias de la Salud.<\/div>\n<div><\/div>\n<div class=\"t m0 x1 h3 y25 ff1 fs0 fc0 sc0 ls0 ws0\">Numerosas fueron las investigaciones y publicaciones de car\u00e1cter nacional e internacional, sobresaliendo entre otras las relaciones con la Organizaci\u00f3n Panamericana de la Salud (OPS), el Fondo de Poblaci\u00f3n de las Naciones Unidas (UNFPA) y el extinto Consejo de Ayuda Mutua Econ\u00f3mica (CAME).<\/div>\n<\/div>\n<div><\/div>\n<div class=\"c x0 y1 w2 h2\">\n<div class=\"t m0 x1 h3 y29 ff1 fs0 fc0 sc0 ls0 ws0\">Consecuente en todo momento con sus ideales desde edades tempranas y hasta el momento de su fallecimiento, la doctora Eneida R\u00edos, Miembro de Honor de las Sociedades Cubanas de Salud P\u00fablica y de Higiene y Epidemiolog\u00eda, fue tambi\u00e9n acreedoras de numerosas condecoraciones y distinciones.<\/div>\n<div><\/div>\n<div class=\"t m0 x1 h3 y2d ff1 fs0 fc0 sc0 ls0 ws0\">La Doctora en Ciencias Norma Eneida R\u00edos Massabot falleci\u00f3 el 16 de mayo de 2018 a la edad de 87 a\u00f1os, en La Habana. Ocupaba en el momento de su irreparable p\u00e9rdida la responsabilidad de asesora en Registros M\u00e9dicos y Estad\u00edsticas de Salud del Hospital Cl\u00ednico Quir\u00fargico \u201cHermanos Ameijeiras\u201d y miembro del Comit\u00e9 Acad\u00e9mico de la carrera en Tecnolog\u00eda de la Salud.<\/div>\n<div><\/div>\n<div class=\"t m0 x1 h3 y32 ff1 fs0 fc0 sc0 ls0 ws0\">La doctora R\u00edos Massabot ser\u00e1 eternamente recordada por su sencillez, afabilidad, empat\u00eda, constancia en su trabajo, solidaridad y perseverancia en el desarrollo constante de los Registros M\u00e9dicos y las Estad\u00edsticas de Salud.<\/div>\n<div><\/div>\n<div class=\"t m0 x1 h3 y35 ff1 fs0 fc0 sc0 ls0 ws0\">Luis Su\u00e1rez Rosas<\/div>\n<div class=\"t m0 x1 h3 y36 ff1 fs0 fc0 sc0 ls0 ws0\">Enero 22 de 2023<\/div>\n<div><\/div>\n<ul>\n<li class=\"t m0 x1 h3 y37 ff1 fs0 fc0 sc0 ls0 ws0\">Notas de la doctora Norma Eneida R\u00edos Massabot presentadas por el doctor Luis Su\u00e1rez Rosas a partir de la nota informativa Norma Eneida R\u00edos Massabot (1930-2018) de la autor\u00eda de la doctora Mar\u00eda Vidal Ledo disponible en <a href=\"https:\/\/www.medigraphic.com\/pdfs\/infodir\/ifd-2018\/ifd1827b.pdf\">https:\/\/www.medigraphic.com\/pdfs\/infodir\/ifd-2018\/ifd1827b.pdf<\/a><\/li>\n<li>\u201cMaestro de Maestros: modestia, humildad y grandeza\u201d de la autor\u00eda del doctor Juan Vela Vald\u00e9s disponible en\u00a0 <a href=\"https:\/\/www.scielosp.org\/article\/rcsp\/2020.v46n3\/e2628\/\">https:\/\/www.scielosp.org\/article\/rcsp\/2020.v46n3\/e2628\/<\/a><\/li>\n<\/ul>\n<\/div>\n<div class=\"d m1\"><\/div>\n<div class=\"d m1\"><\/div>\n<\/div>\n<\/div>\n<\/div>\n<\/div>\n<\/div>\n<\/div>\n<\/div>\n<\/div>\n<\/div>\n<\/div>\n<\/div>\n<\/section>\n<section class=\"publication-bottom\">\n<div class=\"publication-details__section\">\n<div class=\"nova-legacy-c-card nova-legacy-c-card--spacing-xl nova-legacy-c-card--elevation-1-above js-target-citationReferences lite-tabs\">\n<div class=\"publication-citations__menubar\">\n<nav class=\"nova-legacy-c-nav nova-legacy-c-nav--direction-horizontal nova-legacy-c-nav--theme-tabs nova-legacy-c-nav--spread-auto\">\n<div class=\"nova-legacy-c-nav__wrapper\">\n<div class=\"nova-legacy-c-nav__items\" role=\"tablist\"><\/div>\n<\/div>\n<\/nav>\n<\/div>\n<\/div>\n<\/div>\n<\/section>\n<p style=\"text-align: justify\">Fuente: <a href=\"https:\/\/www.researchgate.net\/publication\/374088754_DOCTORA_NORMA_ENEIDA_RIOS_MASSABOT_1930-2018\">https:\/\/www.researchgate.net\/publication\/374088754_DOCTORA_NORMA_ENEIDA_RIOS_MASSABOT_1930-2018<\/a><\/p>\n","protected":false},"excerpt":{"rendered":"<p>Norma Eneida R\u00edos Massabot naci\u00f3 el 23 de julio de 1930 en Santiago de Cuba, ciudad donde realiz\u00f3 sus estudios primarios y secundarios. Comenz\u00f3 sus estudios universitarios en la Universidad de Oriente en 1949, obteniendo el t\u00edtulo de Licenciada en Pedagog\u00eda en 1953. Su educaci\u00f3n de posgrado se centr\u00f3 en los temas relacionados con el [&hellip;]<\/p>\n","protected":false},"author":4,"featured_media":0,"parent":0,"menu_order":0,"comment_status":"closed","ping_status":"closed","template":"","meta":[],"_links":{"self":[{"href":"https:\/\/promociondeeventos.sld.cu\/jc-nermassaabotinmemoriam2024\/wp-json\/wp\/v2\/pages\/9"}],"collection":[{"href":"https:\/\/promociondeeventos.sld.cu\/jc-nermassaabotinmemoriam2024\/wp-json\/wp\/v2\/pages"}],"about":[{"href":"https:\/\/promociondeeventos.sld.cu\/jc-nermassaabotinmemoriam2024\/wp-json\/wp\/v2\/types\/page"}],"author":[{"embeddable":true,"href":"https:\/\/promociondeeventos.sld.cu\/jc-nermassaabotinmemoriam2024\/wp-json\/wp\/v2\/users\/4"}],"replies":[{"embeddable":true,"href":"https:\/\/promociondeeventos.sld.cu\/jc-nermassaabotinmemoriam2024\/wp-json\/wp\/v2\/comments?post=9"}],"version-history":[{"count":10,"href":"https:\/\/promociondeeventos.sld.cu\/jc-nermassaabotinmemoriam2024\/wp-json\/wp\/v2\/pages\/9\/revisions"}],"predecessor-version":[{"id":119,"href":"https:\/\/promociondeeventos.sld.cu\/jc-nermassaabotinmemoriam2024\/wp-json\/wp\/v2\/pages\/9\/revisions\/119"}],"wp:attachment":[{"href":"https:\/\/promociondeeventos.sld.cu\/jc-nermassaabotinmemoriam2024\/wp-json\/wp\/v2\/media?parent=9"}],"curies":[{"name":"wp","href":"https:\/\/api.w.org\/{rel}","templated":true}]}}