{"id":33,"date":"2024-05-15T21:29:05","date_gmt":"2024-05-15T21:29:05","guid":{"rendered":"https:\/\/promociondeeventos.sld.cu\/jc-nermassaabotinmemoriam2024\/?page_id=33"},"modified":"2024-05-17T11:15:16","modified_gmt":"2024-05-17T11:15:16","slug":"programa","status":"publish","type":"page","link":"https:\/\/promociondeeventos.sld.cu\/jc-nermassaabotinmemoriam2024\/programa\/","title":{"rendered":"Programa"},"content":{"rendered":"<p><span style=\"color: #808080\"><em>(Versi\u00f3n preliminar)\u00a0<\/em><\/span><\/p>\n<p>&nbsp;<\/p>\n<p><span style=\"color: #008000\"><strong>Conferencia inaugural<\/strong><\/span><\/p>\n<p><strong>Necesidad de fortalecimiento con calidad en la red de sistemas y servicios de salud en el contexto actual<\/strong><\/p>\n<p style=\"padding-left: 40px\"><strong>\u00a0<\/strong><strong>Conferencista: <\/strong>Dr.C. Pastor Castell-Florit Serrate<\/p>\n<p style=\"padding-left: 40px\">Hora: 12:30 pm<\/p>\n<p style=\"padding-left: 40px\">Lugar: Facultad de Tecnolog\u00eda de la Salud<\/p>\n<p><strong>\u00a0<\/strong><\/p>\n<p><span style=\"color: #008000\"><strong>Trabajo por comisiones <\/strong><span style=\"color: #000000\">(<\/span><\/span>1:30 pm &#8211; 5:00 pm)<\/p>\n<p><strong>Ponencias:\u00a0<\/strong><\/p>\n<p><strong>Grafos y Phyton: integraci\u00f3n con la Matem\u00e1tica Aplicada a Sistemas de Informaci\u00f3n en Salud<\/strong><\/p>\n<p style=\"padding-left: 40px\">Alejandro Araujo Inastrilla<\/p>\n<hr \/>\n<p><strong>Incidencia de las Enfermedades de Declaraci\u00f3n Obligatoria en el Policl\u00ednico \u201cDr. Diego Tamayo Figueredo\u201d<\/strong><\/p>\n<p style=\"padding-left: 40px\">Briana Lauren Soret Espinosa, Liz Karla Romero Vald\u00e9s<\/p>\n<hr \/>\n<p><strong>Situaci\u00f3n del Sistema de Informaci\u00f3n en Salud del Hospital Cl\u00ednico Quir\u00fargico Docente \u201cDr. Salvador Allende\u201d<\/strong><\/p>\n<p style=\"padding-left: 40px\">Alejandro Rodr\u00edguez Urrutia, Saemi Ba\u00f1os Utra<\/p>\n<hr \/>\n<p><strong>Nivel de conocimientos sobre la Tuberculosis en estudiantes de Bioan\u00e1lisis Cl\u00ednico<\/strong><\/p>\n<p style=\"padding-left: 40px\">\u00a0Diana Alejandra Parra Vega, Alejandro Araujo Inastrilla<\/p>\n<hr \/>\n<p><strong>Actividades del \u00e1rea de emergencia del Hospital Cl\u00ednico Quir\u00fargico \u201cJulio Trigo L\u00f3pez\u201d<\/strong><\/p>\n<p style=\"padding-left: 40px\">Jean Marcos N\u00e1poles de la Torre<\/p>\n<hr \/>\n<p><strong>Caracterizaci\u00f3n demogr\u00e1fia del Policl\u00ednico \u201cJulio Antonio Mella\u201d de la Habana en el a\u00f1o 2023<\/strong><\/p>\n<p style=\"padding-left: 40px\">Mey Ling S\u00e1nchez Ramos, Claudia Mar\u00eda Orue Cartaya, Melissa de la Caridad Abreu Mart\u00ednez<\/p>\n","protected":false},"excerpt":{"rendered":"<p>(Versi\u00f3n preliminar)\u00a0 &nbsp; Conferencia inaugural Necesidad de fortalecimiento con calidad en la red de sistemas y servicios de salud en el contexto actual \u00a0Conferencista: Dr.C. Pastor Castell-Florit Serrate Hora: 12:30 pm Lugar: Facultad de Tecnolog\u00eda de la Salud \u00a0 Trabajo por comisiones (1:30 pm &#8211; 5:00 pm) Ponencias:\u00a0 Grafos y Phyton: integraci\u00f3n con la Matem\u00e1tica [&hellip;]<\/p>\n","protected":false},"author":4,"featured_media":0,"parent":0,"menu_order":0,"comment_status":"closed","ping_status":"closed","template":"","meta":[],"_links":{"self":[{"href":"https:\/\/promociondeeventos.sld.cu\/jc-nermassaabotinmemoriam2024\/wp-json\/wp\/v2\/pages\/33"}],"collection":[{"href":"https:\/\/promociondeeventos.sld.cu\/jc-nermassaabotinmemoriam2024\/wp-json\/wp\/v2\/pages"}],"about":[{"href":"https:\/\/promociondeeventos.sld.cu\/jc-nermassaabotinmemoriam2024\/wp-json\/wp\/v2\/types\/page"}],"author":[{"embeddable":true,"href":"https:\/\/promociondeeventos.sld.cu\/jc-nermassaabotinmemoriam2024\/wp-json\/wp\/v2\/users\/4"}],"replies":[{"embeddable":true,"href":"https:\/\/promociondeeventos.sld.cu\/jc-nermassaabotinmemoriam2024\/wp-json\/wp\/v2\/comments?post=33"}],"version-history":[{"count":5,"href":"https:\/\/promociondeeventos.sld.cu\/jc-nermassaabotinmemoriam2024\/wp-json\/wp\/v2\/pages\/33\/revisions"}],"predecessor-version":[{"id":143,"href":"https:\/\/promociondeeventos.sld.cu\/jc-nermassaabotinmemoriam2024\/wp-json\/wp\/v2\/pages\/33\/revisions\/143"}],"wp:attachment":[{"href":"https:\/\/promociondeeventos.sld.cu\/jc-nermassaabotinmemoriam2024\/wp-json\/wp\/v2\/media?parent=33"}],"curies":[{"name":"wp","href":"https:\/\/api.w.org\/{rel}","templated":true}]}}

<p><span style="color: #808080"><em>(Versión preliminar) </em></span></p>
<p>&nbsp;</p>
<p><span style="color: #008000"><strong>Conferencia inaugural</strong></span></p>
<p><strong>Necesidad de fortalecimiento con calidad en la red de sistemas y servicios de salud en el contexto actual</strong></p>
<p style="padding-left: 40px"><strong> </strong><strong>Conferencista: </strong>Dr.C. Pastor Castell-Florit Serrate</p>
<p style="padding-left: 40px">Hora: 12:30 pm</p>
<p style="padding-left: 40px">Lugar: Facultad de Tecnología de la Salud</p>
<p><strong> </strong></p>
<p><span style="color: #008000"><strong>Trabajo por comisiones </strong><span style="color: #000000">(</span></span>1:30 pm &#8211; 5:00 pm)</p>
<p><strong>Ponencias: </strong></p>
<p><strong>Grafos y Phyton: integración con la Matemática Aplicada a Sistemas de Información en Salud</strong></p>
<p style="padding-left: 40px">Alejandro Araujo Inastrilla</p>
<hr />
<p><strong>Incidencia de las Enfermedades de Declaración Obligatoria en el Policlínico “Dr. Diego Tamayo Figueredo”</strong></p>
<p style="padding-left: 40px">Briana Lauren Soret Espinosa, Liz Karla Romero Valdés</p>
<hr />
<p><strong>Situación del Sistema de Información en Salud del Hospital Clínico Quirúrgico Docente “Dr. Salvador Allende”</strong></p>
<p style="padding-left: 40px">Alejandro Rodríguez Urrutia, Saemi Baños Utra</p>
<hr />
<p><strong>Nivel de conocimientos sobre la Tuberculosis en estudiantes de Bioanálisis Clínico</strong></p>
<p style="padding-left: 40px"> Diana Alejandra Parra Vega, Alejandro Araujo Inastrilla</p>
<hr />
<p><strong>Actividades del área de emergencia del Hospital Clínico Quirúrgico “Julio Trigo López”</strong></p>
<p style="padding-left: 40px">Jean Marcos Nápoles de la Torre</p>
<hr />
<p><strong>Caracterización demográfia del Policlínico “Julio Antonio Mella” de la Habana en el año 2023</strong></p>
<p style="padding-left: 40px">Mey Ling Sánchez Ramos, Claudia María Orue Cartaya, Melissa de la Caridad Abreu Martínez</p>

<p>(Versión preliminar)  &nbsp; Conferencia inaugural Necesidad de fortalecimiento con calidad en la red de sistemas y servicios de salud en el contexto actual  Conferencista: Dr.C. Pastor Castell-Florit Serrate Hora: 12:30 pm Lugar: Facultad de Tecnología de la Salud   Trabajo por comisiones (1:30 pm &#8211; 5:00 pm) Ponencias:  Grafos y Phyton: integración con la Matemática [&hellip;]</p>
