{"id":9,"date":"2023-11-08T20:09:46","date_gmt":"2023-11-08T20:09:46","guid":{"rendered":"https:\/\/promociondeeventos.sld.cu\/jc-cenatox\/?page_id=9"},"modified":"2023-11-15T03:04:32","modified_gmt":"2023-11-15T08:04:32","slug":"comite-organizador","status":"publish","type":"page","link":"https:\/\/promociondeeventos.sld.cu\/jc-cenatox\/comite-organizador\/","title":{"rendered":"Comit\u00e9 Organizador"},"content":{"rendered":"<p><strong>Presidente:<\/strong><\/p>\n<p style=\"padding-left: 40px\">Dr. Ra\u00fal P\u00e9rez Badillo<\/p>\n<p><strong><img decoding=\"async\" loading=\"lazy\" class=\"alignright wp-image-96 size-full\" src=\"http:\/\/promociondeeventos.sld.cu\/jc-cenatox\/files\/2023\/11\/medicos-grupo-1-e1700035456594.jpg\" alt=\"\" width=\"278\" height=\"233\" srcset=\"https:\/\/promociondeeventos.sld.cu\/jc-cenatox\/files\/2023\/11\/medicos-grupo-1-e1700035456594.jpg 278w, https:\/\/promociondeeventos.sld.cu\/jc-cenatox\/files\/2023\/11\/medicos-grupo-1-e1700035456594-250x210.jpg 250w\" sizes=\"(max-width: 278px) 100vw, 278px\" \/>Miembros:<\/strong><\/p>\n<p style=\"padding-left: 40px\">Dra. MsC Dianelys D\u00edaz Rodr\u00edguez<br \/>\nIng. Amelisa P\u00e9rez Cicicili<br \/>\nLic. Belina Capote Marrero<\/p>\n","protected":false},"excerpt":{"rendered":"<p>Presidente: Dr. Ra\u00fal P\u00e9rez Badillo Miembros: Dra. MsC Dianelys D\u00edaz Rodr\u00edguez Ing. Amelisa P\u00e9rez Cicicili Lic. Belina Capote Marrero<\/p>\n","protected":false},"author":4,"featured_media":0,"parent":0,"menu_order":0,"comment_status":"closed","ping_status":"closed","template":"","meta":[],"_links":{"self":[{"href":"https:\/\/promociondeeventos.sld.cu\/jc-cenatox\/wp-json\/wp\/v2\/pages\/9"}],"collection":[{"href":"https:\/\/promociondeeventos.sld.cu\/jc-cenatox\/wp-json\/wp\/v2\/pages"}],"about":[{"href":"https:\/\/promociondeeventos.sld.cu\/jc-cenatox\/wp-json\/wp\/v2\/types\/page"}],"author":[{"embeddable":true,"href":"https:\/\/promociondeeventos.sld.cu\/jc-cenatox\/wp-json\/wp\/v2\/users\/4"}],"replies":[{"embeddable":true,"href":"https:\/\/promociondeeventos.sld.cu\/jc-cenatox\/wp-json\/wp\/v2\/comments?post=9"}],"version-history":[{"count":4,"href":"https:\/\/promociondeeventos.sld.cu\/jc-cenatox\/wp-json\/wp\/v2\/pages\/9\/revisions"}],"predecessor-version":[{"id":98,"href":"https:\/\/promociondeeventos.sld.cu\/jc-cenatox\/wp-json\/wp\/v2\/pages\/9\/revisions\/98"}],"wp:attachment":[{"href":"https:\/\/promociondeeventos.sld.cu\/jc-cenatox\/wp-json\/wp\/v2\/media?parent=9"}],"curies":[{"name":"wp","href":"https:\/\/api.w.org\/{rel}","templated":true}]}}