{"id":2,"date":"2024-06-02T18:35:02","date_gmt":"2024-06-02T18:35:02","guid":{"rendered":"https:\/\/promociondeeventos.sld.cu\/ixpremiofarmacologiaterapeutica\/?page_id=2"},"modified":"2024-06-06T16:39:55","modified_gmt":"2024-06-06T16:39:55","slug":"pagina-ejemplo","status":"publish","type":"page","link":"https:\/\/promociondeeventos.sld.cu\/ixpremiofarmacologiaterapeutica\/","title":{"rendered":"Convocatoria"},"content":{"rendered":"<p><strong>La<\/strong><img decoding=\"async\" loading=\"lazy\" class=\"wp-image-18 size-medium alignleft\" src=\"http:\/\/promociondeeventos.sld.cu\/ixpremiofarmacologiaterapeutica\/files\/2024\/06\/jose-francisco-moronjpg-300x224.jpg\" alt=\"Francisco Jos\u00e9 Mor\u00f3n Rodr\u00edguez \" width=\"300\" height=\"224\" srcset=\"https:\/\/promociondeeventos.sld.cu\/ixpremiofarmacologiaterapeutica\/files\/2024\/06\/jose-francisco-moronjpg-300x224.jpg 300w, https:\/\/promociondeeventos.sld.cu\/ixpremiofarmacologiaterapeutica\/files\/2024\/06\/jose-francisco-moronjpg-250x186.jpg 250w, https:\/\/promociondeeventos.sld.cu\/ixpremiofarmacologiaterapeutica\/files\/2024\/06\/jose-francisco-moronjpg.jpg 420w\" sizes=\"(max-width: 300px) 100vw, 300px\" \/><strong> Sociedad Cubana de Farmacolog\u00eda convoca<\/strong> a la Edici\u00f3n 9<sup>na<\/sup> del Premio Nacional de Farmacolog\u00eda y Terap\u00e9utica <strong><em>\u00ab<a href=\"http:\/\/scielo.sld.cu\/scielo.php?script=sci_arttext&amp;pid=S1028-47962013000400001\">Dr. FRANCISCO J. MOR\u00d3N\u00a0 RODR\u00cdGUEZ <\/a><\/em><\/strong><strong>\u00a0<em>IN MEMORIAM\u00bb<\/em><\/strong> 2020-2023; con el objetivo de promover, reconocer y estimular los trabajos cient\u00edficos m\u00e1s relevantes realizados en el campo de la farmacolog\u00eda en Cuba, as\u00ed como las personalidades de mayor desempe\u00f1o en esta disciplina en el pa\u00eds y los profesionales que hayan desarrollado las mejores Tesis de Maestr\u00eda, Doctorado y Especialidad en Farmacolog\u00eda. Por otra parte, se otorgar\u00e1 como en a\u00f1os anteriores, el Premio Especial ~Janet Rodr\u00edguez Morales~ in Memoriam para resultados relevantes de investigaci\u00f3n farmacol\u00f3gica desarrollados por j\u00f3venes menores de 35 a\u00f1os.<\/p>\r\n<p>Se podr\u00e1 concursar con trabajos desarrollados en cualquier tem\u00e1tica vinculada a la farmacolog\u00eda experimental, la farmacolog\u00eda cl\u00ednica, la farmacoepidemiolog\u00eda, la ense\u00f1anza de la farmacolog\u00eda, la cronobiofarmacolog\u00eda, la farmacometr\u00eda y la inmunofarmacolog\u00eda; siempre y cuando los trabajos hayan sido debidamente publicados en el per\u00edodo que establece el concurso <strong><u>(2020-2023).<\/u><\/strong><\/p>\r\n<ul>\r\n<li><strong>Trabajos de Investigaci\u00f3n de perfil farmacol\u00f3gico.<\/strong><\/li>\r\n<li><strong>Art\u00edculos cient\u00edficos de impacto<\/strong><\/li>\r\n<li><strong>Tesis de Especialidad de 1er o 2do grado en farmacolog\u00eda<\/strong><\/li>\r\n<li><strong>Tesis de Maestr\u00eda con tema en el campo de la farmacolog\u00eda<\/strong><\/li>\r\n<li><strong>Tesis de Doctorado con tema en el campo de la farmacolog\u00eda<\/strong><\/li>\r\n<li><strong>Premio por la Obra de la Vida en el ejercicio de la farmacolog\u00eda<\/strong><\/li>\r\n<li><strong>Trabajos de corte pedag\u00f3gico en el campo de la ense\u00f1anza de la farmacolog\u00eda<\/strong><\/li>\r\n<\/ul>\r\n<p>Se seleccionar\u00e1 en cada tem\u00e1tica <strong>UN PREMIO <\/strong>y las <strong>Menciones <\/strong>que el jurado considere oportunas, atendiendo a la calidad cient\u00edfica, relevancia del trabajo que se presente, as\u00ed como por su impacto cient\u00edfico, social, o econ\u00f3mico.<\/p>\r\n<p>Los resultados del concurso se dar\u00e1n a conocer en acto p\u00fablico y solemne en el Aula Magna de la Universidad de La Habana, el Jueves 6 de junio de 2024 a las 2:00 pm (Entrega de los premios).<\/p>\r\n","protected":false},"excerpt":{"rendered":"<p>La Sociedad Cubana de Farmacolog\u00eda convoca a la Edici\u00f3n 9na del Premio Nacional de Farmacolog\u00eda y Terap\u00e9utica \u00abDr. FRANCISCO J. MOR\u00d3N\u00a0 RODR\u00cdGUEZ \u00a0IN MEMORIAM\u00bb 2020-2023; con el objetivo de promover, reconocer y estimular los trabajos cient\u00edficos m\u00e1s relevantes realizados en el campo de la farmacolog\u00eda en Cuba, as\u00ed como las personalidades de mayor desempe\u00f1o en [&hellip;]<\/p>\n","protected":false},"author":3293,"featured_media":0,"parent":0,"menu_order":0,"comment_status":"closed","ping_status":"open","template":"","meta":[],"_links":{"self":[{"href":"https:\/\/promociondeeventos.sld.cu\/ixpremiofarmacologiaterapeutica\/wp-json\/wp\/v2\/pages\/2"}],"collection":[{"href":"https:\/\/promociondeeventos.sld.cu\/ixpremiofarmacologiaterapeutica\/wp-json\/wp\/v2\/pages"}],"about":[{"href":"https:\/\/promociondeeventos.sld.cu\/ixpremiofarmacologiaterapeutica\/wp-json\/wp\/v2\/types\/page"}],"author":[{"embeddable":true,"href":"https:\/\/promociondeeventos.sld.cu\/ixpremiofarmacologiaterapeutica\/wp-json\/wp\/v2\/users\/3293"}],"replies":[{"embeddable":true,"href":"https:\/\/promociondeeventos.sld.cu\/ixpremiofarmacologiaterapeutica\/wp-json\/wp\/v2\/comments?post=2"}],"version-history":[{"count":6,"href":"https:\/\/promociondeeventos.sld.cu\/ixpremiofarmacologiaterapeutica\/wp-json\/wp\/v2\/pages\/2\/revisions"}],"predecessor-version":[{"id":38,"href":"https:\/\/promociondeeventos.sld.cu\/ixpremiofarmacologiaterapeutica\/wp-json\/wp\/v2\/pages\/2\/revisions\/38"}],"wp:attachment":[{"href":"https:\/\/promociondeeventos.sld.cu\/ixpremiofarmacologiaterapeutica\/wp-json\/wp\/v2\/media?parent=2"}],"curies":[{"name":"wp","href":"https:\/\/api.w.org\/{rel}","templated":true}]}}