{"id":27,"date":"2022-11-25T23:21:45","date_gmt":"2022-11-25T23:21:45","guid":{"rendered":"http:\/\/promociondeeventos.sld.cu\/infotecsa2022\/?page_id=27"},"modified":"2022-12-02T16:41:35","modified_gmt":"2022-12-02T16:41:35","slug":"bienvenidos","status":"publish","type":"page","link":"https:\/\/promociondeeventos.sld.cu\/infotecsa2022\/","title":{"rendered":"Bienvenidos"},"content":{"rendered":"<p><strong><a href=\"http:\/\/promociondeeventos.sld.cu\/infotecsa2022\/files\/2022\/11\/IMG-20221128-WA02011.jpg\"><img decoding=\"async\" loading=\"lazy\" class=\"alignright size-full wp-image-51\" src=\"http:\/\/promociondeeventos.sld.cu\/infotecsa2022\/files\/2022\/11\/IMG-20221128-WA02011.jpg\" alt=\"Facutlad de Tecnolog\u00eda de la Salud\" width=\"132\" height=\"70\" \/><\/a>Estimados colegas y estudiantes:<\/strong><\/p>\n<p>La Facultad de Tecnolog\u00eda de la Salud, adscrita a la Universidad de Ciencias M\u00e9dicas de La Habana, tiene el placer de darles la Bienvenida al III Encuentro de Inform\u00e1tica, Informaci\u00f3n e Investigaci\u00f3n Cient\u00edfica en Tecnolog\u00eda de la Salud, \u00ab<strong>INFOTECSA<\/strong>\u00a0<strong>2022&#8243;,<\/strong>\u00a0a celebrarse, de modo presencial el d\u00eda 15 de diciembre.<\/p>\n<p>La producci\u00f3n de nuevos conocimientos y la investigaci\u00f3n caracterizan a la universidad actual. La agenda 2030 en relaci\u00f3n a sus objetivos, incentiva a las instituciones al desarrollo en l\u00edneas de investigaci\u00f3n que solucionen problemas sociales, por lo que el mejoramiento de actitudes y destrezas para la investigaci\u00f3n cient\u00edfica, constituye una necesidad ineludible que contribuya a cumplir la misi\u00f3n actual de la universidad, favoreciendo el avance y bienestar de la sociedad.<\/p>\n","protected":false},"excerpt":{"rendered":"<p>Estimados colegas y estudiantes: La Facultad de Tecnolog\u00eda de la Salud, adscrita a la Universidad de Ciencias M\u00e9dicas de La Habana, tiene el placer de darles la Bienvenida al III Encuentro de Inform\u00e1tica, Informaci\u00f3n e Investigaci\u00f3n Cient\u00edfica en Tecnolog\u00eda de la Salud, \u00abINFOTECSA\u00a02022&#8243;,\u00a0a celebrarse, de modo presencial el d\u00eda 15 de diciembre. La producci\u00f3n de [&hellip;]<\/p>\n","protected":false},"author":4,"featured_media":0,"parent":0,"menu_order":0,"comment_status":"closed","ping_status":"open","template":"","meta":[],"_links":{"self":[{"href":"https:\/\/promociondeeventos.sld.cu\/infotecsa2022\/wp-json\/wp\/v2\/pages\/27"}],"collection":[{"href":"https:\/\/promociondeeventos.sld.cu\/infotecsa2022\/wp-json\/wp\/v2\/pages"}],"about":[{"href":"https:\/\/promociondeeventos.sld.cu\/infotecsa2022\/wp-json\/wp\/v2\/types\/page"}],"author":[{"embeddable":true,"href":"https:\/\/promociondeeventos.sld.cu\/infotecsa2022\/wp-json\/wp\/v2\/users\/4"}],"replies":[{"embeddable":true,"href":"https:\/\/promociondeeventos.sld.cu\/infotecsa2022\/wp-json\/wp\/v2\/comments?post=27"}],"version-history":[{"count":6,"href":"https:\/\/promociondeeventos.sld.cu\/infotecsa2022\/wp-json\/wp\/v2\/pages\/27\/revisions"}],"predecessor-version":[{"id":220,"href":"https:\/\/promociondeeventos.sld.cu\/infotecsa2022\/wp-json\/wp\/v2\/pages\/27\/revisions\/220"}],"wp:attachment":[{"href":"https:\/\/promociondeeventos.sld.cu\/infotecsa2022\/wp-json\/wp\/v2\/media?parent=27"}],"curies":[{"name":"wp","href":"https:\/\/api.w.org\/{rel}","templated":true}]}}