{"id":12,"date":"2022-11-25T23:03:13","date_gmt":"2022-11-25T23:03:13","guid":{"rendered":"http:\/\/promociondeeventos.sld.cu\/infotecsa2022\/?page_id=12"},"modified":"2022-11-29T20:16:48","modified_gmt":"2022-11-29T20:16:48","slug":"lineas-de-investigacion","status":"publish","type":"page","link":"https:\/\/promociondeeventos.sld.cu\/infotecsa2022\/lineas-de-investigacion\/","title":{"rendered":"Lineas de investigaci\u00f3n"},"content":{"rendered":"<ul>\n<li>Rol del Tutor en la actividad docente investigativa en Ciencias M\u00e9dicas<\/li>\n<li>Covid 19. Experiencias en el proceso formativo de la Educaci\u00f3n M\u00e9dica<\/li>\n<li>Tendencias actuales del proceso de formaci\u00f3n de habilidades investigativas en pregrado<\/li>\n<li>Tecnolog\u00edas de la Informaci\u00f3n y las Comunicaciones y Tecnolog\u00edas Emergentes en la educaci\u00f3n. Retos y Perspectivas<\/li>\n<li>Experiencias en el uso, preparaci\u00f3n y dise\u00f1o de cursos virtuales<\/li>\n<li>Las Tecnolog\u00edas de la Salud en la resoluci\u00f3n de problemas para el desempe\u00f1o profesional y la formaci\u00f3n en pre y posgrado. Interdisciplinariedad<\/li>\n<li>Formaci\u00f3n posgraduada en Tecnolog\u00eda de la Salud. Desaf\u00edos y Expectativas<\/li>\n<li>Situaci\u00f3n Epidemiol\u00f3gica actual. Retos para la Salud P\u00fablica cubana<\/li>\n<\/ul>\n","protected":false},"excerpt":{"rendered":"<p>Rol del Tutor en la actividad docente investigativa en Ciencias M\u00e9dicas Covid 19. Experiencias en el proceso formativo de la Educaci\u00f3n M\u00e9dica Tendencias actuales del proceso de formaci\u00f3n de habilidades investigativas en pregrado Tecnolog\u00edas de la Informaci\u00f3n y las Comunicaciones y Tecnolog\u00edas Emergentes en la educaci\u00f3n. Retos y Perspectivas Experiencias en el uso, preparaci\u00f3n y [&hellip;]<\/p>\n","protected":false},"author":4,"featured_media":0,"parent":0,"menu_order":0,"comment_status":"closed","ping_status":"open","template":"","meta":[],"_links":{"self":[{"href":"https:\/\/promociondeeventos.sld.cu\/infotecsa2022\/wp-json\/wp\/v2\/pages\/12"}],"collection":[{"href":"https:\/\/promociondeeventos.sld.cu\/infotecsa2022\/wp-json\/wp\/v2\/pages"}],"about":[{"href":"https:\/\/promociondeeventos.sld.cu\/infotecsa2022\/wp-json\/wp\/v2\/types\/page"}],"author":[{"embeddable":true,"href":"https:\/\/promociondeeventos.sld.cu\/infotecsa2022\/wp-json\/wp\/v2\/users\/4"}],"replies":[{"embeddable":true,"href":"https:\/\/promociondeeventos.sld.cu\/infotecsa2022\/wp-json\/wp\/v2\/comments?post=12"}],"version-history":[{"count":2,"href":"https:\/\/promociondeeventos.sld.cu\/infotecsa2022\/wp-json\/wp\/v2\/pages\/12\/revisions"}],"predecessor-version":[{"id":39,"href":"https:\/\/promociondeeventos.sld.cu\/infotecsa2022\/wp-json\/wp\/v2\/pages\/12\/revisions\/39"}],"wp:attachment":[{"href":"https:\/\/promociondeeventos.sld.cu\/infotecsa2022\/wp-json\/wp\/v2\/media?parent=12"}],"curies":[{"name":"wp","href":"https:\/\/api.w.org\/{rel}","templated":true}]}}