{"id":67,"date":"2024-11-29T02:12:59","date_gmt":"2024-11-29T02:12:59","guid":{"rendered":"https:\/\/promociondeeventos.sld.cu\/histomay2024\/?page_id=67"},"modified":"2024-11-29T02:12:59","modified_gmt":"2024-11-29T02:12:59","slug":"comite-cientifico","status":"publish","type":"page","link":"https:\/\/promociondeeventos.sld.cu\/histomay2024\/comite-cientifico\/","title":{"rendered":"Comit\u00e9 Cient\u00edfico"},"content":{"rendered":"<p>DrC.Idalberto Aguilar Hern\u00e1ndez.Decano de la Facultad de Ciencias M\u00e9dicas Mayabeque<\/p>\n<p>Drc Ra\u00fal Hern\u00e1ndez P\u00e9rez<\/p>\n<p>MsC. Elibet Concepci\u00f3n P\u00e9rez<\/p>\n<p>MsC.Juan Edilio Holanda Meri\u00f1o. Jefe de la c\u00e1tedra para el estudio de la obra y pensamiento de Fidel Castro Ruz<\/p>\n<p>Lic. Ana Mar\u00eda M\u00e9ndez Ramos. Jefa del Departamento Marxismo-Hist\u00f3ria<\/p>\n<p>Lic. Felix L. Marrero Ruvero. Profesor principal del Marxismo<\/p>\n<p>MsC. Dra. Maricela Iglesia Camejo<\/p>\n<p>Lic. Belkis Guerra Rojas. Jefa del departamento de Extensi\u00f3n Universitaria<\/p>\n<p>Lic. Caridad Damisel Gonz\u00e1lez Abreu<\/p>\n<p>Lic. Jose B. Sulet Aguiar<\/p>\n","protected":false},"excerpt":{"rendered":"<p>DrC.Idalberto Aguilar Hern\u00e1ndez.Decano de la Facultad de Ciencias M\u00e9dicas Mayabeque Drc Ra\u00fal Hern\u00e1ndez P\u00e9rez MsC. Elibet Concepci\u00f3n P\u00e9rez MsC.Juan Edilio Holanda Meri\u00f1o. Jefe de la c\u00e1tedra para el estudio de la obra y pensamiento de Fidel Castro Ruz Lic. Ana Mar\u00eda M\u00e9ndez Ramos. Jefa del Departamento Marxismo-Hist\u00f3ria Lic. Felix L. Marrero Ruvero. Profesor principal del [&hellip;]<\/p>\n","protected":false},"author":3303,"featured_media":0,"parent":0,"menu_order":0,"comment_status":"closed","ping_status":"closed","template":"","meta":[],"_links":{"self":[{"href":"https:\/\/promociondeeventos.sld.cu\/histomay2024\/wp-json\/wp\/v2\/pages\/67"}],"collection":[{"href":"https:\/\/promociondeeventos.sld.cu\/histomay2024\/wp-json\/wp\/v2\/pages"}],"about":[{"href":"https:\/\/promociondeeventos.sld.cu\/histomay2024\/wp-json\/wp\/v2\/types\/page"}],"author":[{"embeddable":true,"href":"https:\/\/promociondeeventos.sld.cu\/histomay2024\/wp-json\/wp\/v2\/users\/3303"}],"replies":[{"embeddable":true,"href":"https:\/\/promociondeeventos.sld.cu\/histomay2024\/wp-json\/wp\/v2\/comments?post=67"}],"version-history":[{"count":1,"href":"https:\/\/promociondeeventos.sld.cu\/histomay2024\/wp-json\/wp\/v2\/pages\/67\/revisions"}],"predecessor-version":[{"id":68,"href":"https:\/\/promociondeeventos.sld.cu\/histomay2024\/wp-json\/wp\/v2\/pages\/67\/revisions\/68"}],"wp:attachment":[{"href":"https:\/\/promociondeeventos.sld.cu\/histomay2024\/wp-json\/wp\/v2\/media?parent=67"}],"curies":[{"name":"wp","href":"https:\/\/api.w.org\/{rel}","templated":true}]}}

Comité Científico

<p>DrC.Idalberto Aguilar Hernández.Decano de la Facultad de Ciencias Médicas Mayabeque</p>
<p>Drc Raúl Hernández Pérez</p>
<p>MsC. Elibet Concepción Pérez</p>
<p>MsC.Juan Edilio Holanda Meriño. Jefe de la cátedra para el estudio de la obra y pensamiento de Fidel Castro Ruz</p>
<p>Lic. Ana María Méndez Ramos. Jefa del Departamento Marxismo-História</p>
<p>Lic. Felix L. Marrero Ruvero. Profesor principal del Marxismo</p>
<p>MsC. Dra. Maricela Iglesia Camejo</p>
<p>Lic. Belkis Guerra Rojas. Jefa del departamento de Extensión Universitaria</p>
<p>Lic. Caridad Damisel González Abreu</p>
<p>Lic. Jose B. Sulet Aguiar</p>

<p>DrC.Idalberto Aguilar Hernández.Decano de la Facultad de Ciencias Médicas Mayabeque Drc Raúl Hernández Pérez MsC. Elibet Concepción Pérez MsC.Juan Edilio Holanda Meriño. Jefe de la cátedra para el estudio de la obra y pensamiento de Fidel Castro Ruz Lic. Ana María Méndez Ramos. Jefa del Departamento Marxismo-História Lic. Felix L. Marrero Ruvero. Profesor principal del [&hellip;]</p>
