{"id":4,"date":"2024-11-27T17:54:36","date_gmt":"2024-11-27T17:54:36","guid":{"rendered":"https:\/\/promociondeeventos.sld.cu\/histomay2024\/?page_id=4"},"modified":"2024-11-29T02:41:54","modified_gmt":"2024-11-29T02:41:54","slug":"convocatoria","status":"publish","type":"page","link":"https:\/\/promociondeeventos.sld.cu\/histomay2024\/","title":{"rendered":"Convocatoria"},"content":{"rendered":"<p>La Facultad de Ciencias M\u00e9dicas Mayabeque y el Departamento de Historia y Filosof\u00eda convocan a la participaci\u00f3n en el evento Histomay2024, el que se desarrollara de forma virtual para todos estudiantes y profesionales de Ciencias m\u00e9dicas de todo el pa\u00eds.<\/p>\n<p>El Evento esta dedicado al Octavo Aniversario de la desaparici\u00f3n f\u00edsica del Comandante\u00a0 en Jefe Fidel Castro Ruz L\u00edder Hist\u00f3rico de la Revoluci\u00f3n Cubana, propulsor de la Ciencia y la Biotecnolog\u00eda en Cuba y al 68 Aniversario del Desembarco del Granma.<\/p>\n<p>El link del evento se visualizar\u00e1 por aqui el 4 de Diciembre del 2024<\/p>\n<p>Los trabajos seran enviados a la\u00a0 siguiente direcci\u00f3n eletr\u00f3nica (lianaac@infomed.sld.cu )<\/p>\n<p><img decoding=\"async\" loading=\"lazy\" class=\"size-medium wp-image-53 aligncenter\" src=\"http:\/\/promociondeeventos.sld.cu\/histomay2024\/files\/2024\/11\/Facultad-de-Ciencias-Medicas-Mayabeque.jpg\" alt=\"\" width=\"300\" height=\"168\" srcset=\"https:\/\/promociondeeventos.sld.cu\/histomay2024\/files\/2024\/11\/Facultad-de-Ciencias-Medicas-Mayabeque.jpg 300w, https:\/\/promociondeeventos.sld.cu\/histomay2024\/files\/2024\/11\/Facultad-de-Ciencias-Medicas-Mayabeque-250x140.jpg 250w\" sizes=\"(max-width: 300px) 100vw, 300px\" \/><\/p>\n","protected":false},"excerpt":{"rendered":"<p>La Facultad de Ciencias M\u00e9dicas Mayabeque y el Departamento de Historia y Filosof\u00eda convocan a la participaci\u00f3n en el evento Histomay2024, el que se desarrollara de forma virtual para todos estudiantes y profesionales de Ciencias m\u00e9dicas de todo el pa\u00eds. El Evento esta dedicado al Octavo Aniversario de la desaparici\u00f3n f\u00edsica del Comandante\u00a0 en Jefe [&hellip;]<\/p>\n","protected":false},"author":3262,"featured_media":0,"parent":0,"menu_order":0,"comment_status":"closed","ping_status":"closed","template":"","meta":[],"_links":{"self":[{"href":"https:\/\/promociondeeventos.sld.cu\/histomay2024\/wp-json\/wp\/v2\/pages\/4"}],"collection":[{"href":"https:\/\/promociondeeventos.sld.cu\/histomay2024\/wp-json\/wp\/v2\/pages"}],"about":[{"href":"https:\/\/promociondeeventos.sld.cu\/histomay2024\/wp-json\/wp\/v2\/types\/page"}],"author":[{"embeddable":true,"href":"https:\/\/promociondeeventos.sld.cu\/histomay2024\/wp-json\/wp\/v2\/users\/3262"}],"replies":[{"embeddable":true,"href":"https:\/\/promociondeeventos.sld.cu\/histomay2024\/wp-json\/wp\/v2\/comments?post=4"}],"version-history":[{"count":14,"href":"https:\/\/promociondeeventos.sld.cu\/histomay2024\/wp-json\/wp\/v2\/pages\/4\/revisions"}],"predecessor-version":[{"id":75,"href":"https:\/\/promociondeeventos.sld.cu\/histomay2024\/wp-json\/wp\/v2\/pages\/4\/revisions\/75"}],"wp:attachment":[{"href":"https:\/\/promociondeeventos.sld.cu\/histomay2024\/wp-json\/wp\/v2\/media?parent=4"}],"curies":[{"name":"wp","href":"https:\/\/api.w.org\/{rel}","templated":true}]}}

<p>La Facultad de Ciencias Médicas Mayabeque y el Departamento de Historia y Filosofía convocan a la participación en el evento Histomay2024, el que se desarrollara de forma virtual para todos estudiantes y profesionales de Ciencias médicas de todo el país.</p>
<p>El Evento esta dedicado al Octavo Aniversario de la desaparición física del Comandante  en Jefe Fidel Castro Ruz Líder Histórico de la Revolución Cubana, propulsor de la Ciencia y la Biotecnología en Cuba y al 68 Aniversario del Desembarco del Granma.</p>
<p>El link del evento se visualizará por aqui el 4 de Diciembre del 2024</p>
<p>Los trabajos seran enviados a la  siguiente dirección eletrónica (lianaac@infomed.sld.cu )</p>
<p><img decoding="async" loading="lazy" class="size-medium wp-image-53 aligncenter" src="http://promociondeeventos.sld.cu/histomay2024/files/2024/11/Facultad-de-Ciencias-Medicas-Mayabeque.jpg" alt="" width="300" height="168" srcset="https://promociondeeventos.sld.cu/histomay2024/files/2024/11/Facultad-de-Ciencias-Medicas-Mayabeque.jpg 300w, https://promociondeeventos.sld.cu/histomay2024/files/2024/11/Facultad-de-Ciencias-Medicas-Mayabeque-250x140.jpg 250w" sizes="(max-width: 300px) 100vw, 300px" /></p>

<p>La Facultad de Ciencias Médicas Mayabeque y el Departamento de Historia y Filosofía convocan a la participación en el evento Histomay2024, el que se desarrollara de forma virtual para todos estudiantes y profesionales de Ciencias médicas de todo el país. El Evento esta dedicado al Octavo Aniversario de la desaparición física del Comandante  en Jefe [&hellip;]</p>
