{"id":144,"date":"2022-10-27T14:33:33","date_gmt":"2022-10-27T14:33:33","guid":{"rendered":"http:\/\/promociondeeventos.sld.cu\/ginecobs2023\/?page_id=144"},"modified":"2022-12-06T23:38:20","modified_gmt":"2022-12-06T23:38:20","slug":"palacio-de-las-convenciones","status":"publish","type":"page","link":"https:\/\/promociondeeventos.sld.cu\/ginecobs2023\/palacio-de-las-convenciones\/","title":{"rendered":"Palacio de las Convenciones"},"content":{"rendered":"<p style=\"text-align: justify\">El Palacio de Convenciones de La Habana, inaugurado en 1979, es la m\u00e1s importante instituci\u00f3n en Cuba especializada en eventos y congresos. Sus instalaciones se ubican a 20 minutos del centro de la capital, en uno de los barrios residenciales del oeste de la ciudad, donde ocupa 60 000 metros cuadrados, en medio de un acogedor entorno natural que armoniza con la vegetaci\u00f3n tropical de sus jardines interiores.<\/p>\n<p>Su objetivo principal es organizar, promover y realizar congresos, convenciones, simposios, conferencias, reuniones nacionales e internacionales, ferias y exposiciones. Para ello cuenta con una amplia red de agencias oficiales en Am\u00e9rica Latina, Am\u00e9rica del Norte y Europa la cual, de com\u00fan acuerdo con asociaciones o empresas interesadas en estos servicios, promociona y comercializa el plan previsto para cada uno de los eventos y ferias internacionales que se programen en sus recintos.<br \/>\nLa seriedad y profesionalidad de sus trabajadores lo han convertido en el l\u00edder de la industria congresional y expositiva en Cuba.<\/p>\n<p>Ofrece:<\/p>\n<ul>\n<li>Salas y oficinas<\/li>\n<li>Servicios<\/li>\n<li>Restaurantes<\/li>\n<\/ul>\n","protected":false},"excerpt":{"rendered":"<p>El Palacio de Convenciones de La Habana, inaugurado en 1979, es la m\u00e1s importante instituci\u00f3n en Cuba especializada en eventos y congresos. Sus instalaciones se ubican a 20 minutos del centro de la capital, en uno de los barrios residenciales del oeste de la ciudad, donde ocupa 60 000 metros cuadrados, en medio de un [&hellip;]<\/p>\n","protected":false},"author":3262,"featured_media":0,"parent":0,"menu_order":0,"comment_status":"closed","ping_status":"open","template":"","meta":[],"_links":{"self":[{"href":"https:\/\/promociondeeventos.sld.cu\/ginecobs2023\/wp-json\/wp\/v2\/pages\/144"}],"collection":[{"href":"https:\/\/promociondeeventos.sld.cu\/ginecobs2023\/wp-json\/wp\/v2\/pages"}],"about":[{"href":"https:\/\/promociondeeventos.sld.cu\/ginecobs2023\/wp-json\/wp\/v2\/types\/page"}],"author":[{"embeddable":true,"href":"https:\/\/promociondeeventos.sld.cu\/ginecobs2023\/wp-json\/wp\/v2\/users\/3262"}],"replies":[{"embeddable":true,"href":"https:\/\/promociondeeventos.sld.cu\/ginecobs2023\/wp-json\/wp\/v2\/comments?post=144"}],"version-history":[{"count":6,"href":"https:\/\/promociondeeventos.sld.cu\/ginecobs2023\/wp-json\/wp\/v2\/pages\/144\/revisions"}],"predecessor-version":[{"id":201,"href":"https:\/\/promociondeeventos.sld.cu\/ginecobs2023\/wp-json\/wp\/v2\/pages\/144\/revisions\/201"}],"wp:attachment":[{"href":"https:\/\/promociondeeventos.sld.cu\/ginecobs2023\/wp-json\/wp\/v2\/media?parent=144"}],"curies":[{"name":"wp","href":"https:\/\/api.w.org\/{rel}","templated":true}]}}