{"id":77,"date":"2012-09-09T16:09:42","date_gmt":"2012-09-09T21:09:42","guid":{"rendered":"http:\/\/promociondeeventos.sld.cu\/ginecobs2013\/?page_id=77"},"modified":"2015-05-07T13:15:12","modified_gmt":"2015-05-07T18:15:12","slug":"comite-de-logistica","status":"publish","type":"page","link":"https:\/\/promociondeeventos.sld.cu\/ginecobs2013\/comite-organizador\/comite-de-logistica\/","title":{"rendered":"Comit\u00e9 de log\u00edstica"},"content":{"rendered":"<ul>\n<li><strong>Presidente:<\/strong> Dr. C Miguel Sarduy N\u00e1poles\u00a0<\/li>\n<li><strong>Vicepresidente:<\/strong> Dr. Rogelio Gonz\u00e1lez S\u00e1nchez<\/li>\n<li><strong>Secretario:<\/strong>\u00a0\u00a0<\/li>\n<\/ul>\n<p><strong>Miembros:<\/strong> \u00a0<\/p>\n<ul>\n<li>Dr C Danilo N\u00e1poles M\u00e9ndez<\/li>\n<li>Dra. Mercedes Piloto Padr\u00f3n<\/li>\n<li>Dra. \u00c1gueda Santana Mart\u00ednez<\/li>\n<li>Dr. Miguel Sosa Mar\u00edn<\/li>\n<\/ul>\n","protected":false},"excerpt":{"rendered":"<p>Presidente: Dr. C Miguel Sarduy N\u00e1poles\u00a0 Vicepresidente: Dr. Rogelio Gonz\u00e1lez S\u00e1nchez Secretario:\u00a0\u00a0 Miembros: \u00a0 Dr C Danilo N\u00e1poles M\u00e9ndez Dra. Mercedes Piloto Padr\u00f3n Dra. \u00c1gueda Santana Mart\u00ednez Dr. Miguel Sosa Mar\u00edn<\/p>\n","protected":false},"author":44,"featured_media":0,"parent":44,"menu_order":0,"comment_status":"closed","ping_status":"closed","template":"","meta":[],"_links":{"self":[{"href":"https:\/\/promociondeeventos.sld.cu\/ginecobs2013\/wp-json\/wp\/v2\/pages\/77"}],"collection":[{"href":"https:\/\/promociondeeventos.sld.cu\/ginecobs2013\/wp-json\/wp\/v2\/pages"}],"about":[{"href":"https:\/\/promociondeeventos.sld.cu\/ginecobs2013\/wp-json\/wp\/v2\/types\/page"}],"author":[{"embeddable":true,"href":"https:\/\/promociondeeventos.sld.cu\/ginecobs2013\/wp-json\/wp\/v2\/users\/44"}],"replies":[{"embeddable":true,"href":"https:\/\/promociondeeventos.sld.cu\/ginecobs2013\/wp-json\/wp\/v2\/comments?post=77"}],"version-history":[{"count":11,"href":"https:\/\/promociondeeventos.sld.cu\/ginecobs2013\/wp-json\/wp\/v2\/pages\/77\/revisions"}],"predecessor-version":[{"id":311,"href":"https:\/\/promociondeeventos.sld.cu\/ginecobs2013\/wp-json\/wp\/v2\/pages\/77\/revisions\/311"}],"up":[{"embeddable":true,"href":"https:\/\/promociondeeventos.sld.cu\/ginecobs2013\/wp-json\/wp\/v2\/pages\/44"}],"wp:attachment":[{"href":"https:\/\/promociondeeventos.sld.cu\/ginecobs2013\/wp-json\/wp\/v2\/media?parent=77"}],"curies":[{"name":"wp","href":"https:\/\/api.w.org\/{rel}","templated":true}]}}