{"id":71,"date":"2012-09-09T15:57:03","date_gmt":"2012-09-09T20:57:03","guid":{"rendered":"http:\/\/promociondeeventos.sld.cu\/ginecobs2013\/?page_id=71"},"modified":"2012-09-09T15:58:51","modified_gmt":"2012-09-09T20:58:51","slug":"exposicion-cientifico-comercial","status":"publish","type":"page","link":"https:\/\/promociondeeventos.sld.cu\/ginecobs2013\/exposicion-cientifico-comercial\/","title":{"rendered":"Exposici\u00f3n cient\u00edfico comercial"},"content":{"rendered":"<p>Paralelamente al Congreso se desarrollar\u00e1 una exposici\u00f3n cient\u00edfico-comercial en la que empresas, firmas y laboratorios especializados dispondr\u00e1n de una ocasi\u00f3n excepcional para exponer equipamientos, medicamentos, materiales y literatura afines a la tem\u00e1tica del evento.<\/p>\n<p>Los interesados pueden dirigirse a:<\/p>\n<p>Ra\u00fal Gonz\u00e1lez Castro<br \/>\nOrganizador profesional de ferias y exposiciones<\/p>\n<p>Tel\u00e9fonos: (53-7) 208 7541 \/ 202 6011 al 19, extensi\u00f3n 1507<br \/>\nFax: (53-7)202-8382; Correo electr\u00f3nico: <a href=\"mailto:raulg@palco.cu\">raulg@palco.cu<\/a>; Sitio web: <a href=\"http:\/\/www.cpalco.com\">www.cpalco.com<\/a><\/p>\n","protected":false},"excerpt":{"rendered":"<p>Paralelamente al Congreso se desarrollar\u00e1 una exposici\u00f3n cient\u00edfico-comercial en la que empresas, firmas y laboratorios especializados dispondr\u00e1n de una ocasi\u00f3n excepcional para exponer equipamientos, medicamentos, materiales y literatura afines a la tem\u00e1tica del evento. Los interesados pueden dirigirse a: Ra\u00fal Gonz\u00e1lez Castro Organizador profesional de ferias y exposiciones Tel\u00e9fonos: (53-7) 208 7541 \/ 202 6011 [&hellip;]<\/p>\n","protected":false},"author":44,"featured_media":0,"parent":0,"menu_order":13,"comment_status":"closed","ping_status":"closed","template":"","meta":[],"_links":{"self":[{"href":"https:\/\/promociondeeventos.sld.cu\/ginecobs2013\/wp-json\/wp\/v2\/pages\/71"}],"collection":[{"href":"https:\/\/promociondeeventos.sld.cu\/ginecobs2013\/wp-json\/wp\/v2\/pages"}],"about":[{"href":"https:\/\/promociondeeventos.sld.cu\/ginecobs2013\/wp-json\/wp\/v2\/types\/page"}],"author":[{"embeddable":true,"href":"https:\/\/promociondeeventos.sld.cu\/ginecobs2013\/wp-json\/wp\/v2\/users\/44"}],"replies":[{"embeddable":true,"href":"https:\/\/promociondeeventos.sld.cu\/ginecobs2013\/wp-json\/wp\/v2\/comments?post=71"}],"version-history":[{"count":2,"href":"https:\/\/promociondeeventos.sld.cu\/ginecobs2013\/wp-json\/wp\/v2\/pages\/71\/revisions"}],"predecessor-version":[{"id":73,"href":"https:\/\/promociondeeventos.sld.cu\/ginecobs2013\/wp-json\/wp\/v2\/pages\/71\/revisions\/73"}],"wp:attachment":[{"href":"https:\/\/promociondeeventos.sld.cu\/ginecobs2013\/wp-json\/wp\/v2\/media?parent=71"}],"curies":[{"name":"wp","href":"https:\/\/api.w.org\/{rel}","templated":true}]}}