{"id":257,"date":"2013-04-14T22:01:15","date_gmt":"2013-04-15T03:01:15","guid":{"rendered":"http:\/\/promociondeeventos.sld.cu\/ginecobs2013\/?page_id=257"},"modified":"2013-04-14T22:01:15","modified_gmt":"2013-04-15T03:01:15","slug":"posters-aprobados","status":"publish","type":"page","link":"https:\/\/promociondeeventos.sld.cu\/ginecobs2013\/posters-aprobados\/","title":{"rendered":"Posters aprobados"},"content":{"rendered":"<p><a href=\"http:\/\/files.sld.cu\/ginecobs\/files\/2013\/04\/trabajos_aprobados_posters_digitales.pdf\">Temas obst\u00e9tricos, medicina materno fetal, morbilidad materna extremadamente grave y muerte materna<\/a><\/p>\n<p><a href=\"http:\/\/files.sld.cu\/ginecobs\/files\/2013\/04\/posters-digit-us_infert_oncologia-endoscopia-y-otros.pdf\">Ultrasonograf\u00eda, infertilidad, oncolog\u00eda, endoscopia y otros<\/a><\/p>\n<p><a href=\"http:\/\/files.sld.cu\/ginecobs\/files\/2013\/04\/posters-digit-gin_inf_juv_climat_-suelo_pelv_salud-reprod_ptgi_colposcopia_otros.pdf\">Ginecolog\u00eda de la infancia y adolescencia, climaterio y menopausia, afecciones del suelo p\u00e9lvico, salud reproductiva, tracto genital inferior y colposcopia y otros<\/a><\/p>\n","protected":false},"excerpt":{"rendered":"<p>Temas obst\u00e9tricos, medicina materno fetal, morbilidad materna extremadamente grave y muerte materna Ultrasonograf\u00eda, infertilidad, oncolog\u00eda, endoscopia y otros Ginecolog\u00eda de la infancia y adolescencia, climaterio y menopausia, afecciones del suelo p\u00e9lvico, salud reproductiva, tracto genital inferior y colposcopia y otros<\/p>\n","protected":false},"author":44,"featured_media":0,"parent":0,"menu_order":17,"comment_status":"closed","ping_status":"closed","template":"","meta":[],"_links":{"self":[{"href":"https:\/\/promociondeeventos.sld.cu\/ginecobs2013\/wp-json\/wp\/v2\/pages\/257"}],"collection":[{"href":"https:\/\/promociondeeventos.sld.cu\/ginecobs2013\/wp-json\/wp\/v2\/pages"}],"about":[{"href":"https:\/\/promociondeeventos.sld.cu\/ginecobs2013\/wp-json\/wp\/v2\/types\/page"}],"author":[{"embeddable":true,"href":"https:\/\/promociondeeventos.sld.cu\/ginecobs2013\/wp-json\/wp\/v2\/users\/44"}],"replies":[{"embeddable":true,"href":"https:\/\/promociondeeventos.sld.cu\/ginecobs2013\/wp-json\/wp\/v2\/comments?post=257"}],"version-history":[{"count":2,"href":"https:\/\/promociondeeventos.sld.cu\/ginecobs2013\/wp-json\/wp\/v2\/pages\/257\/revisions"}],"predecessor-version":[{"id":259,"href":"https:\/\/promociondeeventos.sld.cu\/ginecobs2013\/wp-json\/wp\/v2\/pages\/257\/revisions\/259"}],"wp:attachment":[{"href":"https:\/\/promociondeeventos.sld.cu\/ginecobs2013\/wp-json\/wp\/v2\/media?parent=257"}],"curies":[{"name":"wp","href":"https:\/\/api.w.org\/{rel}","templated":true}]}}