{"id":214,"date":"2013-01-24T22:35:20","date_gmt":"2013-01-25T03:35:20","guid":{"rendered":"http:\/\/promociondeeventos.sld.cu\/ginecobs2013\/?page_id=214"},"modified":"2013-04-26T09:13:55","modified_gmt":"2013-04-26T14:13:55","slug":"ginecologia-oncologica","status":"publish","type":"page","link":"https:\/\/promociondeeventos.sld.cu\/ginecobs2013\/cursos-precongreso\/ginecologia-oncologica\/","title":{"rendered":"Ginecolog\u00eda oncol\u00f3gica"},"content":{"rendered":"<p><strong><img decoding=\"async\" loading=\"lazy\" class=\"alignleft size-full wp-image-244\" style=\"margin: 5px;border-width: 0px\" src=\"http:\/\/promociondeeventos.sld.cu\/ginecobs2013\/files\/2013\/01\/displasia-severa.jpg\" alt=\"displasia severa\" width=\"112\" height=\"114\" \/>Tema central:<\/strong> Oncolog\u00eda ginecol\u00f3gica<\/p>\n<p><strong>Coordinador:<\/strong> Dr. Orlando D\u00edaz Mitjans y Dra. Daisy Hern\u00e1ndez Dur\u00e1n<\/p>\n<p><strong>Sede:<\/strong> Instituto Nacional de Oncolog\u00eda y Radiobiolog\u00eda (INOR).<\/p>\n<p><strong>Plazas:<\/strong> 60<\/p>\n<p><strong>Contenido tem\u00e1tico:<\/strong><\/p>\n<p>. C\u00e1ncer y embarazo<br \/>\n. Manejo de las masas anexiales<br \/>\n. Actualidad en la cirug\u00eda del c\u00e1ncer de ovario<br \/>\n. Novedades en la cirug\u00eda del c\u00e1ncer de vulva<br \/>\n. Cirug\u00eda laparosc\u00f3pica en el c\u00e1ncer de endometrio<br \/>\n. Anticuerpos monoclonales en la ginecolog\u00eda oncol\u00f3gica<\/p>\n<p><strong>Colectivo de profesores:<\/strong> Dr. Orlando D\u00edaz Mitjans, Dra. Daisy Hern\u00e1ndez Dur\u00e1n, Dra. Raiza Ruiz Llorente, Dra C Mayra Ramos Suzarte, Dr. Alejandro Linchenat Lambert, Dr. Juan Mario Silveira Pablos, Dr. Roberto Pablo Esper\u00f3n Noa, Dr. Omar de J. Bosque, Dr. Israel D\u00edaz Ortega y Dr. Iv\u00e1n Garc\u00eda Alonso.<\/p>\n","protected":false},"excerpt":{"rendered":"<p>Tema central: Oncolog\u00eda ginecol\u00f3gica Coordinador: Dr. Orlando D\u00edaz Mitjans y Dra. Daisy Hern\u00e1ndez Dur\u00e1n Sede: Instituto Nacional de Oncolog\u00eda y Radiobiolog\u00eda (INOR). Plazas: 60 Contenido tem\u00e1tico: . C\u00e1ncer y embarazo . Manejo de las masas anexiales . Actualidad en la cirug\u00eda del c\u00e1ncer de ovario . Novedades en la cirug\u00eda del c\u00e1ncer de vulva . [&hellip;]<\/p>\n","protected":false},"author":44,"featured_media":0,"parent":52,"menu_order":8,"comment_status":"closed","ping_status":"closed","template":"","meta":[],"_links":{"self":[{"href":"https:\/\/promociondeeventos.sld.cu\/ginecobs2013\/wp-json\/wp\/v2\/pages\/214"}],"collection":[{"href":"https:\/\/promociondeeventos.sld.cu\/ginecobs2013\/wp-json\/wp\/v2\/pages"}],"about":[{"href":"https:\/\/promociondeeventos.sld.cu\/ginecobs2013\/wp-json\/wp\/v2\/types\/page"}],"author":[{"embeddable":true,"href":"https:\/\/promociondeeventos.sld.cu\/ginecobs2013\/wp-json\/wp\/v2\/users\/44"}],"replies":[{"embeddable":true,"href":"https:\/\/promociondeeventos.sld.cu\/ginecobs2013\/wp-json\/wp\/v2\/comments?post=214"}],"version-history":[{"count":6,"href":"https:\/\/promociondeeventos.sld.cu\/ginecobs2013\/wp-json\/wp\/v2\/pages\/214\/revisions"}],"predecessor-version":[{"id":264,"href":"https:\/\/promociondeeventos.sld.cu\/ginecobs2013\/wp-json\/wp\/v2\/pages\/214\/revisions\/264"}],"up":[{"embeddable":true,"href":"https:\/\/promociondeeventos.sld.cu\/ginecobs2013\/wp-json\/wp\/v2\/pages\/52"}],"wp:attachment":[{"href":"https:\/\/promociondeeventos.sld.cu\/ginecobs2013\/wp-json\/wp\/v2\/media?parent=214"}],"curies":[{"name":"wp","href":"https:\/\/api.w.org\/{rel}","templated":true}]}}