{"id":2,"date":"2012-09-07T12:18:33","date_gmt":"2012-09-07T17:18:33","guid":{"rendered":""},"modified":"2015-06-09T10:47:47","modified_gmt":"2015-06-09T15:47:47","slug":"informacion","status":"publish","type":"page","link":"https:\/\/promociondeeventos.sld.cu\/ginecobs2013\/","title":{"rendered":"Mensaje de bienvenida"},"content":{"rendered":"<p><em>Estimados colegas:<\/em><\/p>\n<p><em>Es un honor para la Junta de Gobierno de la Sociedad Cubana de Obstetricia y Ginecolog\u00eda hacerles llegar nuestra cordial invitaci\u00f3n para que compartan con nosotros durante las sesiones cient\u00edficas de su venidero <strong>XVI Congreso Nacional. <\/strong>En esta oportunidad, el mismo\u00a0se realizar\u00e1 del <strong>4 al 7 de octubre de 2016<\/strong>, cuando esperamos reunir en La Habana a profesionales de todos los confines del pa\u00eds y otras latitudes, que tienen como com\u00fan denominador la dedicaci\u00f3n de su tiempo y esfuerzo cotidianos a promover la salud y calidad de vida de la mujer.<br \/>\nComo es tradicional en nuestros eventos, se realizar\u00e1n de forma paralela: el <strong>IX Congreso de Perinatolog\u00eda y planificaci\u00f3n familiar<\/strong>, el <strong>VICongreso de Ginecolog\u00eda infanto juvenil y salud reproductiva del adolescente<\/strong>, el <strong>VI Congreso de climaterio y menopausia<\/strong>, el <strong>VI Congreso de ultrasonograf\u00eda en Ginecolog\u00eda y Obstetricia<\/strong> y el <strong>V Congreso de patolog\u00eda del tracto genital inferior y colposcopia<\/strong>, al tiempo que tendr\u00e1nlugar diversas actividades sociales y tur\u00edsticas para el disfrute de todos los delegados.<br \/>\nEl Palacio de las Convenciones de La Habana y sus excelentes instalaciones acoger\u00e1n una vez m\u00e1s a los participantes que, convocados por la Sociedad Cubana de Obstetricia y Ginecolog\u00eda, debatir\u00e1n temas controversiales y novedosos de la especialidad.<br \/>\nSer\u00e1 un gran placer poder contar con la presencia de\u00a0ustedes durante estos intensos y prometedores d\u00edas, oportunidad\u00a0 para compartir y debatir nu<\/em><\/p>\n","protected":false},"excerpt":{"rendered":"<p>Estimados colegas: Es un honor para la Junta de Gobierno de la Sociedad Cubana de Obstetricia y Ginecolog\u00eda hacerles llegar nuestra cordial invitaci\u00f3n para que compartan con nosotros durante las sesiones cient\u00edficas de su venidero XVI Congreso Nacional. En esta oportunidad, el mismo\u00a0se realizar\u00e1 del 4 al 7 de octubre de 2016, cuando esperamos reunir [&hellip;]<\/p>\n","protected":false},"author":44,"featured_media":0,"parent":0,"menu_order":1,"comment_status":"closed","ping_status":"closed","template":"","meta":[],"_links":{"self":[{"href":"https:\/\/promociondeeventos.sld.cu\/ginecobs2013\/wp-json\/wp\/v2\/pages\/2"}],"collection":[{"href":"https:\/\/promociondeeventos.sld.cu\/ginecobs2013\/wp-json\/wp\/v2\/pages"}],"about":[{"href":"https:\/\/promociondeeventos.sld.cu\/ginecobs2013\/wp-json\/wp\/v2\/types\/page"}],"author":[{"embeddable":true,"href":"https:\/\/promociondeeventos.sld.cu\/ginecobs2013\/wp-json\/wp\/v2\/users\/44"}],"replies":[{"embeddable":true,"href":"https:\/\/promociondeeventos.sld.cu\/ginecobs2013\/wp-json\/wp\/v2\/comments?post=2"}],"version-history":[{"count":20,"href":"https:\/\/promociondeeventos.sld.cu\/ginecobs2013\/wp-json\/wp\/v2\/pages\/2\/revisions"}],"predecessor-version":[{"id":315,"href":"https:\/\/promociondeeventos.sld.cu\/ginecobs2013\/wp-json\/wp\/v2\/pages\/2\/revisions\/315"}],"wp:attachment":[{"href":"https:\/\/promociondeeventos.sld.cu\/ginecobs2013\/wp-json\/wp\/v2\/media?parent=2"}],"curies":[{"name":"wp","href":"https:\/\/api.w.org\/{rel}","templated":true}]}}