{"id":131,"date":"2012-09-18T10:56:50","date_gmt":"2012-09-18T15:56:50","guid":{"rendered":"http:\/\/promociondeeventos.sld.cu\/ginecobs2013\/cursos-precongreso\/la-ecografia-como-medio-diagnostico-y-terapeutico-esencial-en-ginecobstetricia\/"},"modified":"2012-09-24T22:35:17","modified_gmt":"2012-09-25T03:35:17","slug":"la-ecografia-como-medio-diagnostico-y-terapeutico-esencial-en-ginecobstetricia","status":"publish","type":"page","link":"https:\/\/promociondeeventos.sld.cu\/ginecobs2013\/cursos-precongreso\/la-ecografia-como-medio-diagnostico-y-terapeutico-esencial-en-ginecobstetricia\/","title":{"rendered":"La ecograf\u00eda como medio diagn\u00f3stico y terape\u00fatico esencial en Ginecobstetricia"},"content":{"rendered":"<p><strong><img decoding=\"async\" loading=\"lazy\" class=\"alignleft size-full wp-image-170\" style=\"margin: 5px;border: 0px\" src=\"http:\/\/promociondeeventos.sld.cu\/ginecobs2013\/files\/2012\/09\/medfetal4.jpg\" alt=\"medfetal4\" width=\"84\" height=\"104\" \/>Tema central:<\/strong> Ultrasonograf\u00eda en Obstetricia y Ginecolog\u00eda<br \/>\n<strong><br \/>\nCoordinador:<\/strong> <a href=\"mailto:jaoliva@infomed.sld.cu\">Dr. C Jos\u00e9 A. Oliva Rodr\u00edguez<\/a><br \/>\n<strong><br \/>\nSede:<\/strong> Hospital universitario ginecobst\u00e9trico \u00abRam\u00f3n Gonz\u00e1lez Coro\u00bb<br \/>\n<strong><br \/>\nPlazas<\/strong>: 60<br \/>\n<strong><br \/>\nContenido:<\/strong><\/p>\n<p>\u00e2\u20ac\u00a2 Diagn\u00f3stico prenatal y ecograf\u00eda<br \/>\n\u00e2\u20ac\u00a2 Ecograf\u00eda en el estudio del c\u00e9rvix durante la gestaci\u00f3n<br \/>\n\u00e2\u20ac\u00a2 Aporte de la ecograf\u00eda durante el puerperio<br \/>\n\u00e2\u20ac\u00a2 Ecograf\u00eda en el diagn\u00f3stico y seguimiento de patolog\u00edas ginecol\u00f3gicas<br \/>\n\u00e2\u20ac\u00a2 Ecograf\u00eda Doppler. Trucos y espectos pr\u00e1cticos<br \/>\n\u00e2\u20ac\u00a2 Aspectos a considerar en la formaci\u00f3n de ecografistas<\/p>\n<p><strong>Colectivo de profesores<\/strong>:<\/p>\n<p>Dr. Jos\u00e9 Oliva, Dra. Lourdes Carrillo, Dr. Alfredo Nodarse, Dr. Humberto G\u00f3mez, Dr. Osvaldo Salas, Dr. Gabriel Gonz\u00e1lez, Dra. Rosa Gonz\u00e1lez.<\/p>\n","protected":false},"excerpt":{"rendered":"<p>Tema central: Ultrasonograf\u00eda en Obstetricia y Ginecolog\u00eda Coordinador: Dr. C Jos\u00e9 A. Oliva Rodr\u00edguez Sede: Hospital universitario ginecobst\u00e9trico \u00abRam\u00f3n Gonz\u00e1lez Coro\u00bb Plazas: 60 Contenido: \u00e2\u20ac\u00a2 Diagn\u00f3stico prenatal y ecograf\u00eda \u00e2\u20ac\u00a2 Ecograf\u00eda en el estudio del c\u00e9rvix durante la gestaci\u00f3n \u00e2\u20ac\u00a2 Aporte de la ecograf\u00eda durante el puerperio \u00e2\u20ac\u00a2 Ecograf\u00eda en el diagn\u00f3stico y seguimiento de [&hellip;]<\/p>\n","protected":false},"author":44,"featured_media":0,"parent":52,"menu_order":7,"comment_status":"closed","ping_status":"closed","template":"","meta":[],"_links":{"self":[{"href":"https:\/\/promociondeeventos.sld.cu\/ginecobs2013\/wp-json\/wp\/v2\/pages\/131"}],"collection":[{"href":"https:\/\/promociondeeventos.sld.cu\/ginecobs2013\/wp-json\/wp\/v2\/pages"}],"about":[{"href":"https:\/\/promociondeeventos.sld.cu\/ginecobs2013\/wp-json\/wp\/v2\/types\/page"}],"author":[{"embeddable":true,"href":"https:\/\/promociondeeventos.sld.cu\/ginecobs2013\/wp-json\/wp\/v2\/users\/44"}],"replies":[{"embeddable":true,"href":"https:\/\/promociondeeventos.sld.cu\/ginecobs2013\/wp-json\/wp\/v2\/comments?post=131"}],"version-history":[{"count":5,"href":"https:\/\/promociondeeventos.sld.cu\/ginecobs2013\/wp-json\/wp\/v2\/pages\/131\/revisions"}],"predecessor-version":[{"id":169,"href":"https:\/\/promociondeeventos.sld.cu\/ginecobs2013\/wp-json\/wp\/v2\/pages\/131\/revisions\/169"}],"up":[{"embeddable":true,"href":"https:\/\/promociondeeventos.sld.cu\/ginecobs2013\/wp-json\/wp\/v2\/pages\/52"}],"wp:attachment":[{"href":"https:\/\/promociondeeventos.sld.cu\/ginecobs2013\/wp-json\/wp\/v2\/media?parent=131"}],"curies":[{"name":"wp","href":"https:\/\/api.w.org\/{rel}","templated":true}]}}

La ecografía como medio diagnóstico y terapeútico esencial en Ginecobstetricia

<p><strong><img decoding="async" loading="lazy" class="alignleft size-full wp-image-170" style="margin: 5px;border: 0px" src="http://promociondeeventos.sld.cu/ginecobs2013/files/2012/09/medfetal4.jpg" alt="medfetal4" width="84" height="104" />Tema central:</strong> Ultrasonografía en Obstetricia y Ginecología<br />
<strong><br />
Coordinador:</strong> <a href="mailto:jaoliva@infomed.sld.cu">Dr. C José A. Oliva Rodríguez</a><br />
<strong><br />
Sede:</strong> Hospital universitario ginecobstétrico «Ramón González Coro»<br />
<strong><br />
Plazas</strong>: 60<br />
<strong><br />
Contenido:</strong></p>
<p>â€¢ Diagnóstico prenatal y ecografía<br />
â€¢ Ecografía en el estudio del cérvix durante la gestación<br />
â€¢ Aporte de la ecografía durante el puerperio<br />
â€¢ Ecografía en el diagnóstico y seguimiento de patologías ginecológicas<br />
â€¢ Ecografía Doppler. Trucos y espectos prácticos<br />
â€¢ Aspectos a considerar en la formación de ecografistas</p>
<p><strong>Colectivo de profesores</strong>:</p>
<p>Dr. José Oliva, Dra. Lourdes Carrillo, Dr. Alfredo Nodarse, Dr. Humberto Gómez, Dr. Osvaldo Salas, Dr. Gabriel González, Dra. Rosa González.</p>

<p>Tema central: Ultrasonografía en Obstetricia y Ginecología Coordinador: Dr. C José A. Oliva Rodríguez Sede: Hospital universitario ginecobstétrico «Ramón González Coro» Plazas: 60 Contenido: â€¢ Diagnóstico prenatal y ecografía â€¢ Ecografía en el estudio del cérvix durante la gestación â€¢ Aporte de la ecografía durante el puerperio â€¢ Ecografía en el diagnóstico y seguimiento de [&hellip;]</p>
