{"id":125,"date":"2012-09-18T10:41:04","date_gmt":"2012-09-18T15:41:04","guid":{"rendered":"http:\/\/promociondeeventos.sld.cu\/ginecobs2013\/cursos-precongreso\/desafios-para-la-fertilidad-futura-en-ninas-y-adolescentes-tema-central-ginecologia-infanto-juvenil-y-salud-reproductiva-del-adolescente\/"},"modified":"2014-04-20T14:21:06","modified_gmt":"2014-04-20T19:21:06","slug":"desafios-para-la-fertilidad-futura-en-ninas-y-adolescentes-tema-central-ginecologia-infanto-juvenil-y-salud-reproductiva-del-adolescente","status":"publish","type":"page","link":"https:\/\/promociondeeventos.sld.cu\/ginecobs2013\/cursos-precongreso\/desafios-para-la-fertilidad-futura-en-ninas-y-adolescentes-tema-central-ginecologia-infanto-juvenil-y-salud-reproductiva-del-adolescente\/","title":{"rendered":"Desaf\u00edos para la fertilidad futura en ni\u00f1as y adolescentes"},"content":{"rendered":"<p><img decoding=\"async\" loading=\"lazy\" class=\"alignleft size-thumbnail wp-image-142\" style=\"margin: 5px; border: 0px;\" alt=\"gestanteadolescente2\" src=\"http:\/\/promociondeeventos.sld.cu\/ginecobs2013\/files\/2012\/09\/gestanteadolescente2-102x150.jpg\" width=\"71\" height=\"105\" \/><strong>Tema central:<\/strong> Ginecolog\u00eda infanto juvenil y salud reproductiva del adolescente<\/p>\n<p><strong>Coordinador:<\/strong> <a href=\"mailto:osafora@infomed.sld.cu\">Dr. Aldo Rodr\u00edguez Izquierdo<\/a><br \/>\n<strong><br \/>\nSede:<\/strong> Teatro del policl\u00ednico universitario Pedro Borr\u00e1s<\/p>\n<p><strong>\u00a0<\/strong><\/p>\n<p><strong>Plazas:<\/strong> 50<br \/>\n<strong><br \/>\nContenido tem\u00e1tico:<\/strong><br \/>\n&#8211; Malformaciones m\u00fcllerianas<br \/>\n&#8211; Trastornos menstruales anovulatorios<br \/>\n&#8211; Endometriosis y su impacto<br \/>\n&#8211; Infecciones de transmisi\u00f3n sexual<br \/>\n&#8211; Problem\u00e1tica del aborto<br \/>\n<strong><br \/>\nColectivo de profesores<\/strong>: Dra. Omayda Safora, Dr. Aldo Rodr\u00edguez, Dr. Ra\u00fal Berm\u00fadez, Dr. Jorge Pel\u00e1ez, Dr. Orlando Rodr\u00edguez.<\/p>\n","protected":false},"excerpt":{"rendered":"<p>Tema central: Ginecolog\u00eda infanto juvenil y salud reproductiva del adolescente Coordinador: Dr. Aldo Rodr\u00edguez Izquierdo Sede: Teatro del policl\u00ednico universitario Pedro Borr\u00e1s \u00a0 Plazas: 50 Contenido tem\u00e1tico: &#8211; Malformaciones m\u00fcllerianas &#8211; Trastornos menstruales anovulatorios &#8211; Endometriosis y su impacto &#8211; Infecciones de transmisi\u00f3n sexual &#8211; Problem\u00e1tica del aborto Colectivo de profesores: Dra. Omayda Safora, Dr. [&hellip;]<\/p>\n","protected":false},"author":44,"featured_media":0,"parent":52,"menu_order":1,"comment_status":"closed","ping_status":"closed","template":"","meta":[],"_links":{"self":[{"href":"https:\/\/promociondeeventos.sld.cu\/ginecobs2013\/wp-json\/wp\/v2\/pages\/125"}],"collection":[{"href":"https:\/\/promociondeeventos.sld.cu\/ginecobs2013\/wp-json\/wp\/v2\/pages"}],"about":[{"href":"https:\/\/promociondeeventos.sld.cu\/ginecobs2013\/wp-json\/wp\/v2\/types\/page"}],"author":[{"embeddable":true,"href":"https:\/\/promociondeeventos.sld.cu\/ginecobs2013\/wp-json\/wp\/v2\/users\/44"}],"replies":[{"embeddable":true,"href":"https:\/\/promociondeeventos.sld.cu\/ginecobs2013\/wp-json\/wp\/v2\/comments?post=125"}],"version-history":[{"count":6,"href":"https:\/\/promociondeeventos.sld.cu\/ginecobs2013\/wp-json\/wp\/v2\/pages\/125\/revisions"}],"predecessor-version":[{"id":268,"href":"https:\/\/promociondeeventos.sld.cu\/ginecobs2013\/wp-json\/wp\/v2\/pages\/125\/revisions\/268"}],"up":[{"embeddable":true,"href":"https:\/\/promociondeeventos.sld.cu\/ginecobs2013\/wp-json\/wp\/v2\/pages\/52"}],"wp:attachment":[{"href":"https:\/\/promociondeeventos.sld.cu\/ginecobs2013\/wp-json\/wp\/v2\/media?parent=125"}],"curies":[{"name":"wp","href":"https:\/\/api.w.org\/{rel}","templated":true}]}}

Desafíos para la fertilidad futura en niñas y adolescentes

<p><img decoding="async" loading="lazy" class="alignleft size-thumbnail wp-image-142" style="margin: 5px; border: 0px;" alt="gestanteadolescente2" src="http://promociondeeventos.sld.cu/ginecobs2013/files/2012/09/gestanteadolescente2-102x150.jpg" width="71" height="105" /><strong>Tema central:</strong> Ginecología infanto juvenil y salud reproductiva del adolescente</p>
<p><strong>Coordinador:</strong> <a href="mailto:osafora@infomed.sld.cu">Dr. Aldo Rodríguez Izquierdo</a><br />
<strong><br />
Sede:</strong> Teatro del policlínico universitario Pedro Borrás</p>
<p><strong> </strong></p>
<p><strong>Plazas:</strong> 50<br />
<strong><br />
Contenido temático:</strong><br />
&#8211; Malformaciones müllerianas<br />
&#8211; Trastornos menstruales anovulatorios<br />
&#8211; Endometriosis y su impacto<br />
&#8211; Infecciones de transmisión sexual<br />
&#8211; Problemática del aborto<br />
<strong><br />
Colectivo de profesores</strong>: Dra. Omayda Safora, Dr. Aldo Rodríguez, Dr. Raúl Bermúdez, Dr. Jorge Peláez, Dr. Orlando Rodríguez.</p>

<p>Tema central: Ginecología infanto juvenil y salud reproductiva del adolescente Coordinador: Dr. Aldo Rodríguez Izquierdo Sede: Teatro del policlínico universitario Pedro Borrás   Plazas: 50 Contenido temático: &#8211; Malformaciones müllerianas &#8211; Trastornos menstruales anovulatorios &#8211; Endometriosis y su impacto &#8211; Infecciones de transmisión sexual &#8211; Problemática del aborto Colectivo de profesores: Dra. Omayda Safora, Dr. [&hellip;]</p>
