{"id":2,"date":"2024-01-19T00:34:59","date_gmt":"2024-01-19T00:34:59","guid":{"rendered":"https:\/\/promociondeeventos.sld.cu\/genmay2024\/?page_id=2"},"modified":"2024-01-19T19:58:34","modified_gmt":"2024-01-19T19:58:34","slug":"pagina-ejemplo","status":"publish","type":"page","link":"https:\/\/promociondeeventos.sld.cu\/genmay2024\/","title":{"rendered":"Convocatoria"},"content":{"rendered":"\r\n<p>La Facultad de Ciencias M\u00e9dicas de Mayabeque, instituci\u00f3n acad\u00e9mica dedicada a la formaci\u00f3n de recursos humanos en salud, el Centro Provincial de Informaci\u00f3n de Ciencias M\u00e9dicas \u2013 INFOMED, la Sociedad Cubana de Gen\u00e9tica Humana y el Centro Provincial de Gen\u00e9tica M\u00e9dica, se complacen en invitarlo a su V Jornada Cient\u00edfica Provincial de Gen\u00e9tica M\u00e9dica, Mayabeque 2024, en el marco de las actividades por el d\u00eda de las enfermedades raras o poco frecuentes, a realizarse de forma presencial el 22 de febrero de 2024 y virtual el 29 de febrero de 2024.<\/p>\r\n<p>Es un evento provincial con alcance nacional, en el que podr\u00e1n participar profesionales y t\u00e9cnicos de la salud, profesores, investigadores y estudiantes.<\/p>\r\n<p>Este evento, cuyo tema principal ser\u00e1: Enfermedades raras o poco frecuentes. Retos y oportunidades en el seguimiento de pacientes y familiares, tiene como objetivo principal difundir el conocimiento atesorado por los profesionales dedicados a la gen\u00e9tica m\u00e9dica en la provincia Mayabeque y el pa\u00eds, sus experiencias, proyecciones y alternativas de soluci\u00f3n ante los nuevos retos que enfrenta la asistencia m\u00e9dica en el momento actual, en especial las enfermedades raras o poco frecuentes.\u00a0\u00a0<\/p>\r\n\r\n\r\n\r\n<p><img decoding=\"async\" loading=\"lazy\" class=\" wp-image-81 aligncenter\" src=\"http:\/\/promociondeeventos.sld.cu\/genmay2024\/files\/2024\/01\/Logo-SOCUGEN-300x136.png\" alt=\"\" width=\"145\" height=\"66\" srcset=\"https:\/\/promociondeeventos.sld.cu\/genmay2024\/files\/2024\/01\/Logo-SOCUGEN-300x136.png 300w, https:\/\/promociondeeventos.sld.cu\/genmay2024\/files\/2024\/01\/Logo-SOCUGEN-250x113.png 250w, https:\/\/promociondeeventos.sld.cu\/genmay2024\/files\/2024\/01\/Logo-SOCUGEN.png 431w\" sizes=\"(max-width: 145px) 100vw, 145px\" \/><\/p>\r\n","protected":false},"excerpt":{"rendered":"<p>La Facultad de Ciencias M\u00e9dicas de Mayabeque, instituci\u00f3n acad\u00e9mica dedicada a la formaci\u00f3n de recursos humanos en salud, el Centro Provincial de Informaci\u00f3n de Ciencias M\u00e9dicas \u2013 INFOMED, la Sociedad Cubana de Gen\u00e9tica Humana y el Centro Provincial de Gen\u00e9tica M\u00e9dica, se complacen en invitarlo a su V Jornada Cient\u00edfica Provincial de Gen\u00e9tica M\u00e9dica, Mayabeque [&hellip;]<\/p>\n","protected":false},"author":3299,"featured_media":0,"parent":0,"menu_order":0,"comment_status":"closed","ping_status":"open","template":"","meta":[],"_links":{"self":[{"href":"https:\/\/promociondeeventos.sld.cu\/genmay2024\/wp-json\/wp\/v2\/pages\/2"}],"collection":[{"href":"https:\/\/promociondeeventos.sld.cu\/genmay2024\/wp-json\/wp\/v2\/pages"}],"about":[{"href":"https:\/\/promociondeeventos.sld.cu\/genmay2024\/wp-json\/wp\/v2\/types\/page"}],"author":[{"embeddable":true,"href":"https:\/\/promociondeeventos.sld.cu\/genmay2024\/wp-json\/wp\/v2\/users\/3299"}],"replies":[{"embeddable":true,"href":"https:\/\/promociondeeventos.sld.cu\/genmay2024\/wp-json\/wp\/v2\/comments?post=2"}],"version-history":[{"count":7,"href":"https:\/\/promociondeeventos.sld.cu\/genmay2024\/wp-json\/wp\/v2\/pages\/2\/revisions"}],"predecessor-version":[{"id":83,"href":"https:\/\/promociondeeventos.sld.cu\/genmay2024\/wp-json\/wp\/v2\/pages\/2\/revisions\/83"}],"wp:attachment":[{"href":"https:\/\/promociondeeventos.sld.cu\/genmay2024\/wp-json\/wp\/v2\/media?parent=2"}],"curies":[{"name":"wp","href":"https:\/\/api.w.org\/{rel}","templated":true}]}}