{"id":16,"date":"2024-01-19T01:09:56","date_gmt":"2024-01-19T01:09:56","guid":{"rendered":"https:\/\/promociondeeventos.sld.cu\/genmay2024\/?page_id=16"},"modified":"2024-01-19T19:43:46","modified_gmt":"2024-01-19T19:43:46","slug":"fechas-importantes","status":"publish","type":"page","link":"https:\/\/promociondeeventos.sld.cu\/genmay2024\/fechas-importantes\/","title":{"rendered":"Fechas importantes"},"content":{"rendered":"<p><strong>Fecha de inicio y fin de recepci\u00f3n de trabajos:<\/strong><\/p>\n<p>Inicio evento presencial: <strong>22 de febrero de 2024<\/strong><\/p>\n<p>Evento virtual: <strong>29 de febrero de 2024<\/strong><\/p>\n<p>El evento virtual tiene fecha l\u00edmite de env\u00edo de res\u00famenes <strong>21 de febrero<\/strong>, al correo electr\u00f3nico: daniel.quintana@infomed.sld.cu<\/p>\n","protected":false},"excerpt":{"rendered":"<p>Fecha de inicio y fin de recepci\u00f3n de trabajos: Inicio evento presencial: 22 de febrero de 2024 Evento virtual: 29 de febrero de 2024 El evento virtual tiene fecha l\u00edmite de env\u00edo de res\u00famenes 21 de febrero, al correo electr\u00f3nico: daniel.quintana@infomed.sld.cu<\/p>\n","protected":false},"author":4,"featured_media":0,"parent":0,"menu_order":0,"comment_status":"closed","ping_status":"closed","template":"","meta":[],"_links":{"self":[{"href":"https:\/\/promociondeeventos.sld.cu\/genmay2024\/wp-json\/wp\/v2\/pages\/16"}],"collection":[{"href":"https:\/\/promociondeeventos.sld.cu\/genmay2024\/wp-json\/wp\/v2\/pages"}],"about":[{"href":"https:\/\/promociondeeventos.sld.cu\/genmay2024\/wp-json\/wp\/v2\/types\/page"}],"author":[{"embeddable":true,"href":"https:\/\/promociondeeventos.sld.cu\/genmay2024\/wp-json\/wp\/v2\/users\/4"}],"replies":[{"embeddable":true,"href":"https:\/\/promociondeeventos.sld.cu\/genmay2024\/wp-json\/wp\/v2\/comments?post=16"}],"version-history":[{"count":4,"href":"https:\/\/promociondeeventos.sld.cu\/genmay2024\/wp-json\/wp\/v2\/pages\/16\/revisions"}],"predecessor-version":[{"id":74,"href":"https:\/\/promociondeeventos.sld.cu\/genmay2024\/wp-json\/wp\/v2\/pages\/16\/revisions\/74"}],"wp:attachment":[{"href":"https:\/\/promociondeeventos.sld.cu\/genmay2024\/wp-json\/wp\/v2\/media?parent=16"}],"curies":[{"name":"wp","href":"https:\/\/api.w.org\/{rel}","templated":true}]}}