{"id":10,"date":"2024-01-19T01:05:42","date_gmt":"2024-01-19T01:05:42","guid":{"rendered":"https:\/\/promociondeeventos.sld.cu\/genmay2024\/?page_id=10"},"modified":"2024-01-31T01:59:35","modified_gmt":"2024-01-31T01:59:35","slug":"comite-organizador","status":"publish","type":"page","link":"https:\/\/promociondeeventos.sld.cu\/genmay2024\/comite-organizador\/","title":{"rendered":"Comit\u00e9 Organizador"},"content":{"rendered":"<p>Presidente:<\/p>\n<p><em>Dr. Idalberto Aguilar Hern\u00e1ndez. DrC. (Decano Facultad de Ciencias M\u00e9dicas de Mayabeque \/ idaguilar@infomed.sld.cu)<\/em><\/p>\n<p>Miembros:<\/p>\n<ul>\n<li>Dra. Yanelis Reyes Fern\u00e1ndez. MsC. (Directora Provincial de Salud en Mayabeque \/ yreyes@infomed.sld.cu)<\/li>\n<li>Dr. Daniel Quintana Hern\u00e1ndez. DrC. (Miembro de la Junta de Gobierno SOCUGEN \/ daniel.quintana@infomed.sld.cu)<\/li>\n<li>Lic. Ainadys Herrera Luis. MsC. (Directora del Centro Provincial de Gen\u00e9tica M\u00e9dica de Mayabeque \/ cpgmmay@infomed.sld.cu)<\/li>\n<li>Lic. Damaris Sierra D\u00edaz, MsC. (Metodologa de Calidad. Departamento de Ciencia e Innovaci\u00f3n Tecnol\u00f3gica FCM de Mayabeque \/ sierradiaz@infomed.sld.cu)<\/li>\n<li>Lic. Mirna Cepero Ravelo. MsC.(Directora del Centro Provincial de Informaci\u00f3n de Ciencias M\u00e9dicas _ INFOMED Mayabeque \/ mravelo@infomed.sld.cu)<\/li>\n<\/ul>\n","protected":false},"excerpt":{"rendered":"<p>Presidente: Dr. Idalberto Aguilar Hern\u00e1ndez. DrC. (Decano Facultad de Ciencias M\u00e9dicas de Mayabeque \/ idaguilar@infomed.sld.cu) Miembros: Dra. Yanelis Reyes Fern\u00e1ndez. MsC. (Directora Provincial de Salud en Mayabeque \/ yreyes@infomed.sld.cu) Dr. Daniel Quintana Hern\u00e1ndez. DrC. (Miembro de la Junta de Gobierno SOCUGEN \/ daniel.quintana@infomed.sld.cu) Lic. Ainadys Herrera Luis. MsC. (Directora del Centro Provincial de Gen\u00e9tica M\u00e9dica [&hellip;]<\/p>\n","protected":false},"author":4,"featured_media":0,"parent":0,"menu_order":0,"comment_status":"closed","ping_status":"closed","template":"","meta":[],"_links":{"self":[{"href":"https:\/\/promociondeeventos.sld.cu\/genmay2024\/wp-json\/wp\/v2\/pages\/10"}],"collection":[{"href":"https:\/\/promociondeeventos.sld.cu\/genmay2024\/wp-json\/wp\/v2\/pages"}],"about":[{"href":"https:\/\/promociondeeventos.sld.cu\/genmay2024\/wp-json\/wp\/v2\/types\/page"}],"author":[{"embeddable":true,"href":"https:\/\/promociondeeventos.sld.cu\/genmay2024\/wp-json\/wp\/v2\/users\/4"}],"replies":[{"embeddable":true,"href":"https:\/\/promociondeeventos.sld.cu\/genmay2024\/wp-json\/wp\/v2\/comments?post=10"}],"version-history":[{"count":4,"href":"https:\/\/promociondeeventos.sld.cu\/genmay2024\/wp-json\/wp\/v2\/pages\/10\/revisions"}],"predecessor-version":[{"id":97,"href":"https:\/\/promociondeeventos.sld.cu\/genmay2024\/wp-json\/wp\/v2\/pages\/10\/revisions\/97"}],"wp:attachment":[{"href":"https:\/\/promociondeeventos.sld.cu\/genmay2024\/wp-json\/wp\/v2\/media?parent=10"}],"curies":[{"name":"wp","href":"https:\/\/api.w.org\/{rel}","templated":true}]}}