{"id":461,"date":"2025-06-06T19:05:06","date_gmt":"2025-06-06T19:05:06","guid":{"rendered":"https:\/\/promociondeeventos.sld.cu\/forumcncma2025\/?page_id=461"},"modified":"2025-06-07T01:33:11","modified_gmt":"2025-06-07T01:33:11","slug":"diseno-de-un-programa-virtual-de-desarrollo-de-competencias-investigativas-en-profesionales-de-la-salud","status":"publish","type":"page","link":"https:\/\/promociondeeventos.sld.cu\/forumcncma2025\/diseno-de-un-programa-virtual-de-desarrollo-de-competencias-investigativas-en-profesionales-de-la-salud\/","title":{"rendered":"Dise\u00f1o de un programa virtual de desarrollo de competencias investigativas en profesionales de la salud"},"content":{"rendered":"<p style=\"text-align: justify\"><strong>Autores: <\/strong>Dra. Maricela Morera P\u00e9rez, M. Sc. Jorge Alberto Silva Valido, Dr. C. Lic. Irene Olimpia Barrios Osuna, Lic. Leandro Rivas Rodr\u00edguez, Lic. Laura Ileana Coroas Gonz\u00e1lez, M. Sc. Lic. Rosa M. Torres Mora, Dr. C. Julieth Su\u00e1rez Oceguera, Ing. Ricardo Nilo Hern\u00e1ndez Castro, Lic. Lourdes Mar\u00eda Serra Otero.<\/p>\n<p style=\"text-align: justify\"><strong>RESUMEN<\/strong><\/p>\n<p style=\"text-align: justify\"><strong>Introducci\u00f3n<\/strong>: El desarrollo de competencias investigativas en los programas de posgrado permite la formaci\u00f3n continua de profesionales capaces de abordar y resolver problemas complejos en su \u00e1mbito laboral.\u00a0<strong>Objetivo<\/strong>: Dise\u00f1ar un programa virtual de desarrollo de competencias investigativas para profesionales de la salud no categorizados de un centro quir\u00fargico de tercer nivel de atenci\u00f3n.\u00a0<strong>M\u00e9todos<\/strong>: Investigaci\u00f3n de desarrollo, en el Centro Nacional de Cirug\u00eda de M\u00ednimo Acceso. De febrero a abril del 2025. Se dise\u00f1\u00f3 un programa virtual de desarrollo de competencias investigativas en el posgrado, para su implementaci\u00f3n y evaluaci\u00f3n de su efectividad mediante la aplicaci\u00f3n de una escala validada antes y despu\u00e9s. Esta investigaci\u00f3n forma parte de un proyecto institucional.\u00a0<strong>Resultados<\/strong>: En el periodo que se analiza se realiza la revisi\u00f3n y correcci\u00f3n del programa docente por todos los autores del proyecto, y los profesores responsables de los temas realizaron la entrega del material docente para su revisi\u00f3n antes de ser subidos a la plataforma Moodle, en el sitio destinado para este curso. Cada docente obtuvo su rol de profesor en el curso y se encuentra familiarizado con el trabajo en el aula virtual. Se expone la estructura del curso en los anexos, as\u00ed como la encuesta a utilizar para evaluar la efectividad del programa dise\u00f1ado.\u00a0<strong>Conclusiones<\/strong>: Se dise\u00f1\u00f3 una estrategia de superaci\u00f3n profesional para desarrollar competencias investigativas en profesionales no categorizados, que se encuentra en periodo de montaje en el aula virtual de salud para comenzar la implementaci\u00f3n de su primera edici\u00f3n en julio del 2025.<\/p>\n<p><strong>Palabras Clave: <\/strong>competencias investigativas, investigaci\u00f3n cient\u00edfica, posgrado, superaci\u00f3n profesional.<\/p>\n","protected":false},"excerpt":{"rendered":"<p>Autores: Dra. Maricela Morera P\u00e9rez, M. Sc. Jorge Alberto Silva Valido, Dr. C. Lic. Irene Olimpia Barrios Osuna, Lic. Leandro Rivas Rodr\u00edguez, Lic. Laura Ileana Coroas Gonz\u00e1lez, M. Sc. Lic. Rosa M. Torres Mora, Dr. C. Julieth Su\u00e1rez Oceguera, Ing. Ricardo Nilo Hern\u00e1ndez Castro, Lic. Lourdes Mar\u00eda Serra Otero. RESUMEN Introducci\u00f3n: El desarrollo de competencias [&hellip;]<\/p>\n","protected":false},"author":3308,"featured_media":0,"parent":0,"menu_order":0,"comment_status":"closed","ping_status":"closed","template":"","meta":[],"_links":{"self":[{"href":"https:\/\/promociondeeventos.sld.cu\/forumcncma2025\/wp-json\/wp\/v2\/pages\/461"}],"collection":[{"href":"https:\/\/promociondeeventos.sld.cu\/forumcncma2025\/wp-json\/wp\/v2\/pages"}],"about":[{"href":"https:\/\/promociondeeventos.sld.cu\/forumcncma2025\/wp-json\/wp\/v2\/types\/page"}],"author":[{"embeddable":true,"href":"https:\/\/promociondeeventos.sld.cu\/forumcncma2025\/wp-json\/wp\/v2\/users\/3308"}],"replies":[{"embeddable":true,"href":"https:\/\/promociondeeventos.sld.cu\/forumcncma2025\/wp-json\/wp\/v2\/comments?post=461"}],"version-history":[{"count":4,"href":"https:\/\/promociondeeventos.sld.cu\/forumcncma2025\/wp-json\/wp\/v2\/pages\/461\/revisions"}],"predecessor-version":[{"id":466,"href":"https:\/\/promociondeeventos.sld.cu\/forumcncma2025\/wp-json\/wp\/v2\/pages\/461\/revisions\/466"}],"wp:attachment":[{"href":"https:\/\/promociondeeventos.sld.cu\/forumcncma2025\/wp-json\/wp\/v2\/media?parent=461"}],"curies":[{"name":"wp","href":"https:\/\/api.w.org\/{rel}","templated":true}]}}