{"id":445,"date":"2025-06-05T19:51:04","date_gmt":"2025-06-05T19:51:04","guid":{"rendered":"https:\/\/promociondeeventos.sld.cu\/forumcncma2025\/?page_id=445"},"modified":"2025-06-05T20:00:17","modified_gmt":"2025-06-05T20:00:17","slug":"impacto-de-los-servicios-bibliotecarios-en-el-centro-nacional-de-cirugia-de-minimo-acceso-segun-los-objetivos-la-agenda-2030-2013-2023","status":"publish","type":"page","link":"https:\/\/promociondeeventos.sld.cu\/forumcncma2025\/impacto-de-los-servicios-bibliotecarios-en-el-centro-nacional-de-cirugia-de-minimo-acceso-segun-los-objetivos-la-agenda-2030-2013-2023\/","title":{"rendered":"Impacto de los servicios bibliotecarios en el centro nacional de cirug\u00eda de m\u00ednimo acceso seg\u00fan los objetivos la agenda 2030. 2013-2023"},"content":{"rendered":"<p><strong>Autores: <\/strong>Lic. Leandro Rivas Rodr\u00edguez, Lic. Barbara Ontivero Wong, Dra. Maricela Morera P\u00e9rez.<\/p>\n<p><strong>RESUMEN<\/strong><\/p>\n<p style=\"text-align: justify\"><strong>Introducci\u00f3n: <\/strong>las bibliotecas ayudan a las personas a desarrollar habilidades, aptitudes y capacidades para usar la informaci\u00f3n de manera eficaz, eficiente y pertinente con infraestructuras apoyadas en las tecnolog\u00edas de la informaci\u00f3n y las comunicaciones (TICs), proporcionando una red de personas e instituciones que puedan llegar a todos los sectores de la poblaci\u00f3n. <strong>Objetivo: <\/strong>describir los productos de informaci\u00f3n en salud desarrollados por la Biblioteca del Centro Nacional de Cirug\u00eda de M\u00ednimo Acceso y su relaci\u00f3n con los objetivos de desarrollo sostenible seg\u00fan la agenda 2030. <strong>M<\/strong><strong>\u00e9<\/strong><strong>todos: <\/strong>se realiz\u00f3 un estudio descriptivo de corte transversal de tipo cuantitativa, utilizando los m\u00e9todos te\u00f3ricos, emp\u00edricos, estad\u00edsticos y la correlaci\u00f3n con los objetivos estrat\u00e9gicos de desarrollo sostenible. <strong>Resultados: <\/strong>se visualiz\u00f3 el promedio anual de usuarios potenciales de 208, algunos de los principales servicios ofrecidos en la biblioteca, como los cursos y adiestramientos de servicios cient\u00edficos \u2013 t\u00e9cnicos a clientes por a\u00f1os, las publicaciones del centro procesadas en Endnote y resguardadas en repositorio cient\u00edfico; as\u00ed como los impactos econ\u00f3micos, cient\u00edficos y sociales obtenidos y la relaci\u00f3n existente entre las variables descritas con los objetivos planteados en cumplimiento de la agenda 2030. <strong>Conclusiones: <\/strong>se describi\u00f3 los productos de informaci\u00f3n en salud desarrollados por la biblioteca del Centro Nacional de Cirug\u00eda de M\u00ednimo Acceso, los cuales fueron creados utilizando software libre, la cual tuvo estrecha relaci\u00f3n con las metas y objetivos de desarrollo sostenible cumplimentados en la agenda 2030.<\/p>\n<p style=\"text-align: justify\"><strong>Palabras Clave: <\/strong>Indicadores de Desarrollo Sostenible; Productos y Servicios de Informaci\u00f3n; Investigaci\u00f3n Aplicada; Servicios T\u00e9cnicos de Biblioteca; Desarrollo Sostenible.<\/p>\n","protected":false},"excerpt":{"rendered":"<p>Autores: Lic. Leandro Rivas Rodr\u00edguez, Lic. Barbara Ontivero Wong, Dra. Maricela Morera P\u00e9rez. RESUMEN Introducci\u00f3n: las bibliotecas ayudan a las personas a desarrollar habilidades, aptitudes y capacidades para usar la informaci\u00f3n de manera eficaz, eficiente y pertinente con infraestructuras apoyadas en las tecnolog\u00edas de la informaci\u00f3n y las comunicaciones (TICs), proporcionando una red de personas [&hellip;]<\/p>\n","protected":false},"author":3308,"featured_media":0,"parent":0,"menu_order":0,"comment_status":"closed","ping_status":"closed","template":"","meta":[],"_links":{"self":[{"href":"https:\/\/promociondeeventos.sld.cu\/forumcncma2025\/wp-json\/wp\/v2\/pages\/445"}],"collection":[{"href":"https:\/\/promociondeeventos.sld.cu\/forumcncma2025\/wp-json\/wp\/v2\/pages"}],"about":[{"href":"https:\/\/promociondeeventos.sld.cu\/forumcncma2025\/wp-json\/wp\/v2\/types\/page"}],"author":[{"embeddable":true,"href":"https:\/\/promociondeeventos.sld.cu\/forumcncma2025\/wp-json\/wp\/v2\/users\/3308"}],"replies":[{"embeddable":true,"href":"https:\/\/promociondeeventos.sld.cu\/forumcncma2025\/wp-json\/wp\/v2\/comments?post=445"}],"version-history":[{"count":3,"href":"https:\/\/promociondeeventos.sld.cu\/forumcncma2025\/wp-json\/wp\/v2\/pages\/445\/revisions"}],"predecessor-version":[{"id":448,"href":"https:\/\/promociondeeventos.sld.cu\/forumcncma2025\/wp-json\/wp\/v2\/pages\/445\/revisions\/448"}],"wp:attachment":[{"href":"https:\/\/promociondeeventos.sld.cu\/forumcncma2025\/wp-json\/wp\/v2\/media?parent=445"}],"curies":[{"name":"wp","href":"https:\/\/api.w.org\/{rel}","templated":true}]}}