{"id":211,"date":"2025-05-22T22:16:20","date_gmt":"2025-05-22T22:16:20","guid":{"rendered":"https:\/\/promociondeeventos.sld.cu\/forumcncma2025\/?page_id=211"},"modified":"2025-06-12T13:43:54","modified_gmt":"2025-06-12T13:43:54","slug":"tribunal-3","status":"publish","type":"page","link":"https:\/\/promociondeeventos.sld.cu\/forumcncma2025\/tribunales\/tribunal-3\/","title":{"rendered":"Tribunal 3"},"content":{"rendered":"<p><strong>Tribunal No. 3<\/strong><\/p>\n<p><strong>Presidente:<\/strong> Dr. C. Julieth Su\u00e1rez Occeguera.<\/p>\n<p><strong>Miembros:<\/strong> M. Sc. Dr. Maykel Quintana Rodr\u00edguez.<\/p>\n<p>M. Sc. Lic. Yarileyni Mart\u00ednez Lamelas.<\/p>\n<p><strong>\u00a0<\/strong><\/p>\n<p style=\"text-align: center\"><strong>Trabajos:<\/strong><\/p>\n<p style=\"text-align: justify\">1-<strong><a href=\"https:\/\/promociondeeventos.sld.cu\/forumcncma2025\/cirugia-laparoscopica-ginecologica-por-puerto-unico-experiencia-inicial-en-el-centro-nacional-de-cirugia-de-minimo-acceso\/\" target=\"_blank\" rel=\"noopener\">Cirug\u00eda laparosc\u00f3pica ginecol\u00f3gica por puerto \u00fanico. Experiencia inicial en el Centro Nacional de Cirug\u00eda de M\u00ednimo Acceso<\/a>.<\/strong><\/p>\n<p style=\"text-align: justify\"><strong>Autores: <\/strong>Dra. Ang\u00e9lica G\u00e1lvez del Toro, M. Sc. Dr. Jorge Gerardo Pereira Fraga, Dr. C. Hiram De Zacar\u00edas Rodr\u00edguez Blanco, Dra. Janny Ferras Nievas, Lic. Enf. Juan Eduardo Oliv\u00e9 G\u00f3mez, Dr. Yosniel Lugo Echevarr\u00eda, Dr. Frank Abel Acosta Gonz\u00e1lez.<\/p>\n<p><strong>Resumen:<\/strong><\/p>\n<p style=\"text-align: justify\">La cirug\u00eda laparosc\u00f3pica por un solo puerto (SILS por sus siglas en ingl\u00e9s) es una t\u00e9cnica avanzada aplicable al campo de la ginecolog\u00eda al permitir realizar intervenciones quir\u00fargicas con una sola incisi\u00f3n, generalmente a nivel del ombligo. Esta modalidad ofrece una alternativa menos invasiva que la cirug\u00eda laparosc\u00f3pica convencional, que requiere m\u00faltiples puertos de acceso. La principal ventaja de la SILS es que reduce la cantidad de incisiones, lo que conlleva menor dolor postoperatorio, menor riesgo de infecciones y una recuperaci\u00f3n m\u00e1s r\u00e1pida. Adem\u00e1s, mejora la est\u00e9tica y eleva el nivel de satisfacci\u00f3n de los pacientes. Sin embargo, aunque las ventajas son significativas, la SILS exige mayor destreza por parte del cirujano y sin el adecuado entrenamiento en t\u00e9cnicas m\u00ednimamente invasivas pudiera incrementarse el riesgo de lesiones. Una adecuada selecci\u00f3n de las pacientes es fundamental para lograr el \u00e9xito en la cirug\u00eda uniportal.<\/p>\n<p><a href=\"http:\/\/promociondeeventos.sld.cu\/forumcncma2025\/files\/2025\/06\/forum-innovacion-2025-angelica.pdf\" target=\"_blank\" rel=\"noopener\">Texto completo<\/a>;<\/p>\n<p style=\"text-align: justify\">2-<strong><a href=\"https:\/\/promociondeeventos.sld.cu\/forumcncma2025\/nueva-estrategia-administrativa-para-la-planificacion-de-diagnosticadores-en-quimica-clinica-requisitos-de-las-buenas-practicas-segun-regulacion-d-03-21-laboratorio-clinico-del-cncma\/\" target=\"_blank\" rel=\"noopener\">Nueva estrategia administrativa para la planificaci\u00f3n de diagnosticadores en qu\u00edmica cl\u00ednica, requisitos de las buenas pr\u00e1cticas seg\u00fan regulaci\u00f3n D-03-21. Laboratorio cl\u00ednico del CNCMA<\/a>.<\/strong><\/p>\n<p style=\"text-align: justify\"><strong>Autores: <\/strong>Dra. Iyolexis Calzada Medina, Lic. Isabel Madelaine Almeida Zald\u00edvar, Lic. Mar\u00eda del Carmen Artilles Garc\u00eda, Lic. Yesenia G\u00f3mez Rodr\u00edguez, Lic. Amarlis Galardy Castillo, Dra. Naylet Castro Bazart, Lic. Laura Ileana Coroas Gonz\u00e1lez, Dra. Maricela Morera P\u00e9rez.<\/p>\n<p><strong>Resumen:<\/strong><\/p>\n<p style=\"text-align: justify\"><strong>Introducci\u00f3n:<\/strong> \u00a0La planificaci\u00f3n\u00a0\u00a0\u00a0 de los recursos y la organizaci\u00f3n de los procesos del laboratorio Cl\u00ed\u00adnico unido a la implementaci\u00f3n de estrategias administrativas cumpliendo los requisitos de la regulaci\u00f3n D03-21 de las Buenas Practicas de Laboratorio Cl\u00ednico son\u00a0\u00a0 esenciales para la realizaci\u00f3n de las actividades, con eficiencia y calidad. <strong>Objetivo:<\/strong> Describir la implementaci\u00f3n de una nueva estrategia administrativa para la planificaci\u00f3n del uso de diagnosticadores en el\u00a0\u00a0 del Laboratorio Cl\u00ednico del Centro Nacional de Cirug\u00eda de M\u00ednimo Acceso (CNMA), requisito de la regulaci\u00f3n D03-21 del CECMED. <strong>M\u00e9todos:<\/strong> Investigaci\u00f3n descriptiva \u00a0\u00a0retrospectiva de mayo 2024. Se utiliz\u00f3\u00a0 como universo universo \u00a0\u00a0las\u00a0 \u00a0determinaciones de qu\u00edmica cl\u00ednica realizadas en el Laboratorio Cl\u00ednico del CNCMA y la muestra \u00a0\u00a0las determinaciones procesadas en el autoanalizador INLAB 240. Mediante el sistema operativo Excel se confeccion\u00f3\u00a0\u00a0 una base de datos la cual detalla del diagnosticador, n\u00famero de determinaciones solicitadas, positividad, costo unitario, gasto y cantidad de kit consumidos en el mes. Se cumplieron los requerimientos \u00e9ticos de respeto y confidencialidad de los datos. <strong>Resultados:<\/strong> Los diagnosticadores m\u00e1s solicitados fueron la creatinina PAP, la glicemia, GGT y FAL, y los costosos:\u00a0 Creatinina PAP (1671 cup), Amilasa (1423 cup) y la prote\u00edna C reactiva (1037.5 cup). La prote\u00edna C reactiva\u00a0\u00a0\u00a0 mostr\u00f3 una elevada positividad 36%, la GGT 34% y la FAL 21.8 %.\u00a0 Las prote\u00ednas totales es el diagnosticador de\u00a0\u00a0 mayor n\u00famero de kit\u00a0 consumidos 6.2 en el mes ,seguido de la GGT\u00a0 5.2 y la creatina PAP 3.1 kit. <strong>Conclusiones:<\/strong> La implementaci\u00f3n de una\u00a0 \u00a0base de datos \u00a0\u00a0con\u00a0 \u00a0par\u00e1metros referente al diagnosticador, es una \u00a0\u00a0estrategia administrativa valiosa para \u00a0planificaci\u00f3n, fortalecida por el cumplimiento de los requisitos de la regulaci\u00f3n D-03 -21 del CECMED, que \u00a0\u00a0contribuye a\u00a0 mejorar\u00a0 la eficiencia del\u00a0\u00a0 Laboratorio Cl\u00ednico.<\/p>\n<p><a href=\"http:\/\/promociondeeventos.sld.cu\/forumcncma2025\/files\/2025\/06\/Valoracion-de-los-costos-de-laboratorio-clinico-en-el-hospital-3er-nivel.pdf\" target=\"_blank\" rel=\"noopener\">Texto completo<\/a>;<\/p>\n<p style=\"text-align: justify\">3-<strong><a href=\"https:\/\/promociondeeventos.sld.cu\/forumcncma2025\/evaluacion-del-cumplimiento-del-protocolo-eras-en-cirugia-colorrectal-en-una-unidad-de-salud\/\" target=\"_blank\" rel=\"noopener\">Evaluaci\u00f3n del cumplimiento del protocolo ERAS en cirug\u00eda colorrectal en una unidad de salud<\/a>.<\/strong><\/p>\n<p style=\"text-align: justify\"><strong>Autores: <\/strong>M. Sc. Dra. Lilian Valdivia Garc\u00eda, M. Sc. Dr. Juan Bautista Oliv\u00e9 Gonz\u00e1lez, M. Sc. Dr. Jorge Gerardo Pereira Fraga, Dr. C. Miguel \u00c1ngel Mart\u00ednez Alfonso, Dra. Maricela Morera P\u00e9rez, Lic. Laura Ileana Coroas Gonz\u00e1lez.<\/p>\n<p><strong>Resumen:<\/strong><\/p>\n<p style=\"text-align: justify\"><strong>Objetivo<\/strong>: evaluar los cumplimientos de las pautas del protocolo ERAS en pacientes sometidos a cirug\u00eda colorrectal electiva en el Centro Nacional de Cirug\u00eda de M\u00ednimo Acceso en el periodo entre julio del 2024 hasta mayo 2025. <strong>M\u00e9todo<\/strong>:\u00a0 Se realiz\u00f3 una investigaci\u00f3n transversal, donde fueron revisadas todas las historias cl\u00ednicas de los pacientes sometidos a cirug\u00eda colorrectal. <strong>Resultados:<\/strong> \u00a0La muestra fue de 70 pacientes, grupo de edades de 51-7 a\u00f1os, sexo masculino, predomin\u00f3 la no ingesti\u00f3n de l\u00edquido claro preoperatorio (78,4%) y la ingesti\u00f3n de l\u00edquido postoperatoria en las primeras 12 horas y el mayor porciento de los pacientes utilizo preparaci\u00f3n intestinal; deambularon, se retir\u00f3 la sonda vesical en menos de 24 horas, todos los pacientes llevaron anticoagulaci\u00f3n preoperatoria y profilaxis antibi\u00f3tica transoperatoria; solo complicaron el 23% de los enfermos. <strong>Conclusiones:<\/strong> A\u00fan existen deficiencia en el cumplimiento de las pautas del protocolo ERAS.<\/p>\n<p><a href=\"http:\/\/promociondeeventos.sld.cu\/forumcncma2025\/files\/2025\/06\/Eras-forum-2025.pdf\" target=\"_blank\" rel=\"noopener\">Texto completo<\/a>;<\/p>\n<p style=\"text-align: justify\">4-<strong><a href=\"https:\/\/promociondeeventos.sld.cu\/forumcncma2025\/cirugia-laparoscopica-electiva-en-el-adulto-mayor-resultados-preliminares-del-primer-trimestre-del-ano-2025\/\" target=\"_blank\" rel=\"noopener\">Cirug\u00eda laparosc\u00f3pica electiva en el adulto mayor. Resultados preliminares del primer trimestre del a\u00f1o 2025<\/a>.<\/strong><\/p>\n<p style=\"text-align: justify\"><strong>Autores:\u00a0<\/strong>Dra. Maricela Morera P\u00e9rez, Dr. Yoandy Vasallo Camacho, M. Sc. Jorge Alberto Silva Valido, M. Sc. Dra. Lilian Valdivia Garc\u00eda, M. Sc. Dr. Juan Bautista Oliv\u00e9 Gonz\u00e1lez, Dr. Daymara del Rio Baz\u00e1n, Dr. C. Lic. Irene Olimpia Barrios Osuna, Lic. Laura Ileana Coroas Gonz\u00e1lez.<\/p>\n<p><strong>Resumen:<\/strong><\/p>\n<p style=\"text-align: justify\"><strong>Introducci\u00f3n<\/strong>: El envejecimiento avanzado impone desaf\u00edos a todos los sectores de la sociedad para que contribuyan a la atenci\u00f3n de adultos mayores y estos no solo vivan m\u00e1s a\u00f1os, sino que los a\u00f1os se vivan con calidad. <strong>Objetivo<\/strong>: Caracterizar los adultos mayores intervenidos mediante cirug\u00eda laparosc\u00f3pica electiva. <strong>M\u00e9todos<\/strong>: Se realiz\u00f3 una investigaci\u00f3n descriptiva y prospectiva en una serie consecutiva de 83 adultos mayores con indicaci\u00f3n de cirug\u00eda laparosc\u00f3pica electiva, atendidos en el Centro Nacional de Cirug\u00eda de M\u00ednimo Acceso, en el periodo de enero a marzo del a\u00f1o 2025. <strong>Resultados<\/strong>: En el periodo que se analiza fueron intervenidos 83 adultos mayores, con edades comprendidas entre 60 y 88 a\u00f1os. El sexo femenino 61 (73,5 %) y el grupo de edad de 60 a 69 a\u00f1os, 51 (61,4 %) fueron los mayor representados. Predomin\u00f3 el diagn\u00f3stico de Litiasis vesicular en m\u00e1s de la mitad de los adultos mayores 47 (56,6 %). Solo nueve pacientes (11 %) no presentaron comorbilidades. La Hipertensi\u00f3n arterial se present\u00f3 en 60 pacientes (72,3 %) Hubo una tasa de complicaciones posoperatorias de 4,8 %. La estad\u00eda hospitalaria ambulatoria y de 1 d\u00eda acumul\u00f3 83 % de los egresos. <strong>Conclusiones<\/strong>: La cirug\u00eda laparosc\u00f3pica en el adulto mayor no solo reporta beneficios y un alto impacto social para el paciente y su familia en mejor\u00eda de la calidad de vida sino en t\u00e9rminos de ahorro en concepto de utilizaci\u00f3n del recurso cama y la r\u00e1pida reincorporaci\u00f3n del adulto mayor al nivel de actividades que presentaba antes de la cirug\u00eda.<\/p>\n<p>Texto completo;<\/p>\n<p style=\"text-align: justify\">5-<strong><a href=\"https:\/\/promociondeeventos.sld.cu\/forumcncma2025\/impacto-economico-del-reuso-en-el-centro-nacional-de-cirugia-de-minimo-acceso\/\" target=\"_blank\" rel=\"noopener\">Impacto economico del reuso en el centro nacional de cirug\u00eda de minimo acceso<\/a>.<\/strong><\/p>\n<p style=\"text-align: justify\"><strong>Autores: <\/strong>Lic. Enf. Marlen Cabrera L\u00f3pez, Dra. Maricela Morera P\u00e9rez, Lic. Dester Guzm\u00e1n P\u00e9rez.<\/p>\n<p><strong>Resumen:<\/strong><\/p>\n<p style=\"text-align: justify\"><strong>Introducci\u00f3n: <\/strong>Los dispositivos m\u00e9dicos que se utilizan en cirug\u00eda laparosc\u00f3pica son dise\u00f1ados para un solo uso. En Cuba, est\u00e1 normado por el Ministerio de Salud P\u00fablica el reuso de dispositivos m\u00e9dicos que permite reducir los costos. En el Centro Nacional de Cirug\u00eda de M\u00ednimo Acceso (CNCMA) se cumple con la norma de reuso establecida por el MINSAP, para disminuir los costos, garantizando la seguridad del paciente. <strong>Objetivo: <\/strong>Determinar el impacto econ\u00f3mico del reuso en el Centro Nacional de Cirug\u00eda de M\u00ednimo Acceso. Diciembre, 2024. <strong>M\u00e9todo: <\/strong>Estudio observacional descriptivo usando las variables del modelo de reuso establecido por el MINSAP. Se consider\u00f3 para la investigaci\u00f3n el mes de diciembre del a\u00f1o 2024, como mes tipo. Se utiliz\u00f3 el sistema contable VERSAT. La informaci\u00f3n se presenta en forma tabular para un mejor an\u00e1lisis y comprensi\u00f3n. <strong>Resultados:<\/strong> Se reusan un total de 57 dispositivos m\u00e9dicos en el CNCMA, de ellos se seleccionaron 9 para su presentaci\u00f3n tabular. El ahorro en concepto de reuso estuvo sobre la base de m\u00e1s de un mill\u00f3n de pesos cubanos durante el mes analizado. (1,110,394.33), solamente considerando los nueve dispositivos seleccionados. <strong>Conclusiones: <\/strong>El reuso de dispositivos m\u00e9dicos en el CNCMA, permiti\u00f3 disminuir los costos con un impacto econ\u00f3mico positivo, garantizando la protecci\u00f3n del paciente y la sostenibilidad ambiental.<\/p>\n<p><a href=\"http:\/\/promociondeeventos.sld.cu\/forumcncma2025\/files\/2025\/06\/Trabajo-Forum-Reuso-Marlen.pdf\" target=\"_blank\" rel=\"noopener\">Texto completo<\/a>;<\/p>\n","protected":false},"excerpt":{"rendered":"<p>Tribunal No. 3 Presidente: Dr. C. Julieth Su\u00e1rez Occeguera. Miembros: M. Sc. Dr. Maykel Quintana Rodr\u00edguez. M. Sc. Lic. Yarileyni Mart\u00ednez Lamelas. \u00a0 Trabajos: 1-Cirug\u00eda laparosc\u00f3pica ginecol\u00f3gica por puerto \u00fanico. Experiencia inicial en el Centro Nacional de Cirug\u00eda de M\u00ednimo Acceso. Autores: Dra. Ang\u00e9lica G\u00e1lvez del Toro, M. Sc. Dr. Jorge Gerardo Pereira Fraga, Dr. [&hellip;]<\/p>\n","protected":false},"author":3262,"featured_media":0,"parent":183,"menu_order":0,"comment_status":"closed","ping_status":"closed","template":"","meta":[],"_links":{"self":[{"href":"https:\/\/promociondeeventos.sld.cu\/forumcncma2025\/wp-json\/wp\/v2\/pages\/211"}],"collection":[{"href":"https:\/\/promociondeeventos.sld.cu\/forumcncma2025\/wp-json\/wp\/v2\/pages"}],"about":[{"href":"https:\/\/promociondeeventos.sld.cu\/forumcncma2025\/wp-json\/wp\/v2\/types\/page"}],"author":[{"embeddable":true,"href":"https:\/\/promociondeeventos.sld.cu\/forumcncma2025\/wp-json\/wp\/v2\/users\/3262"}],"replies":[{"embeddable":true,"href":"https:\/\/promociondeeventos.sld.cu\/forumcncma2025\/wp-json\/wp\/v2\/comments?post=211"}],"version-history":[{"count":26,"href":"https:\/\/promociondeeventos.sld.cu\/forumcncma2025\/wp-json\/wp\/v2\/pages\/211\/revisions"}],"predecessor-version":[{"id":559,"href":"https:\/\/promociondeeventos.sld.cu\/forumcncma2025\/wp-json\/wp\/v2\/pages\/211\/revisions\/559"}],"up":[{"embeddable":true,"href":"https:\/\/promociondeeventos.sld.cu\/forumcncma2025\/wp-json\/wp\/v2\/pages\/183"}],"wp:attachment":[{"href":"https:\/\/promociondeeventos.sld.cu\/forumcncma2025\/wp-json\/wp\/v2\/media?parent=211"}],"curies":[{"name":"wp","href":"https:\/\/api.w.org\/{rel}","templated":true}]}}