{"id":833,"date":"2024-07-30T15:07:49","date_gmt":"2024-07-30T15:07:49","guid":{"rendered":"https:\/\/promociondeeventos.sld.cu\/forumcncma2024\/?page_id=833"},"modified":"2024-07-31T14:33:48","modified_gmt":"2024-07-31T14:33:48","slug":"relatoria-del-evento","status":"publish","type":"page","link":"https:\/\/promociondeeventos.sld.cu\/forumcncma2024\/relatoria-del-evento\/","title":{"rendered":"Relator\u00eda del evento"},"content":{"rendered":"<h2><strong>Informe F\u00f3rum de Base 2024. \u00a0\u00a0\u00a0\u00a0<\/strong><span style=\"text-decoration: underline\"><strong><a href=\"http:\/\/promociondeeventos.sld.cu\/forumcncma2024\/files\/2024\/07\/Relatoria-Forum-CNCMA-2024.pdf\" target=\"_blank\" rel=\"noopener\">Relator\u00eda PDF<\/a><\/strong><\/span><\/h2>\n<p style=\"text-align: justify\">El evento de base del F\u00f3rum de Ciencia y T\u00e9cnica del Centro Nacional de Cirug\u00eda de M\u00ednimo Acceso se realiz\u00f3 el 12 de julio de 2024, sesionando en un espacio virtual creado en CENCOMED, con la participaci\u00f3n de 64 trabajadores y 5 estudiantes de medicina invitados a la actividad.<\/p>\n<p style=\"text-align: justify\">La inauguraci\u00f3n<em> estuvo presidida por el Dr. C. Juli\u00e1n Ru\u00edz Torres, director y Presidente del F\u00f3rum de Ciencia y T\u00e9cnica; por la Dr. C. Rosalba Roque Gonz\u00e1lez, Subdirectora y el Dr. Jorge Silva Valido, Jefe del Departamento de Posgrado e Investigaciones. <\/em><\/p>\n<p style=\"text-align: justify\">Se inscribieron 22 trabajos, <em>con alto nivel cient\u00edfico-t\u00e9cnico,<\/em> que sesionaron en 5 tribunales. De las ponencias presentadas resultaron premiados: 6 con categor\u00eda de Relevantes, 8 Destacados y 8 Menciones.\u00a0 Participaron, entre ellas, 3 ponencias de estudiantes de la Universidad de Ciencias M\u00e9dicas de la Facultad Manuel Fajardo.<\/p>\n<p style=\"text-align: justify\">Los trabajos presentados del centro incluyen las siguientes especialidades:<\/p>\n<ul>\n<li>Cirug\u00eda General<\/li>\n<li>Urolog\u00eda<\/li>\n<li>UCI (Unidad Terapia Intensiva)<\/li>\n<li>Gastroenterolog\u00eda<\/li>\n<li>Imagenolog\u00eda<\/li>\n<li>Enfermer\u00eda<\/li>\n<li>Epidemiolog\u00eda<\/li>\n<li>Docencia<\/li>\n<\/ul>\n<p>&nbsp;<\/p>\n<p>Los tribunales estuvieron integrados por:<\/p>\n<p><u><strong><a href=\"https:\/\/promociondeeventos.sld.cu\/forumcncma2024\/tribunal-no-1\/\" target=\"_blank\" rel=\"noopener\">Tribunal 1<\/a><\/strong> <\/u><\/p>\n<p>Dr. C. Vivianne Mar\u00eda Anido Escobar (Presidenta)<\/p>\n<p>Dr. MSc. Juan Bautista Oliv\u00e9 Gonz\u00e1lez (Miembro)<\/p>\n<p>Dra Lilian Valdivia Garc\u00eda (Miembro)<\/p>\n<p><strong><a href=\"https:\/\/promociondeeventos.sld.cu\/forumcncma2024\/tribunal-no-2\/\" target=\"_blank\" rel=\"noopener\"><u>Tribunal 2<\/u><\/a><\/strong><\/p>\n<p>Dr. C. Norberto Caridad Alfonso Contino (Presidente)<\/p>\n<p>Dra. Daimarelis Guerra del Valle (Miembro)<\/p>\n<p>Lic. Rosa Mar\u00eda Torres Mora (Miembro)<\/p>\n<p>Suplente: Dr. Jorge Luis Garc\u00eda &#8211; Menocal Hern\u00e1ndez<\/p>\n<p><strong><a href=\"https:\/\/promociondeeventos.sld.cu\/forumcncma2024\/tribunal-no-3\/\" target=\"_blank\" rel=\"noopener\"><u>Tribunal 3<\/u><\/a><\/strong><\/p>\n<p>Dr. Cs. Felipe Neri Pi\u00f1ol Jim\u00e9nez (Presidente)<\/p>\n<p>Dra. Daymara Del R\u00edo Baz\u00e1n (Miembro)<\/p>\n<p>Lic. MSc. Ya\u00edma Dubergel Fabier (Miembro)<\/p>\n<p>Suplente: Dra. Arlene Franco Bonal<\/p>\n<p><strong><a href=\"https:\/\/promociondeeventos.sld.cu\/forumcncma2024\/tribunal-no-4\/\" target=\"_blank\" rel=\"noopener\"><u>Tribunal 4<\/u><\/a>: (Para trabajos de estudiantes de medicina)<\/strong><\/p>\n<p>Dr. C. Tania Gonz\u00e1lez Le\u00f3n (Presidente)<\/p>\n<p>Dr. Oreste Gonz\u00e1lez Torres (Miembro)<\/p>\n<p>Dr. MSc. Maykel Quintana Rodr\u00edguez (Miembro)<\/p>\n<p><strong><a href=\"https:\/\/promociondeeventos.sld.cu\/forumcncma2024\/tribunal-no-5\/\" target=\"_blank\" rel=\"noopener\"><u>Tribunal 5<\/u><\/a><\/strong><\/p>\n<p>Dra. C. Irene Olimpia Barrios Osuna (Presidente)<\/p>\n<p>Dr. C. Julieth Su\u00e1rez Oceguera (Miembro)<\/p>\n<p>Lic. Yarileinis Mart\u00ednez Lamelas (Miembro)<\/p>\n<p>&nbsp;<\/p>\n<h2><strong>Trabajos premiados en las diferentes categor\u00edas:<\/strong><\/h2>\n<h3><strong>Trabajos Relevantes F\u00f3rum de Ciencia y T\u00e9cnica. CNCMA. 2024<\/strong><\/h3>\n<ol>\n<li><strong><a href=\"https:\/\/promociondeeventos.sld.cu\/forumcncma2024\/evolucion-clinica-de-los-pacientes-con-acalasia-esofagica-tratados-con-miotomia-de-heller-dor\/\" target=\"_blank\" rel=\"noopener\">Evoluci\u00f3n cl\u00ednica de los pacientes con Acalasia esof\u00e1gica tratados con miotom\u00eda de Heller Dor<\/a><\/strong>.<\/li>\n<\/ol>\n<p style=\"text-align: justify\"><strong>Autores:<\/strong> Dra. C Rosalba Roque Gonz\u00e1lez; MSc. Gretell Raquel Hern\u00e1ndez Avil\u00e9s; Dr. C. Miguel \u00c1ngel Mart\u00ednez Alfonso; Dra. C. Vivianne Mar\u00eda Anido Escobar; Dra. Samira Becil Poyato; MSc. Jorge Alberto Silva Valido.<\/p>\n<ol style=\"text-align: justify\" start=\"2\">\n<li style=\"text-align: justify\"><strong><a href=\"https:\/\/promociondeeventos.sld.cu\/forumcncma2024\/simpaticotomia-videotoracoscopica-t3-t4-uniportal-en-la-hiperhidrosis-palmar-severa-y-muy-severa\/\" target=\"_blank\" rel=\"noopener\">Simpaticotom\u00eda videotoracosc\u00f3pica T3-T4 uniportal en la Hiperhidrosis palmar severa y muy severa<\/a>.<\/strong><\/li>\n<\/ol>\n<p style=\"text-align: justify\"><strong>Autores: <\/strong>Dr. C. Hiram de Zacarias Rodr\u00edguez Blanco; Dr. C. Sigifredo de la Caridad Montero Ferrer; Dra. C. Rosalba Roque Gonz\u00e1lez.<\/p>\n<ol style=\"text-align: justify\" start=\"3\">\n<li style=\"text-align: justify\"><strong><a href=\"https:\/\/promociondeeventos.sld.cu\/forumcncma2024\/complicaciones-de-la-cirugia-laparoscopica-urologica-en-un-centro-de-referencia-nacional\/\" target=\"_blank\" rel=\"noopener\">Complicaciones de la cirug\u00eda laparosc\u00f3pica urol\u00f3gica en un centro de referencia nacional<\/a>.<\/strong><\/li>\n<\/ol>\n<p style=\"text-align: justify\"><strong>Autores:<\/strong> Dra. C. Tania Gonz\u00e1lez Le\u00f3n, MSc. Jorge Alberto Silva Valido, Dra. Claraliz Garc\u00eda Mart\u00ednez, Est. Eilen Carol Reyes Gri\u00f1\u00e1n, MSc. Maykel Quintana Rodr\u00edguez, MSc.Michel Hern\u00e1ndez Campoalegre, Dr. C. Rafael de la Caridad Torres Pe\u00f1a.<\/p>\n<ol style=\"text-align: justify\" start=\"4\">\n<li style=\"text-align: justify\"><strong><a href=\"https:\/\/promociondeeventos.sld.cu\/forumcncma2024\/hidroenema-por-tomografia-computarizada-como-alternativa-diagnostica-para-tumores-de-colon\/\" target=\"_blank\" rel=\"noopener\">Hidroenema por tomograf\u00eda computarizada como alternativa diagn\u00f3stica para tumores de colon<\/a><\/strong>.<\/li>\n<\/ol>\n<p style=\"text-align: justify\"><strong>Autores:<\/strong> Dra. C. Julieth Suarez Oceguera, Dra. Andria de la Cruz de O\u00f1a, Dr. Yandys Salas de la Cruz, Lic. Katiusca Mancebo Limonta, Dra. C. Yanet Ortega Dugrot.<\/p>\n<ol style=\"text-align: justify\" start=\"5\">\n<li style=\"text-align: justify\"><strong><a href=\"https:\/\/promociondeeventos.sld.cu\/forumcncma2024\/acidos-biliares-evidencias-actuales\/\" target=\"_blank\" rel=\"noopener\">\u00c1cidos Biliares: evidencias actuales<\/a><\/strong>.<\/li>\n<\/ol>\n<p style=\"text-align: justify\"><strong>Autores:<\/strong>\u00a0\u00a0 DrCs. Felipe Neri Pi\u00f1ol Jim\u00e9nez y Col.<\/p>\n<ol style=\"text-align: justify\" start=\"6\">\n<li style=\"text-align: justify\"><strong><a href=\"https:\/\/promociondeeventos.sld.cu\/forumcncma2024\/introduccion-y-desarrollo-de-los-estudios-de-motilidad-digestiva-en-el-cncma\/\" target=\"_blank\" rel=\"noopener\">Introducci\u00f3n y desarrollo de los estudios de motilidad digestiva en el CNCMA<\/a>.<\/strong><\/li>\n<\/ol>\n<p style=\"text-align: justify\"><strong>Autora:<\/strong> Dra. C. Vivianne Mar\u00eda Anido Escobar.<\/p>\n<p style=\"text-align: justify\"><strong>\u00a0<\/strong><\/p>\n<h3 style=\"text-align: justify\"><strong>Trabajos destacados F\u00f3rum de Ciencia y T\u00e9cnica. CNCMA. 2024<\/strong><\/h3>\n<ol style=\"text-align: justify\">\n<li><strong><a href=\"https:\/\/promociondeeventos.sld.cu\/forumcncma2024\/impacto-de-la-pandemia-covid-19-en-la-coledocolitiasis-durante-las-colecistectomias-laparoscopicas-en-el-cncma\/\" target=\"_blank\" rel=\"noopener\">Impacto de la pandemia COVID-19 en la coledocolit\u00edasis durante las colecistectom\u00edas laparosc\u00f3picas en el CNCMA<\/a>.<\/strong><\/li>\n<\/ol>\n<p style=\"text-align: justify\"><strong>Autores:<\/strong> Dr. Yosniel Lugo Echevarr\u00eda; Dr. C. Rafael de la Caridad Torres Pe\u00f1a; MSc. Maricela Morera P\u00e9rez.<\/p>\n<ol style=\"text-align: justify\" start=\"2\">\n<li><strong><a href=\"https:\/\/promociondeeventos.sld.cu\/forumcncma2024\/cirugia-laparoscopica-colorrectal-en-el-adulto-mayor\/\" target=\"_blank\" rel=\"noopener\">Cirug\u00eda laparosc\u00f3pica colorrectal en el Adulto Mayor<\/a>.<\/strong><\/li>\n<\/ol>\n<p style=\"text-align: justify\"><strong>Autores:<\/strong> MSC. Mario Lu\u00eds Riguera Mart\u00edn, DR. C. Miguel \u00c1ngel Mart\u00ednez Alfonso, Dr. C. Rafael Torres Pe\u00f1a, Dr. C. Javier Ernesto Barrera Gonz\u00e1lez, MSC. Jorge Gerardo Pereira Fraga, Dra. Liuba Luisa Arteche Hidalgo.<\/p>\n<ol style=\"text-align: justify\" start=\"3\">\n<li style=\"text-align: justify\"><strong><a href=\"https:\/\/promociondeeventos.sld.cu\/forumcncma2024\/impacto-de-la-nefrectomia-laparoscopica-sobre-la-funcion-renal-posoperatoria\/\" target=\"_blank\" rel=\"noopener\">Impacto de la nefrectom\u00eda laparosc\u00f3pica sobre la funci\u00f3n renal posoperatoria<\/a>.\u00a0<\/strong><\/li>\n<\/ol>\n<p style=\"text-align: justify\"><strong>Autores:<\/strong> Dra. C. Tania Gonz\u00e1lez Le\u00f3n, MSc. Carmen P\u00e9rez Castro, MSC. Jorge Alberto Silva Valido, Est. Lucy Hern\u00e1ndez Gonz\u00e1lez, MSc. Maykel Quintana Rodr\u00edguez, MSc. Michel Hern\u00e1ndez Campoalegre.<\/p>\n<ol style=\"text-align: justify\" start=\"4\">\n<li style=\"text-align: justify\"><strong><a href=\"https:\/\/promociondeeventos.sld.cu\/forumcncma2024\/supervivencia-en-la-cirugia-conservadora-de-nefronas-por-carcinoma-renal\/\" target=\"_blank\" rel=\"noopener\">Supervivencia en la cirug\u00eda conservadora de nefronas por carcinoma renal<\/a>.<\/strong><\/li>\n<\/ol>\n<p style=\"text-align: justify\"><strong>Autores:<\/strong> Dra. C. Tania Gonz\u00e1lez-Le\u00f3n, MSc. Jes\u00fas J S\u00e1nchez-Mata, MSc. Michel Hern\u00e1ndez-Campoalegre, MSc. Maykel Quintana-Rodr\u00edguez, MSc. Roberto S\u00e1nchez-Tamaki, Dra. Liliam Quelle-Santana.<\/p>\n<ol style=\"text-align: justify\" start=\"5\">\n<li><strong><a href=\"https:\/\/promociondeeventos.sld.cu\/forumcncma2024\/la-gestion-de-la-calidad-de-los-pases-de-visita-docentes\/\" target=\"_blank\" rel=\"noopener\">La gesti\u00f3n de la calidad de los pases de visita docentes<\/a>.<\/strong><\/li>\n<\/ol>\n<p style=\"text-align: justify\"><strong>Autores:<\/strong> Dra.C. Irene Olimpia Barrios Osuna, Dr.C. Luis Alonso Fern\u00e1ndez, Dra.C. Vivianne Mar\u00eda Anido Escobar, Dra.Maricela Morera P\u00e9rez.<\/p>\n<ol style=\"text-align: justify\" start=\"6\">\n<li><strong><a href=\"https:\/\/promociondeeventos.sld.cu\/forumcncma2024\/angel-arturo-aballi-padre-de-la-pediatria-en-cuba\/\" target=\"_blank\" rel=\"noopener\">\u00c1ngel Arturo Aball\u00ed. Padre de la Pediatr\u00eda en Cuba<\/a>.<\/strong><\/li>\n<\/ol>\n<p style=\"text-align: justify\"><strong>Autores:<\/strong> \u00a0Est. Jorge Alejandro \u00c1vila Anido.<\/p>\n<ol style=\"text-align: justify\" start=\"7\">\n<li style=\"text-align: justify\"><strong><a href=\"https:\/\/promociondeeventos.sld.cu\/forumcncma2024\/cirugia-laparoscopica-de-las-fistulas-vesico-vaginales-10-anos-de-experiencia\/\" target=\"_blank\" rel=\"noopener\">Cirug\u00eda laparosc\u00f3pica de las fistulas v\u00e9sico-vaginales: 10 a\u00f1os de experiencia<\/a>.<\/strong><\/li>\n<\/ol>\n<p style=\"text-align: justify\"><strong>Autores:<\/strong> Est. Lucy Hern\u00e1ndez Gonz\u00e1lez, Dr. Lenin Fidel Moreno Castro, Dr. Maykel Quintana Rodr\u00edguez, MSc. Michel Hern\u00e1ndez Campoalegre3, Est. Thalia Torres Torres, Est. Carlos Maza, Dra. C. Tania Gonz\u00e1lez Le\u00f3n.<\/p>\n<ol style=\"text-align: justify\" start=\"8\">\n<li style=\"text-align: justify\"><strong><a href=\"https:\/\/promociondeeventos.sld.cu\/forumcncma2024\/terapeutica-endoscopica-en-esofago-enfoque-historico-en-cncma\/\" target=\"_blank\" rel=\"noopener\">Terap\u00e9utica endosc\u00f3pica en es\u00f3fago. Enfoque hist\u00f3rico en CNCMA<\/a>.<\/strong><\/li>\n<\/ol>\n<p style=\"text-align: justify\"><strong>Autores:<\/strong> Dra. Mildred C. Armenteros Torres, Dra. C. Vivianne Mar\u00eda Anido Escobar, Dr C. Norberto C. Alfonso Contino, Dr. Jorge Luis Garc\u00eda Menocal, \u00a0Dr Cs. Felipe Neri Pi\u00f1ol Jim\u00e9nez.<\/p>\n<h3 style=\"text-align: justify\"><strong>Trabajos Menci\u00f3n F\u00f3rum de Ciencia y T\u00e9cnica. CNCMA. 2024<\/strong><\/h3>\n<ol style=\"text-align: justify\">\n<li style=\"text-align: justify\"><strong><a href=\"https:\/\/promociondeeventos.sld.cu\/forumcncma2024\/tratamiento-endoscopico-de-los-meningoencefaloceles-nasales\/\" target=\"_blank\" rel=\"noopener\">Tratamiento endosc\u00f3pico de los\u00a0 meningoencefaloceles \u00a0nasales<\/a>.<\/strong><\/li>\n<\/ol>\n<p style=\"text-align: justify\"><strong>Autores:<\/strong> Dr. C. Luis Alonso Fern\u00e1ndez; Dra. C. Tania Leyva Mastrapa.<\/p>\n<ol style=\"text-align: justify\" start=\"2\">\n<li style=\"text-align: justify\"><strong><a href=\"https:\/\/promociondeeventos.sld.cu\/forumcncma2024\/consideraciones-oncologicas-de-la-nefroureterectomia-laparoscopica-en-el-tumor-urotelial-del-tracto-urinario-superior\/\" target=\"_blank\" rel=\"noopener\">Consideraciones oncol\u00f3gicas de la nefroureterectom\u00eda laparosc\u00f3pica en el tumor urotelial del tracto urinario superior<\/a>.<\/strong><\/li>\n<\/ol>\n<p style=\"text-align: justify\"><strong>Autores:<\/strong> Dr. Michel Hern\u00e1ndez Campoalegre, Dr C. Tania Gonz\u00e1lez Le\u00f3n, Dr. Maikel Quintana Rodr\u00edguez, Dr. Roberto S\u00e1nchez Tamaki, Dra. Maricela Morera P\u00e9rez, Dra. Ena Cecilia Sanchez Hernandez, Dra. Yanelis Soto Gonzalez.<\/p>\n<ol style=\"text-align: justify\" start=\"3\">\n<li><a href=\"https:\/\/promociondeeventos.sld.cu\/forumcncma2024\/prostatectomia-simple-laparoscopica\/\" target=\"_blank\" rel=\"noopener\">Prostatectom\u00eda simple laparosc\u00f3pica<\/a>.<\/li>\n<\/ol>\n<p style=\"text-align: justify\"><strong>Autores:<\/strong> MSc. Maykel Quintana Rodr\u00edguez, Dra. C. Tania Gonz\u00e1lez Le\u00f3n, MSc. Michel Hern\u00e1ndez Campoalegre, MSc. Roberto S\u00e1nchez Tamaki, Dra. Ena Cecilia S\u00e1nchez, MSc. Juan Bautista Oliv\u00e9 Gonz\u00e1lez.<\/p>\n<ol style=\"text-align: justify\" start=\"4\">\n<li style=\"text-align: justify\"><strong><a href=\"https:\/\/promociondeeventos.sld.cu\/forumcncma2024\/impacto-economico-de-la-intervencion-nutricional-en-los-pacientes-con-riesgo-de-desnutricion\/\" target=\"_blank\" rel=\"noopener\">Impacto econ\u00f3mico de la intervenci\u00f3n nutricional en los pacientes con riesgo de desnutrici\u00f3n<\/a>.<\/strong><\/li>\n<\/ol>\n<p style=\"text-align: justify\"><strong>Autores:<\/strong> Msc. Lilian Valdivia Garc\u00eda.<\/p>\n<ol style=\"text-align: justify\" start=\"5\">\n<li style=\"text-align: justify\"><strong><a href=\"https:\/\/promociondeeventos.sld.cu\/forumcncma2024\/conocimientos-actitudes-y-practicas-en-bioseguridad-en-trabajadores-expuestos-a-riesgos-biologicos\/\" target=\"_blank\" rel=\"noopener\">Conocimientos, actitudes y pr\u00e1cticas en bioseguridad en trabajadores expuestos a riesgos biol\u00f3gicos<\/a>.<\/strong><\/li>\n<\/ol>\n<p style=\"text-align: justify\"><strong>Autores:<\/strong> Dra. Daimarelis Guerra del Valle.<\/p>\n<ol style=\"text-align: justify\" start=\"6\">\n<li style=\"text-align: justify\"><strong><a href=\"https:\/\/promociondeeventos.sld.cu\/forumcncma2024\/bloqueo-de-escalpe-en-la-cirugia-funcional-de-pacientes-con-enfermedad-de-parkinson\/\" target=\"_blank\" rel=\"noopener\">Bloqueo de escalpe en la cirug\u00eda funcional de pacientes con enfermedad de parkinson<\/a>.<\/strong><\/li>\n<\/ol>\n<p style=\"text-align: justify\"><strong>Autores:<\/strong> MSc. Isabel P\u00e9rez Fern\u00e1ndez, MSc. Sheila Berrillo Batista. MSc. Ricardo Vald\u00e9s Llerena.<\/p>\n<ol style=\"text-align: justify\" start=\"7\">\n<li style=\"text-align: justify\"><strong><a href=\"https:\/\/promociondeeventos.sld.cu\/forumcncma2024\/caracterizacion-del-hematoma-subdural-agudo-en-el-servicio-de-urgencias-del-hospital-calixto-garcia\/\" target=\"_blank\" rel=\"noopener\">Caracterizaci\u00f3n del Hematoma Subdural Agudo en el servicio de urgencias del Hospital Calixto Garc\u00eda<\/a><\/strong>.<\/li>\n<\/ol>\n<p style=\"text-align: justify\"><strong>Autores:<\/strong> Est. Jorge Alejandro Avila Anido. Dr. Abel Collazo Sosa.<\/p>\n<ol style=\"text-align: justify\" start=\"8\">\n<li style=\"text-align: justify\"><strong><a href=\"https:\/\/promociondeeventos.sld.cu\/forumcncma2024\/nivel-de-satisfaccion-del-paciente-oncologico-en-la-realizacion-de-la-ultrasonografia-endoscopica\/\" target=\"_blank\" rel=\"noopener\">Nivel de satisfacci\u00f3n del paciente oncol\u00f3gico en la realizaci\u00f3n de la ultrasonograf\u00eda endosc\u00f3pica<\/a>.<\/strong><\/li>\n<\/ol>\n<p style=\"text-align: justify\"><strong>Autores:<\/strong> Lic. Claudia Caraballo Sosa. Lic. Maitee Cepeda Iglesias.<\/p>\n<p style=\"text-align: justify\">En la cita participaron m\u00e9dicos especialistas, licenciados en enfermer\u00eda, tecn\u00f3logos de la salud, estudiantes y trabajadores con ponencias que propiciaron el debate cient\u00edfico-t\u00e9cnico y el intercambio de conocimientos en cuanto a la ciencia y la innovaci\u00f3n entre ponentes, tribunales y trabajadores en general.<\/p>\n<p style=\"text-align: justify\">El programa propici\u00f3 adem\u00e1s importantes aportes a la calidad de los servicios de salud y el posgrado acad\u00e9mico.<\/p>\n","protected":false},"excerpt":{"rendered":"<p>Informe F\u00f3rum de Base 2024. \u00a0\u00a0\u00a0\u00a0Relator\u00eda PDF El evento de base del F\u00f3rum de Ciencia y T\u00e9cnica del Centro Nacional de Cirug\u00eda de M\u00ednimo Acceso se realiz\u00f3 el 12 de julio de 2024, sesionando en un espacio virtual creado en CENCOMED, con la participaci\u00f3n de 64 trabajadores y 5 estudiantes de medicina invitados a la [&hellip;]<\/p>\n","protected":false},"author":3301,"featured_media":0,"parent":0,"menu_order":0,"comment_status":"closed","ping_status":"closed","template":"","meta":[],"_links":{"self":[{"href":"https:\/\/promociondeeventos.sld.cu\/forumcncma2024\/wp-json\/wp\/v2\/pages\/833"}],"collection":[{"href":"https:\/\/promociondeeventos.sld.cu\/forumcncma2024\/wp-json\/wp\/v2\/pages"}],"about":[{"href":"https:\/\/promociondeeventos.sld.cu\/forumcncma2024\/wp-json\/wp\/v2\/types\/page"}],"author":[{"embeddable":true,"href":"https:\/\/promociondeeventos.sld.cu\/forumcncma2024\/wp-json\/wp\/v2\/users\/3301"}],"replies":[{"embeddable":true,"href":"https:\/\/promociondeeventos.sld.cu\/forumcncma2024\/wp-json\/wp\/v2\/comments?post=833"}],"version-history":[{"count":18,"href":"https:\/\/promociondeeventos.sld.cu\/forumcncma2024\/wp-json\/wp\/v2\/pages\/833\/revisions"}],"predecessor-version":[{"id":876,"href":"https:\/\/promociondeeventos.sld.cu\/forumcncma2024\/wp-json\/wp\/v2\/pages\/833\/revisions\/876"}],"wp:attachment":[{"href":"https:\/\/promociondeeventos.sld.cu\/forumcncma2024\/wp-json\/wp\/v2\/media?parent=833"}],"curies":[{"name":"wp","href":"https:\/\/api.w.org\/{rel}","templated":true}]}}