{"id":130,"date":"2024-07-08T06:44:27","date_gmt":"2024-07-08T06:44:27","guid":{"rendered":"https:\/\/promociondeeventos.sld.cu\/forumcncma2024\/?page_id=130"},"modified":"2024-09-26T08:56:51","modified_gmt":"2024-09-26T13:56:51","slug":"tribunal-no-4","status":"publish","type":"page","link":"https:\/\/promociondeeventos.sld.cu\/forumcncma2024\/tribunal-no-4\/","title":{"rendered":"Tribunal No.4"},"content":{"rendered":"<p><strong>Tribunal No. 4<\/strong> (<strong>Para trabajos de estudiantes de medicina<\/strong>)<\/p>\n<p><strong>Presidente:<\/strong> Dr. C. Tania Gonz\u00e1lez Le\u00f3n.\u00a0 <a href=\"http:\/\/promociondeeventos.sld.cu\/forumcncma2024\/files\/2024\/07\/Certificados-Tribunales-13.pdf\" target=\"_blank\" rel=\"noopener\">Certificado<\/a><\/p>\n<p><strong>Miembros:<\/strong> Dr. Oreste Gonz\u00e1lez Torres.\u00a0 <a href=\"http:\/\/promociondeeventos.sld.cu\/forumcncma2024\/files\/2024\/07\/Certificados-Tribunales-14.pdf\" target=\"_blank\" rel=\"noopener\">Certificado<\/a><\/p>\n<p>Dr. MSc. Maykel Quintana Rodr\u00edguez. <a href=\"http:\/\/promociondeeventos.sld.cu\/forumcncma2024\/files\/2024\/07\/Certificados-Tribunales-15.pdf\" target=\"_blank\" rel=\"noopener\">Certificado<\/a><\/p>\n<p style=\"text-align: center\"><strong>Trabajos:<\/strong><\/p>\n<p><strong>1-<\/strong><a href=\"https:\/\/promociondeeventos.sld.cu\/forumcncma2024\/lesiones-intracraneales-hemorragicas-hematoma-subdural-agudo\/\" target=\"_blank\" rel=\"noopener\"><strong>Lesiones Intracraneales hemorr\u00e1gicas: hematoma subdural agudo<\/strong><\/a>.<\/p>\n<p style=\"text-align: justify\"><strong>Introducci\u00f3n: <\/strong>Entre las lesiones hemorr\u00e1gicas intracraneanas, los hematomas subdurales agudos constituyen las lesiones m\u00e1s letales, con una prevalencia significativa en los grupos etarios m\u00e1s ancianos <strong>Objetivo: <\/strong>Describir las caracter\u00edsticas epidemiol\u00f3gicas de los pacientes tratados quir\u00fargicamente por HSDAs en el Hospital Calixto Garc\u00eda durante el 2023. <strong>Material y<\/strong> <strong>M\u00e9todos: <\/strong>Se realiz\u00f3 un estudio observacional, descriptivo, de corte transversal, en el Hospital Universitario Calixto Garc\u00eda con los pacientes diagn\u00f3sticados con HSDA, escogiendo aquellos que fueron sometidos a procederes quir\u00fargico. <strong>Resultados: <\/strong>Predomin\u00f3 el sexo masculino en mayores de 60 a\u00f1os. En los pacientes valorados, las ca\u00eddas fueron la principal causa de asistencia al servicio. Los traumas fueron mayormente severos de acorde a su clasificaci\u00f3n en ECG. Se emplearon mayormente craniectom\u00edas. Se determin\u00f3 una relaci\u00f3n de relevancia entre los valores de la ECG con el resto de variables. <strong>Conclusiones:<\/strong> Se respaldaron los resultados obtenidos con estudios realizados previamente en el centro, as\u00ed como en el \u00e1mbito nacional e internacional.<\/p>\n<p><strong>Palabras Clave:<\/strong><\/p>\n<p style=\"text-align: justify\">Hematoma subdural agudo; Escala de Coma de Glasgow; Craneotom\u00eda<\/p>\n<p><a href=\"http:\/\/promociondeeventos.sld.cu\/forumcncma2024\/files\/2024\/09\/Lesiones-Intracraneales-hemorragicas-HSA-JCE2024-resumen.pdf\">Documento PDF<\/a>; <a href=\"http:\/\/promociondeeventos.sld.cu\/forumcncma2024\/files\/2024\/07\/Participantes-todos-18.pdf\" target=\"_blank\" rel=\"noopener\">Certificado de Participaci\u00f3n<\/a><br \/>\n<!--more--><\/p>\n<p><strong>2-<a href=\"https:\/\/promociondeeventos.sld.cu\/forumcncma2024\/angel-arturo-aballi-padre-de-la-pediatria-en-cuba\/\" target=\"_blank\" rel=\"noopener\">\u00c1ngel Arturo Aball\u00ed. Padre de la Pediatr\u00eda en Cuba<\/a>.\u00a0<\/strong><\/p>\n<p style=\"text-align: justify\"><strong>Introducci\u00f3n: <\/strong>A partir del siglo XIX en Cuba los pocos y mal dotados servicios de cl\u00ednicas existentes recib\u00edan en sus salas indistintamente tanto al adulto como al ni\u00f1o enfermo. A principios de siglo se crea una asignatura que identifican como Obstetricia, Ginecolog\u00eda e Infancia, limitada a conferencias te\u00f3ricas. En 1887 comenz\u00f3 a impartirse un \u00abCurso Especial de Enfermedades de los Ni\u00f1os con su Cl\u00ednica\u00bb, impartido por el doctor Antonio Jover pero que posteriormente ser\u00eda impartido por el doctor Angel Arturo Aball\u00ed. <strong>Objetivo: <\/strong>Exponer la labor realizada por el doctor \u00c1ngel Arturo Aball\u00ed para el desarrollo de la pediatr\u00eda en Cuba. <strong>Dise\u00f1o metodol\u00f3gico: <\/strong>B\u00fasqueda bibliogr\u00e1fica donde se citaron 11 art\u00edculos de tem\u00e1tica relacionada. <strong>Desarrollo: <\/strong>Entre las contribuciones del doctor Aball\u00ed a la pediatr\u00eda en Cuba podemos encontrar: Papel como profesor Titular de la C\u00e1tedra de Patolog\u00eda y Cl\u00ednica Infantiles, fundador y presidente de la Federaci\u00f3n M\u00e9dica de Cuba y la Sociedad Cubana de Pediatr\u00eda y fundador del Hospital Infantil Antituberculoso que posteriormente tendr\u00eda su nombre. <strong>Conclusiones: <\/strong>Pese a su muerte, sus contribuciones a la pediatr\u00eda han sido factores fundamentales para que, a d\u00eda de hoy, hayamos podido arribar a las m\u00e1s bajas tasas de mortalidad en Am\u00e9rica Latina, para todos los grupos de edades en la infancia, sumado a que su influencia ha moldeado la forma, ya no solo de su especialidad, sino de toda la medicina impartida en nuestro pa\u00eds.<\/p>\n<p><a href=\"http:\/\/promociondeeventos.sld.cu\/forumcncma2024\/files\/2024\/07\/El-Padre-de-la-Pediatria-Angel-Aballi.pdf\" target=\"_blank\" rel=\"noopener\">Documento PDF<\/a>; <a href=\"http:\/\/promociondeeventos.sld.cu\/forumcncma2024\/files\/2024\/07\/Participantes-todos-17.pdf\" target=\"_blank\" rel=\"noopener\">Certificado de Participaci\u00f3n<\/a><\/p>\n<p><!--more--><\/p>\n<p><strong>3-<a href=\"https:\/\/promociondeeventos.sld.cu\/forumcncma2024\/cirugia-laparoscopica-de-las-fistulas-vesico-vaginales-10-anos-de-experiencia\/\" target=\"_blank\" rel=\"noopener\">Cirug\u00eda laparosc\u00f3pica de las fistulas v\u00e9sico-vaginales: 10 a\u00f1os de experiencia<\/a>.\u00a0<\/strong><\/p>\n<p style=\"text-align: justify\"><strong>Introducci\u00f3n:<\/strong> Las lesiones iatrog\u00e9nicas del tracto urinario se originan fundamentalmente durante las cirug\u00edas pelvianas, con una frecuencia cercana al 1% y dentro de estas la m\u00e1s frecuente es la f\u00edstula v\u00e9sico-vaginal (FVV), que es la comunicaci\u00f3n anormal entre la vejiga y la vagina resultando en una p\u00e9rdida continua de orina con gran impacto negativo tanto emocional como social en las mujeres afectadas. <strong>Objetivo:<\/strong> Describir los resultados perioperatorios de la cirug\u00eda laparosc\u00f3pica de las fistulas v\u00e9sico-vaginales. <strong>Metodolog\u00eda:<\/strong> Estudio observacional, descriptivo, transversal y retrospectivo en una serie de 44 pacientes operadas mediante abordaje laparosc\u00f3pico de FVV, en el Centro Nacional de Cirug\u00eda de M\u00ednimo Acceso, 2012-2022. El abordaje laparosc\u00f3pico se indic\u00f3 en pacientes con FVV de causa quir\u00fargica o por parto instrumentado, de localizaci\u00f3n retrotrigonal, que no tuvieran m\u00e1s de un intento previo de reparaci\u00f3n, sin historia de radioterapia p\u00e9lvica y sin actividad tumoral p\u00e9lvica en el momento de la reparaci\u00f3n. Se realiz\u00f3 abordaje transperitoneal y la reparaci\u00f3n fue extravesical. El cierre de la vejiga se realiz\u00f3 en un solo plano con sutura continua, inicialmente con vicryl 3-0 y en los \u00faltimos a\u00f1os se emple\u00f3 sutura barbada 3-0. La informaci\u00f3n se proces\u00f3 autom\u00e1ticamente, y el an\u00e1lisis estad\u00edstico se realiz\u00f3 con el programa estad\u00edstico IBM-SPSS versi\u00f3n 21 para Windows. Se calcularon frecuencias absolutas y relativas, as\u00ed como la media y desviaci\u00f3n est\u00e1ndar, de acuerdo al tipo de variable. <strong>Resultados:<\/strong> La edad media de la serie fue 43,29 a\u00f1os. Predomin\u00f3 el estado f\u00edsico ASA I (70,45%). La histerectom\u00eda result\u00f3 la intervenci\u00f3n quir\u00fargica que m\u00e1s se relacion\u00f3 con la presencia de la FVV. Fueron m\u00e1s frecuentes las lesiones no mayores de 2 cm (68,18%). No se requiri\u00f3 conversi\u00f3n a cirug\u00eda abierta en ning\u00fan caso. Se presentaron complicaciones en tres pacientes (6,82%) y en cinco (11,3%) recurri\u00f3 la f\u00edstula. <strong>Conclusiones:<\/strong> El abordaje laparosc\u00f3pico es factible, con alto porcentaje de \u00e9xito y seguridad; constituye una alternativa terap\u00e9utica m\u00ednimamente invasiva que debe ser considerada.<\/p>\n<p><a href=\"http:\/\/promociondeeventos.sld.cu\/forumcncma2024\/files\/2024\/07\/Cirugia-laparo-fistulas-vesico-vaginales.pdf\" target=\"_blank\" rel=\"noopener\">Documento PDF<\/a>; <a href=\"http:\/\/promociondeeventos.sld.cu\/forumcncma2024\/files\/2024\/07\/Participantes-todos-16.pdf\" target=\"_blank\" rel=\"noopener\">Certificado de Participaci\u00f3n<\/a><\/p>\n<p><!--more--><\/p>\n<p>&nbsp;<\/p>\n","protected":false},"excerpt":{"rendered":"<p>Tribunal No. 4 (Para trabajos de estudiantes de medicina) Presidente: Dr. C. Tania Gonz\u00e1lez Le\u00f3n.\u00a0 Certificado Miembros: Dr. Oreste Gonz\u00e1lez Torres.\u00a0 Certificado Dr. MSc. Maykel Quintana Rodr\u00edguez. Certificado Trabajos: 1-Lesiones Intracraneales hemorr\u00e1gicas: hematoma subdural agudo. Introducci\u00f3n: Entre las lesiones hemorr\u00e1gicas intracraneanas, los hematomas subdurales agudos constituyen las lesiones m\u00e1s letales, con una prevalencia significativa en [&hellip;]<\/p>\n","protected":false},"author":3301,"featured_media":0,"parent":0,"menu_order":0,"comment_status":"open","ping_status":"open","template":"","meta":[],"_links":{"self":[{"href":"https:\/\/promociondeeventos.sld.cu\/forumcncma2024\/wp-json\/wp\/v2\/pages\/130"}],"collection":[{"href":"https:\/\/promociondeeventos.sld.cu\/forumcncma2024\/wp-json\/wp\/v2\/pages"}],"about":[{"href":"https:\/\/promociondeeventos.sld.cu\/forumcncma2024\/wp-json\/wp\/v2\/types\/page"}],"author":[{"embeddable":true,"href":"https:\/\/promociondeeventos.sld.cu\/forumcncma2024\/wp-json\/wp\/v2\/users\/3301"}],"replies":[{"embeddable":true,"href":"https:\/\/promociondeeventos.sld.cu\/forumcncma2024\/wp-json\/wp\/v2\/comments?post=130"}],"version-history":[{"count":21,"href":"https:\/\/promociondeeventos.sld.cu\/forumcncma2024\/wp-json\/wp\/v2\/pages\/130\/revisions"}],"predecessor-version":[{"id":994,"href":"https:\/\/promociondeeventos.sld.cu\/forumcncma2024\/wp-json\/wp\/v2\/pages\/130\/revisions\/994"}],"wp:attachment":[{"href":"https:\/\/promociondeeventos.sld.cu\/forumcncma2024\/wp-json\/wp\/v2\/media?parent=130"}],"curies":[{"name":"wp","href":"https:\/\/api.w.org\/{rel}","templated":true}]}}