{"id":29,"date":"2022-10-17T15:05:14","date_gmt":"2022-10-17T15:05:14","guid":{"rendered":"http:\/\/promociondeeventos.sld.cu\/flap2022en\/?page_id=29"},"modified":"2022-10-24T13:28:12","modified_gmt":"2022-10-24T13:28:12","slug":"scientific-program","status":"publish","type":"page","link":"https:\/\/promociondeeventos.sld.cu\/flap2022en\/scientific-program\/","title":{"rendered":"Scientific Program"},"content":{"rendered":"<p><a href=\"http:\/\/promociondeeventos.sld.cu\/flap2022\/files\/2022\/10\/PROGRAMA-FLAP-Y-MICROBIOLOGIA-2022-PRELIMINAR.pdf\" target=\"_blank\">Program<\/a><\/p>\n<table width=\"496\">\n<tbody>\n<tr>\n<td width=\"49\"><strong>D\u00eda<\/strong><\/td>\n<td width=\"40\"><strong>Sesi\u00f3n<\/strong><\/td>\n<td width=\"166\"><strong>FORUM I<\/strong><\/td>\n<td width=\"168\"><strong>FORUM II<\/strong><\/td>\n<td width=\"73\"><strong>FORUM III<\/strong><\/td>\n<\/tr>\n<tr>\n<td rowspan=\"10\" width=\"49\"><strong>Martes 1 de Noviembre<\/strong><strong>\u00a0<\/strong><strong>\u00a0<\/strong><\/td>\n<td rowspan=\"6\" width=\"40\"><strong>\u00a0<\/strong><strong>\u00a0<\/strong><strong>Ma\u00f1ana<\/strong><\/p>\n<p><strong>9:00am-2:00pm<\/strong><\/p>\n<p>&nbsp;<\/td>\n<td width=\"166\"><strong>Apertura 9:00am-9:30am<\/strong><\/td>\n<td width=\"168\"><strong>\u00a0<\/strong><\/td>\n<td width=\"73\"><strong>\u00a0<\/strong><\/td>\n<\/tr>\n<tr>\n<td width=\"166\"><strong>Conferencia Magistral Apertura 9:30am-10:00am<\/strong><strong><em>ESTRATEGIA CUBANA PARA EL ENFRENTAMIENTO A LA COVID-19. Dr. JOSE A. PORTAL MIRANDA. MINISTRO DE SALUD PUBLICA DE CUBA<\/em><\/strong><\/td>\n<td width=\"168\"><strong>\u00a0<\/strong><\/td>\n<td width=\"73\"><strong>\u00a0<\/strong><\/td>\n<\/tr>\n<tr>\n<td width=\"166\"><strong>Conferencia Magistral 10:00am-10:30am<\/strong><strong><em>FILOGENIA DE TRIPANOSOM\u00c1TIDOS BASADA EN LA REGI\u00d3N CODIFICANTE COMPLETA DEL MAXIC\u00cdRCULO.<\/em><\/strong><strong><em>PROF. JOSE MARIA REQUENA ROLANIA. FACULTAD DE CIENCIAS, UNIVERSIDAD AUT\u00d3NOMA DE MADRID. ESPA\u00d1A.<\/em><\/strong><\/td>\n<td width=\"168\"><strong>Conferencia Magistral 10:00am-10:30am<\/strong><strong><em>SITUACION ACTUAL DEL DENGUE Y OTRAS ARBOVIROSIS EMERGENTES EN LA REGION DE LAS AMERICAS. DRCS. MARIA G. GUZMAN, IPK, CUBA. <\/em><\/strong><\/td>\n<td width=\"73\"><strong>\u00a0<\/strong><\/td>\n<\/tr>\n<tr>\n<td width=\"166\"><strong>SESION FLAP\u00a0 10:30am- 12:00m<\/strong><strong><em>ENFERMEDAD DE CHAGAS. NUEVOS AVANCES Y PERSPECTIVAS<\/em><\/strong><\/td>\n<td width=\"168\"><strong>SESION MICROBIOLOGIA 10:30am- 12:00m<\/strong><strong><em>DENGUE Y OTRAS ARBOVIROSIS EMERGENTES<\/em><\/strong><\/td>\n<td width=\"73\"><strong>\u00a0<\/strong><\/td>\n<\/tr>\n<tr>\n<td width=\"166\"><strong>SESION FLAP\u00a0 12:00m-1:30am<\/strong><strong><em>LEISHMANIASIS. <\/em><\/strong><strong><em>RETOS Y PERSPECTIVAS<\/em><\/strong><\/td>\n<td width=\"168\"><strong>SESION MICROBIOLOGIA 12:00m-1:30am<\/strong><strong><em>DENGUE Y OTRAS ARBOVIROSIS EMERGENTES (cont.)<\/em><\/strong><\/td>\n<td width=\"73\"><strong>\u00a0<\/strong><\/td>\n<\/tr>\n<tr>\n<td colspan=\"2\" width=\"334\"><strong>RECESO 1:30-2:00pm<\/strong><\/td>\n<td width=\"73\"><strong>\u00a0<\/strong><\/td>\n<\/tr>\n<tr>\n<td rowspan=\"4\" width=\"40\"><strong>\u00a0<\/strong><strong>Tarde<\/strong><strong>2:00pm-6:00pm<\/strong><\/td>\n<td width=\"166\"><strong>Conferencia Magistral 2:00-2:30pm<\/strong><strong><em>MONKEYPOX: ASPECTOS GENERALES Y SITUACI\u00d3N ACTUAL. DR. JAIRO MENDEZ-RICO, OPS. <\/em><\/strong><\/td>\n<td width=\"168\"><strong>Conferencia Magistral 2:00-2:30pm<\/strong><strong><em>SITUACI\u00d3N DE LA TUBERCULOSIS EN LA REGI\u00d3N. PERSPECTIVAS PARA SU ELIMINACI\u00d3N. PROF. MICHAEL LAUZARDO.\u00a0 UNIVERSIDAD DE LA FLORIDA, EEUU<\/em><\/strong><\/td>\n<td width=\"73\"><strong>\u00a0<\/strong><\/td>\n<\/tr>\n<tr>\n<td width=\"166\"><strong>SESION FLAP\u00a0 2:30PM- 4:00PM<\/strong><strong><em>ZOONOSIS CONTEMPOR\u00c1NEAS. RETOS PARA SU PREVENCI\u00d3N Y CONTROL EN TIEMPOS DE PANDEMIA.<\/em><\/strong><\/td>\n<td width=\"168\"><strong>SESION MICROBIOLOGIA\u00a0 2:30pm- 4:00pm<\/strong><strong><em>SOSTENIBILIDAD PARA LA ELIMINACION LOCAL DE LA TUBERCULOSIS <\/em><\/strong><\/td>\n<td width=\"73\"><strong>\u00a0<\/strong><\/td>\n<\/tr>\n<tr>\n<td width=\"166\"><strong>SESION FLAP 4:00pm-5:30pm<\/strong><strong><em>ZOONOSIS CONTEMPOR\u00c1NEAS. RETOS PARA SU PREVENCI\u00d3N Y CONTROL EN TIEMPOS DE PANDEMIA. (cont.)<\/em><\/strong><strong><em>\u00a0<\/em><\/strong><\/td>\n<td width=\"168\"><strong>SESION MICROBIOLOGIA- 4:00pm-5:30pm<\/strong><strong><em>HEPATITIS VIRALES. NUEVOS RETOS A LAS PUERTAS DEL 2022<\/em><\/strong><strong>\u00a0<\/strong><\/td>\n<td width=\"73\"><strong>\u00a0<\/strong><\/td>\n<\/tr>\n<tr>\n<td colspan=\"2\" width=\"334\"><strong>POSTER 5:30-6:30pm<\/strong><\/td>\n<td width=\"73\"><strong>\u00a0<\/strong><\/td>\n<\/tr>\n<tr>\n<td rowspan=\"11\" width=\"49\"><strong>Mi\u00e9rcoles<\/strong><strong>2 de Noviembre<\/strong><strong>\u00a0<\/strong><\/p>\n<p><strong>\u00a0<\/strong><\/p>\n<p><strong>\u00a0<\/strong><\/td>\n<td rowspan=\"6\" width=\"40\"><strong>\u00a0<\/strong><strong>\u00a0<\/strong><strong>Ma\u00f1ana<\/strong><\/p>\n<p><strong>9:00am-1:30pm<\/strong><\/td>\n<td width=\"166\"><strong>Conferencia Magistral 9:00am-9:30am<\/strong><strong><em>DIVERSIDAD DE ANGIOSTRONGYLUS COSTARICENSIS EN LAS AM\u00c9RICAS: UN VIAJE DE 50 A\u00d1OS. <\/em><\/strong><strong>PROF. ALICIA ROJAS, UNIVERSIDAD DE COSTA RICA, COSTA RICA. <\/strong><\/td>\n<td width=\"168\"><strong>Conferencia Magistral 9:00am-9:30am<\/strong><strong><em>MUCORMICOSIS Y COVID-19\u00a0\u00a0\u00a0\u00a0\u00a0\u00a0\u00a0\u00a0\u00a0\u00a0 <\/em><\/strong><strong><em>PROF. <\/em><\/strong><strong><em>ALEXANDRO BONIFAS, UNIVERSIDAD NACIONAL AUT\u00d3NOMA DE M\u00c9XICO, M\u00c9XICO<\/em><\/strong><\/td>\n<td width=\"73\"><strong>\u00a0<\/strong><\/td>\n<\/tr>\n<tr>\n<td width=\"166\"><strong>SESION FLAP\u00a0 9:30am- 11:00am<\/strong><strong><em>PARASITOSIS INTESTINALES EN EL SIGLO XXI: PREVENCI\u00d3N, DIAGN\u00d3STICO Y TRATAMIENTO<\/em><\/strong><\/td>\n<td width=\"168\"><strong>SESION\u00a0 MICROBIOLOGIA 9:30am- 11:00am <\/strong><strong><em>LA MICOLOG\u00cdA M\u00c1S ALL\u00c1 DE LOS <\/em><\/strong><strong><em>NUEVOS DESAF\u00cdOS EN LA SALUD<\/em><\/strong><\/td>\n<td width=\"73\"><strong><em>REUNION ACACPMT<\/em><\/strong><\/td>\n<\/tr>\n<tr>\n<td rowspan=\"2\" width=\"166\"><strong>SESION FLAP\u00a0 11:00am-12:30m<\/strong><strong><em>ANTIPARASITARIOS: DESARROLLO Y ESTRATEGIAS EN LA ERA ACTUAL<\/em><\/strong><\/td>\n<td width=\"168\"><strong>Conferencia Magistral 11:00am-11:20am<\/strong><strong><em>SITUACI\u00d3N ACTUAL DE LA POLIOMIELITIS EN EL MUNDO.\u00a0\u00a0\u00a0\u00a0\u00a0\u00a0\u00a0\u00a0\u00a0\u00a0\u00a0\u00a0\u00a0\u00a0 <\/em><\/strong><strong><em>DR. ONDREJ MACH, OMS, SUIZA<\/em><\/strong><\/td>\n<td width=\"73\"><strong>\u00a0<\/strong><\/td>\n<\/tr>\n<tr>\n<td rowspan=\"2\" width=\"168\"><strong>SESION MICROBIOLOGIA\u00a0 11:30am-12:30m<\/strong><strong><em>PROGRAMA DE INMUNIZACIONES: IMPACTO DE LA COVID-19<\/em><\/strong><\/td>\n<td width=\"73\"><strong>\u00a0<\/strong><\/td>\n<\/tr>\n<tr>\n<td width=\"166\"><strong>Conferencia Magistral 12:30m-1:00pm<\/strong><strong>BIOLAB<\/strong><strong><em>\u00a0<\/em><\/strong><\/td>\n<td width=\"73\"><strong>\u00a0<\/strong><\/td>\n<\/tr>\n<tr>\n<td colspan=\"2\" width=\"334\"><strong>RECESO 1:00pm-1:30pm<\/strong><\/td>\n<td width=\"73\"><strong>\u00a0<\/strong><\/td>\n<\/tr>\n<tr>\n<td rowspan=\"5\" width=\"40\"><strong>\u00a0<\/strong><strong>Tarde<\/strong><strong>1:30pm-6:00pm<\/strong><\/td>\n<td width=\"166\"><strong>Conferencia Magistral 1:30pm-2:00pm<\/strong><strong><em>MALARIA: UNA ACTUALIZACI\u00d3N.\u00a0 PROF. NELSON IV\u00c1N AGUDELO HIGUITA. CENTRO DE CIENCIAS M\u00c9DICAS. UNIVERSIDAD DE OKLAHOMA, EEUU<\/em><\/strong><\/td>\n<td width=\"168\"><strong>CONFERENCIA MAGISTRAL 1:30PM-2:00PM<\/strong><strong><em>ACTUALIZACI\u00d3N DEL C\u00d3LERA EN LA REGI\u00d3N DE LAS AM\u00c9RICAS Y EL MUNDO. PROF. WILLIAM PEREA, EXPERTO DE OMS.<\/em><\/strong><\/td>\n<td width=\"73\"><strong>\u00a0<\/strong><\/td>\n<\/tr>\n<tr>\n<td width=\"166\"><strong>SESION FLAP\u00a0 2:00pm- 3:30pm<\/strong><strong><em>MALARIA: UNA VISI\u00d3N INTEGRAL<\/em><\/strong><\/td>\n<td width=\"168\"><strong>SESION MICROBIOLOGIA\u00a0 2:00pm- 3:30pm<\/strong><strong><em>VIGILANCIA DEL C\u00d3LERA, SU HISTORIA, ENFRENTAMIENTO EPID\u00c9MICO Y SOSTENIBILIDAD DE LAS ACCIONES.<\/em><\/strong><\/td>\n<td width=\"73\"><strong>\u00a0<\/strong><\/td>\n<\/tr>\n<tr>\n<td rowspan=\"2\" width=\"166\"><strong>SESION FLAP 3:30PM-5:00PM<\/strong><strong><em>TOXOPLASMA Y TOXOPLASMOSIS: RETROSPECTIVA, ACTUALIDAD Y RETOS<\/em><\/strong><\/td>\n<td width=\"168\"><strong>Conferencia Magistral 3:30mm-4:00pm<\/strong><strong><em>IMPACTO DEL ACCESO A LAS TECNOLOG\u00cdAS M\u00c9DICAS Y LA INNOVACI\u00d3N, EN EL CAMPO DE LAS ENFERMEDADES INFECCIOSAS<\/em><\/strong><strong>. <em>PROF. ROSMARI RODR\u00cdGUEZ ROCHE, ROCHE.<\/em><\/strong><\/td>\n<td width=\"73\"><strong>\u00a0<\/strong><\/td>\n<\/tr>\n<tr>\n<td width=\"168\"><strong>SESION MICROBIOLOGIA 4:00pm-5:00pm<\/strong><strong><em>CONTEXTO ACTUAL DE LAS INFECCIONES MULTIDROGORESISTENTES<\/em><\/strong><\/td>\n<td width=\"73\"><strong>\u00a0<\/strong><\/td>\n<\/tr>\n<tr>\n<td colspan=\"2\" width=\"334\"><strong>POSTER 5:00-6:00pm<\/strong><\/td>\n<td width=\"73\"><strong>\u00a0<\/strong><\/td>\n<\/tr>\n<tr>\n<td rowspan=\"8\" width=\"49\"><strong>Jueves <\/strong><strong>3 de Noviembre<\/strong><strong>\u00a0<\/strong><\/p>\n<p><strong>\u00a0<\/strong><\/td>\n<td rowspan=\"4\" width=\"40\"><strong>\u00a0<\/strong><strong>\u00a0<\/strong><strong>Ma\u00f1ana<\/strong><\/p>\n<p><strong>9:00am-1:30pm<\/strong><\/td>\n<td width=\"166\"><strong>Conferencia Magistral 9:00am-9:30am<\/strong><strong><em>HOW TO LOOK FOR WORMS USING SATELLITES<\/em><\/strong><strong><em>PROF. WILLIAM SEAR, NIAID, EEUU.<\/em><\/strong><\/p>\n<p><strong>\u00a0<\/strong><\/td>\n<td width=\"168\"><strong>Conferencia Magistral 9:00am-9:30am<\/strong><strong><em>DESCUBRIMIENTO DE LOS VIRUS SARS-COV. <\/em><\/strong><strong><em>DR. JAN FELIX DREXLER, CHARIT\u00c9 \u2013 UNIVERSIT\u00c4TSMEDIZIN BERLIN, ALEMANIA <\/em><\/strong><\/td>\n<td width=\"73\"><strong>\u00a0<\/strong><\/td>\n<\/tr>\n<tr>\n<td width=\"166\"><strong>SESION FLAP\u00a0 9:30am- 11:00am<\/strong><strong><em>S\u00cdNDROME NEUROL\u00d3GICO INFECCIOSO. DESAF\u00cdOS DESPU\u00c9S DE LA COVID 19.<\/em><\/strong><\/td>\n<td width=\"168\"><strong>SESION MICROBIOLOGIA\u00a0 9:30am- 11:00am<\/strong><strong><em>PANDEMIA DE COVID 19: UN RETO PARA LA SALUD P\u00daBLICA MUNDIAL<\/em><\/strong><\/td>\n<td width=\"73\"><strong><em>\u00a0<\/em><\/strong><\/td>\n<\/tr>\n<tr>\n<td width=\"166\"><strong>SESION FLAP\u00a0 11:00am-12:30m<\/strong><strong><em>DISCIPLINAS CONTRIBUYENTES A LA PARASITOLOG\u00cdA: FORMACI\u00d3N, \u00c9TICA Y CIENCIAS SOCIALES.NUEVOS <\/em><\/strong><\/td>\n<td width=\"168\"><strong>SESION MICROBIOLOGIA\u00a0 11:00am-12:30m<\/strong><strong><em>PANDEMIA DE COVID 19: UN RETO PARA LA SALUD P\u00daBLICA MUNDIAL (cont.)<\/em><\/strong><\/td>\n<td width=\"73\"><strong>\u00a0<\/strong><\/td>\n<\/tr>\n<tr>\n<td colspan=\"2\" width=\"334\"><strong>Receso 12:30-1:30pm<\/strong><\/td>\n<td width=\"73\"><strong>\u00a0<\/strong><\/td>\n<\/tr>\n<tr>\n<td rowspan=\"4\" width=\"40\"><strong>\u00a0<\/strong><strong>Tarde<\/strong><strong>1:30pm-6:00pm<\/strong><\/td>\n<td width=\"166\"><strong>Conferencia Magistral 1:30pm-2:00pm<\/strong><strong><em>ALERTAS Y RESPUESTAS A EMERGENCIAS EN RESISTENCIA ANTIMICROBIANA. <\/em><\/strong><strong><em>PROF. MARCELO GALAS. TECHNICAL OFFICER, ANTIMICROBIAL RESISTANCE SURVEILLANCE COMMUNICABLE DISEASES AND HEALTH ANALYSIS.\u00a0 PAN AMERICAN HEALTH ORGANIZATION\/WORLD HEALTH ORGANIZATION (PAHO\/ WHO) <\/em><\/strong><\/td>\n<td width=\"168\"><strong>Conferencia Magistral 1:30pm-2:00pm<\/strong><strong><em>ENFRENTAMIENTO A VIRUS INFLUENZA CON POTENCIAL PAND\u00c9MICO CON ENFOQUE \u00a8UNA SALUD\u00a8. DR PASTOR ALFONSO. CENSA, CUBA<\/em><\/strong><\/td>\n<td width=\"73\"><strong>\u00a0<\/strong><\/td>\n<\/tr>\n<tr>\n<td width=\"166\"><strong>SESION MICROBIOLOGIA\u00a0 2:00pm- 3:30pm<\/strong><strong><em>UNA SALUD: ENFOQUE HOL\u00cdSTICO PARA EL ENFRENTAMIENTO DE LOS RIESGOS SANITARIOS.<\/em><\/strong><strong>\u00a0<\/strong><\/td>\n<td width=\"168\"><strong>SESION MICROBIOLOGIA\u00a0 2:00PM- 3:30PM<\/strong><strong><em>LAS INFECCIONES RESPIRATORIAS AGUDAS LOGROS Y DESAF\u00cdOS EN SU DIAGN\u00d3STICO, PREVENCI\u00d3N Y CONTROL.<\/em><\/strong><\/td>\n<td width=\"73\"><strong>\u00a0<\/strong><\/td>\n<\/tr>\n<tr>\n<td width=\"166\"><strong>SESION MICROBIOLOGIA 3:30pm-5:00pm<\/strong><strong><em>INFECCIONES ASOCIADAS A LA ASISTENCIA SANITARIA Y RESISTENCIA ANTIMICROBIANA: UN DESAF\u00cdO CRECIENTE ANTE LA CRISIS DE LA COVID-19.<\/em><\/strong><\/td>\n<td width=\"168\"><strong>SESION MICROBIOLOGIA 4:00pm-5:30pm <\/strong><strong><em>BIOLOG\u00cdA, ECOLOG\u00cdA Y CONTROL DE VECTORES<\/em><\/strong><\/td>\n<td width=\"73\"><strong>\u00a0<\/strong><\/td>\n<\/tr>\n<tr>\n<td colspan=\"2\" width=\"334\"><strong>POSTER 5:00-6:00pm<\/strong><\/td>\n<td width=\"73\"><strong>\u00a0<\/strong><\/td>\n<\/tr>\n<tr>\n<td rowspan=\"9\" width=\"49\"><strong>Viernes 4 de Noviembre<\/strong><\/td>\n<td rowspan=\"4\" width=\"40\"><strong>\u00a0<\/strong><strong>\u00a0<\/strong><strong>Ma\u00f1ana<\/strong><\/p>\n<p><strong>9:00am-1:30pm<\/strong><\/td>\n<td width=\"166\"><strong>Conferencia Magistral 9:00am-9:30am<\/strong><strong><em>SOBRE LA LLEGADA DE LA FASCIOLOSIS A LAS AM\u00c9RICAS: UNA HIP\u00d3TESIS DESDE LA INTERACCI\u00d3N HOSPEDERO-PAR\u00c1SITO-AMBIENTE. PROF. ANTONIO VAZQUEZ PERERA, IPK, CUBA<\/em><\/strong><\/td>\n<td width=\"168\"><strong>Conferencia Magistral 9:00am-9:30am<\/strong><strong><em>SITUACI\u00d3N DEL VIH\/SIDA EN CUBA. DR. MANUEL ROMERO PLACERES, MINSAP, CUBA.<\/em><\/strong><\/td>\n<td width=\"73\"><strong>\u00a0<\/strong><\/td>\n<\/tr>\n<tr>\n<td width=\"166\"><strong>SESION FLAP\u00a0 9:30am- 11:00am<\/strong><strong><em>INTERACCIONES HOSPEDERO-PAR\u00c1SITO-AMBIENTE: ASPECTOS MOLECULARES, GEN\u00c9TICOS Y ECOL\u00d3GICOS<\/em><\/strong><\/td>\n<td width=\"168\"><strong>SESION MICROBIOLOGIA-VIH\u00a0 9:30am- 11:00am<\/strong><strong><em>INFECCIONES DE TRANSMISION SEXUAL: NUEVAS ESTRATEGIAS DESDE LA PREVENCION A LA ELIMINACI\u00d3N<\/em><\/strong><\/td>\n<td width=\"73\"><strong><em>REUNION FLAP<\/em><\/strong><\/td>\n<\/tr>\n<tr>\n<td width=\"166\"><strong>SESION FLAP\u00a0 11:00m-12:30m<\/strong><strong><em>ENFOQUES EN EL ABORDAJE DE MEDIDAS DE CONTROL EN ENFERMEDADES PARASITARIAS DESATENDIDAS: UNA MIRADA DESDE ARGENTINA.<\/em><\/strong><\/td>\n<td width=\"168\"><strong>SESION MICROBIOLOGIA-VIH\u00a0\u00a0\u00a0 11:00am-12:30m<\/strong><strong><em>AN\u00c1LISIS Y ENFRENTAMIENTO DE LA DROGORESISTENCIA EN VIH<\/em><\/strong><\/td>\n<td width=\"73\"><strong>\u00a0<\/strong><\/td>\n<\/tr>\n<tr>\n<td colspan=\"2\" width=\"334\"><strong>POSTER 12:30-1:30pm<\/strong><\/td>\n<td width=\"73\"><strong>\u00a0<\/strong><\/td>\n<\/tr>\n<tr>\n<td rowspan=\"5\" width=\"40\"><strong>\u00a0<\/strong><strong>Tarde<\/strong><strong>2:00pm-5:30pm<\/strong><\/td>\n<td width=\"166\"><strong>Conferencia Magistral 1:30-2:00pm<\/strong><strong><em>LIDERAZGO Y GESTI\u00d3N DEL CAMBIO EN LOS LABORATORIOS CL\u00cdNICOS. PROF. JUAN PABLO GRAMMATICO. CONSULTOR DE LA ORGANIZACI\u00d3N PANAMERICANA DE LA SALUD, ARGENTINA, PROF. PATRICIA MIRA. MASTER EN SALUD P\u00daBLICA Y EN GESTI\u00d3N DE CALIDAD, EL SALVADOR.<\/em><\/strong><\/td>\n<td width=\"168\"><strong>Conferencia Magistral 1:30-2:00pm<\/strong><strong><em>HIV Y ENVEJECIMIENTO. PROF. PEDRO CAHN, DIRECTOR, FUNDACI\u00d3N HUESPED CARLOS GIANANTONIO, ARGENTINA\u00a0<\/em><\/strong><\/td>\n<td width=\"73\"><strong>\u00a0<\/strong><\/td>\n<\/tr>\n<tr>\n<td width=\"166\"><strong>SESION FLAP\u00a0 2:00pm- 3:15pm<\/strong><strong><em>GESTION DE LA CALIDAD Y BUENAS PRACTICAS DE LABORATORIO<\/em><\/strong><\/td>\n<td width=\"168\"><strong>SESION MICROBIOLOGIA-VIH\u00a0 2:00pm- 3:15pm<\/strong><strong><em>PREVENCION DE LA INFECCION POR VIH Y EL SIDA DESDE UNA MIRADA DESDE LA INVESTIGACION SOCIAL<\/em><\/strong><\/td>\n<td width=\"73\"><strong>\u00a0<\/strong><\/td>\n<\/tr>\n<tr>\n<td width=\"166\"><strong>SESION FLAP 3:15pm-4:30pm<\/strong><strong><em>CICUAL: EMPLEO DE ANIMALES DE LABORATORIO EN ESTUDIOS PRECLINICOS SOBRE ENFERMEDADES PARASITOLOGICAS<\/em><\/strong><\/td>\n<td width=\"168\"><strong>SESION MICROBIOLOGIA-VIH\u00a0 3:15pm-4:30pm<\/strong><strong><em>PARTICIPACI\u00d3N DE LAS POBLACIONES CLAVES EN LA RESPUESTA AL VIH<\/em><\/strong><\/td>\n<td width=\"73\"><strong>\u00a0<\/strong><\/td>\n<\/tr>\n<tr>\n<td width=\"166\"><strong>Conferencia Magistral de Clausura 4:30pm -5:00pm<\/strong><strong><em>C\u00d3MO ENFRENTAR EL FUTURO DE LAS ENFERMEDADES TROPICALES DESATENDIDAS. PROF. FELIPE GUHL, DIRECTOR CENTRO DE INVESTIGACIONES EN PARASITOLOG\u00cdA TROPICAL CIMPAT, COLOMBIA.<\/em><\/strong><\/td>\n<td width=\"168\"><strong>\u00a0<\/strong><\/td>\n<td width=\"73\"><strong>\u00a0<\/strong><\/td>\n<\/tr>\n<tr>\n<td width=\"166\"><strong>Clausura 5:00 pm-5:30pm<\/strong><\/td>\n<td width=\"168\"><strong><em>\u00a0<\/em><\/strong><\/td>\n<\/tr>\n<\/tbody>\n<\/table>\n<p>&nbsp;<\/p>\n","protected":false},"excerpt":{"rendered":"<p>Program D\u00eda Sesi\u00f3n FORUM I FORUM II FORUM III Martes 1 de Noviembre\u00a0\u00a0 \u00a0\u00a0Ma\u00f1ana 9:00am-2:00pm &nbsp; Apertura 9:00am-9:30am \u00a0 \u00a0 Conferencia Magistral Apertura 9:30am-10:00amESTRATEGIA CUBANA PARA EL ENFRENTAMIENTO A LA COVID-19. Dr. JOSE A. PORTAL MIRANDA. MINISTRO DE SALUD PUBLICA DE CUBA \u00a0 \u00a0 Conferencia Magistral 10:00am-10:30amFILOGENIA DE TRIPANOSOM\u00c1TIDOS BASADA EN LA REGI\u00d3N CODIFICANTE COMPLETA [&hellip;]<\/p>\n","protected":false},"author":3205,"featured_media":0,"parent":0,"menu_order":0,"comment_status":"closed","ping_status":"open","template":"","meta":[],"_links":{"self":[{"href":"https:\/\/promociondeeventos.sld.cu\/flap2022en\/wp-json\/wp\/v2\/pages\/29"}],"collection":[{"href":"https:\/\/promociondeeventos.sld.cu\/flap2022en\/wp-json\/wp\/v2\/pages"}],"about":[{"href":"https:\/\/promociondeeventos.sld.cu\/flap2022en\/wp-json\/wp\/v2\/types\/page"}],"author":[{"embeddable":true,"href":"https:\/\/promociondeeventos.sld.cu\/flap2022en\/wp-json\/wp\/v2\/users\/3205"}],"replies":[{"embeddable":true,"href":"https:\/\/promociondeeventos.sld.cu\/flap2022en\/wp-json\/wp\/v2\/comments?post=29"}],"version-history":[{"count":4,"href":"https:\/\/promociondeeventos.sld.cu\/flap2022en\/wp-json\/wp\/v2\/pages\/29\/revisions"}],"predecessor-version":[{"id":56,"href":"https:\/\/promociondeeventos.sld.cu\/flap2022en\/wp-json\/wp\/v2\/pages\/29\/revisions\/56"}],"wp:attachment":[{"href":"https:\/\/promociondeeventos.sld.cu\/flap2022en\/wp-json\/wp\/v2\/media?parent=29"}],"curies":[{"name":"wp","href":"https:\/\/api.w.org\/{rel}","templated":true}]}}