{"id":92,"date":"2022-09-21T15:38:36","date_gmt":"2022-09-21T15:38:36","guid":{"rendered":"http:\/\/promociondeeventos.sld.cu\/flap2022\/?page_id=92"},"modified":"2022-10-13T15:31:55","modified_gmt":"2022-10-13T15:31:55","slug":"comite-cientifico-internacional","status":"publish","type":"page","link":"https:\/\/promociondeeventos.sld.cu\/flap2022\/comite-cientifico-internacional\/","title":{"rendered":"Comit\u00e9 Cient\u00edfico Internacional"},"content":{"rendered":"<p>Alejandro Luquetti,\u00a0 Brasil<\/p>\n<p>Ana Flisser Steinbruch, M\u00e9xico<\/p>\n<p>Antonieta Rojas de Arias, Paraguay<\/p>\n<p>Azael Salda\u00f1a, Panam\u00e1<\/p>\n<p>Catalina Alba, Argentina<\/p>\n<p>Felipe Guhl Nannetti, Colombia<\/p>\n<p>Juan David Ramirez, Colombia<\/p>\n<p>Maria Mireya Mu\u00f1oz Arza, Panam\u00e1<\/p>\n<p>Rina Kaminsky, Honduras<\/p>\n<p>Santiago Mart\u00ednez Calvillo, M\u00e9xico<\/p>\n<p>Sergio Cimerman, Brasil<\/p>\n<p>Werner Apt, Chile<\/p>\n","protected":false},"excerpt":{"rendered":"<p>Alejandro Luquetti,\u00a0 Brasil Ana Flisser Steinbruch, M\u00e9xico Antonieta Rojas de Arias, Paraguay Azael Salda\u00f1a, Panam\u00e1 Catalina Alba, Argentina Felipe Guhl Nannetti, Colombia Juan David Ramirez, Colombia Maria Mireya Mu\u00f1oz Arza, Panam\u00e1 Rina Kaminsky, Honduras Santiago Mart\u00ednez Calvillo, M\u00e9xico Sergio Cimerman, Brasil Werner Apt, Chile<\/p>\n","protected":false},"author":3257,"featured_media":0,"parent":0,"menu_order":0,"comment_status":"closed","ping_status":"open","template":"","meta":[],"_links":{"self":[{"href":"https:\/\/promociondeeventos.sld.cu\/flap2022\/wp-json\/wp\/v2\/pages\/92"}],"collection":[{"href":"https:\/\/promociondeeventos.sld.cu\/flap2022\/wp-json\/wp\/v2\/pages"}],"about":[{"href":"https:\/\/promociondeeventos.sld.cu\/flap2022\/wp-json\/wp\/v2\/types\/page"}],"author":[{"embeddable":true,"href":"https:\/\/promociondeeventos.sld.cu\/flap2022\/wp-json\/wp\/v2\/users\/3257"}],"replies":[{"embeddable":true,"href":"https:\/\/promociondeeventos.sld.cu\/flap2022\/wp-json\/wp\/v2\/comments?post=92"}],"version-history":[{"count":4,"href":"https:\/\/promociondeeventos.sld.cu\/flap2022\/wp-json\/wp\/v2\/pages\/92\/revisions"}],"predecessor-version":[{"id":97,"href":"https:\/\/promociondeeventos.sld.cu\/flap2022\/wp-json\/wp\/v2\/pages\/92\/revisions\/97"}],"wp:attachment":[{"href":"https:\/\/promociondeeventos.sld.cu\/flap2022\/wp-json\/wp\/v2\/media?parent=92"}],"curies":[{"name":"wp","href":"https:\/\/api.w.org\/{rel}","templated":true}]}}

Comité Científico Internacional

<p>Alejandro Luquetti,  Brasil</p>
<p>Ana Flisser Steinbruch, México</p>
<p>Antonieta Rojas de Arias, Paraguay</p>
<p>Azael Saldaña, Panamá</p>
<p>Catalina Alba, Argentina</p>
<p>Felipe Guhl Nannetti, Colombia</p>
<p>Juan David Ramirez, Colombia</p>
<p>Maria Mireya Muñoz Arza, Panamá</p>
<p>Rina Kaminsky, Honduras</p>
<p>Santiago Martínez Calvillo, México</p>
<p>Sergio Cimerman, Brasil</p>
<p>Werner Apt, Chile</p>

<p>Alejandro Luquetti,  Brasil Ana Flisser Steinbruch, México Antonieta Rojas de Arias, Paraguay Azael Saldaña, Panamá Catalina Alba, Argentina Felipe Guhl Nannetti, Colombia Juan David Ramirez, Colombia Maria Mireya Muñoz Arza, Panamá Rina Kaminsky, Honduras Santiago Martínez Calvillo, México Sergio Cimerman, Brasil Werner Apt, Chile</p>
