{"id":77,"date":"2022-08-17T17:35:39","date_gmt":"2022-08-17T17:35:39","guid":{"rendered":"http:\/\/promociondeeventos.sld.cu\/flap2022\/?page_id=77"},"modified":"2022-08-17T17:35:39","modified_gmt":"2022-08-17T17:35:39","slug":"derechos-de-autor","status":"publish","type":"page","link":"https:\/\/promociondeeventos.sld.cu\/flap2022\/derechos-de-autor\/","title":{"rendered":"Derechos de Autor"},"content":{"rendered":"<p>El Comit\u00e9 Organizador del evento, considerar\u00e1 que todos los trabajos han sido autorizados para su presentaci\u00f3n en el evento, por todas las personas e instituciones que han participado en ellos. Por tanto, toda responsabilidad ante conflictos de intereses que puedan surgir corresponder\u00e1 al autor que presenta el trabajo.<\/p>\n<p>El Comit\u00e9 Organizador del evento, garantiza que los nombres y direcciones de correo introducidos se usar\u00e1n exclusivamente con los fines de la gesti\u00f3n del evento y no se facilitar\u00e1n a terceros.<\/p>\n<p>El Comit\u00e9 Cient\u00edfico se reserva el derecho de seleccionar los trabajos que se presentar\u00e1n en el evento. Los autores ser\u00e1n informados oportunamente de su forma de participaci\u00f3n al evento.<\/p>\n","protected":false},"excerpt":{"rendered":"<p>El Comit\u00e9 Organizador del evento, considerar\u00e1 que todos los trabajos han sido autorizados para su presentaci\u00f3n en el evento, por todas las personas e instituciones que han participado en ellos. Por tanto, toda responsabilidad ante conflictos de intereses que puedan surgir corresponder\u00e1 al autor que presenta el trabajo. El Comit\u00e9 Organizador del evento, garantiza que [&hellip;]<\/p>\n","protected":false},"author":3257,"featured_media":0,"parent":0,"menu_order":0,"comment_status":"closed","ping_status":"open","template":"","meta":[],"_links":{"self":[{"href":"https:\/\/promociondeeventos.sld.cu\/flap2022\/wp-json\/wp\/v2\/pages\/77"}],"collection":[{"href":"https:\/\/promociondeeventos.sld.cu\/flap2022\/wp-json\/wp\/v2\/pages"}],"about":[{"href":"https:\/\/promociondeeventos.sld.cu\/flap2022\/wp-json\/wp\/v2\/types\/page"}],"author":[{"embeddable":true,"href":"https:\/\/promociondeeventos.sld.cu\/flap2022\/wp-json\/wp\/v2\/users\/3257"}],"replies":[{"embeddable":true,"href":"https:\/\/promociondeeventos.sld.cu\/flap2022\/wp-json\/wp\/v2\/comments?post=77"}],"version-history":[{"count":1,"href":"https:\/\/promociondeeventos.sld.cu\/flap2022\/wp-json\/wp\/v2\/pages\/77\/revisions"}],"predecessor-version":[{"id":79,"href":"https:\/\/promociondeeventos.sld.cu\/flap2022\/wp-json\/wp\/v2\/pages\/77\/revisions\/79"}],"wp:attachment":[{"href":"https:\/\/promociondeeventos.sld.cu\/flap2022\/wp-json\/wp\/v2\/media?parent=77"}],"curies":[{"name":"wp","href":"https:\/\/api.w.org\/{rel}","templated":true}]}}

<p>El Comité Organizador del evento, considerará que todos los trabajos han sido autorizados para su presentación en el evento, por todas las personas e instituciones que han participado en ellos. Por tanto, toda responsabilidad ante conflictos de intereses que puedan surgir corresponderá al autor que presenta el trabajo.</p>
<p>El Comité Organizador del evento, garantiza que los nombres y direcciones de correo introducidos se usarán exclusivamente con los fines de la gestión del evento y no se facilitarán a terceros.</p>
<p>El Comité Científico se reserva el derecho de seleccionar los trabajos que se presentarán en el evento. Los autores serán informados oportunamente de su forma de participación al evento.</p>

<p>El Comité Organizador del evento, considerará que todos los trabajos han sido autorizados para su presentación en el evento, por todas las personas e instituciones que han participado en ellos. Por tanto, toda responsabilidad ante conflictos de intereses que puedan surgir corresponderá al autor que presenta el trabajo. El Comité Organizador del evento, garantiza que [&hellip;]</p>
