{"id":48,"date":"2022-08-16T19:41:12","date_gmt":"2022-08-16T19:41:12","guid":{"rendered":"http:\/\/promociondeeventos.sld.cu\/flap2022\/?page_id=48"},"modified":"2022-10-13T16:37:56","modified_gmt":"2022-10-13T16:37:56","slug":"conferencistas-invitados","status":"publish","type":"page","link":"https:\/\/promociondeeventos.sld.cu\/flap2022\/conferencistas-invitados\/","title":{"rendered":"Conferencistas Invitados"},"content":{"rendered":"<p>&nbsp;<\/p>\n<table style=\"height: 3529px\" width=\"532\">\n<tbody>\n<tr>\n<td style=\"text-align: center\" width=\"217\"><span style=\"text-decoration: underline\"><strong>TITULO DE LA CONFERENCIA<\/strong><\/span><\/td>\n<td style=\"text-align: center\" width=\"208\"><span style=\"text-decoration: underline\"><strong>FOTO<\/strong><\/span><\/td>\n<td style=\"text-align: center\" width=\"282\"><span style=\"text-decoration: underline\"><strong>CONFERENCISTA MAGISTRALES<\/strong><\/span><\/td>\n<\/tr>\n<tr>\n<td width=\"217\"><strong>ESTRATEGIA CUBANA PARA EL ENFRENTAMIENTO A LA COVID-19. <\/strong><\/td>\n<td width=\"208\">\u00a0<a href=\"http:\/\/promociondeeventos.sld.cu\/flap2022\/files\/2022\/10\/Jose-Angel.jpg\"><img decoding=\"async\" loading=\"lazy\" class=\"aligncenter  wp-image-115\" src=\"http:\/\/promociondeeventos.sld.cu\/flap2022\/files\/2022\/10\/Jose-Angel-300x300.jpg\" alt=\"Jos\u00e9 Angel Portal Miranda\" width=\"98\" height=\"98\" srcset=\"https:\/\/promociondeeventos.sld.cu\/flap2022\/files\/2022\/10\/Jose-Angel-300x300.jpg 300w, https:\/\/promociondeeventos.sld.cu\/flap2022\/files\/2022\/10\/Jose-Angel-150x150.jpg 150w, https:\/\/promociondeeventos.sld.cu\/flap2022\/files\/2022\/10\/Jose-Angel.jpg 421w\" sizes=\"(max-width: 98px) 100vw, 98px\" \/><\/a><\/td>\n<td width=\"282\"><strong>Dr. Jose A. Portal Miranda. MINISTRO DE SALUD P\u00daBLICA DE CUBA.<\/strong><\/td>\n<\/tr>\n<tr>\n<td width=\"217\"><strong>FILOGENIA DE TRIPANOSOM\u00c1TIDOS BASADA EN LA REGI\u00d3N CODIFICANTE COMPLETA DEL MAXIC\u00cdRCULO<\/strong>.<\/td>\n<td width=\"208\">\u00a0<a href=\"http:\/\/promociondeeventos.sld.cu\/flap2022\/files\/2022\/10\/Jose-Mar\u00eda.jpg\"><img decoding=\"async\" loading=\"lazy\" class=\"aligncenter  wp-image-127\" src=\"http:\/\/promociondeeventos.sld.cu\/flap2022\/files\/2022\/10\/Jose-Mar\u00eda-300x300.jpg\" alt=\"Jose Mar\u00eda\" width=\"106\" height=\"106\" srcset=\"https:\/\/promociondeeventos.sld.cu\/flap2022\/files\/2022\/10\/Jose-Mar\u00eda-300x300.jpg 300w, https:\/\/promociondeeventos.sld.cu\/flap2022\/files\/2022\/10\/Jose-Mar\u00eda-150x150.jpg 150w, https:\/\/promociondeeventos.sld.cu\/flap2022\/files\/2022\/10\/Jose-Mar\u00eda.jpg 303w\" sizes=\"(max-width: 106px) 100vw, 106px\" \/><\/a><\/td>\n<td width=\"282\"><strong>Prof. Jose Maria Requena Rolania. Facultad de Ciencias, Universidad Aut\u00f3noma de Madrid. Espa<\/strong><strong>\u00f1a. <\/strong><a href=\"mailto:jmrequena@cbm.csic.es\">jmrequena@cbm.csic.es<\/a><\/td>\n<\/tr>\n<tr>\n<td width=\"217\"><strong>MONKEYPOX: ASPECTOS GENERALES Y SITUACI\u00d3N ACTUAL. <\/strong><\/td>\n<td width=\"208\">\u00a0<a href=\"http:\/\/promociondeeventos.sld.cu\/flap2022\/files\/2022\/08\/Jairo.jpg\"><img decoding=\"async\" loading=\"lazy\" class=\"aligncenter  wp-image-128\" src=\"http:\/\/promociondeeventos.sld.cu\/flap2022\/files\/2022\/08\/Jairo-300x169.jpg\" alt=\"Jairo M\u00e9ndez Rico\" width=\"142\" height=\"80\" srcset=\"https:\/\/promociondeeventos.sld.cu\/flap2022\/files\/2022\/08\/Jairo-300x169.jpg 300w, https:\/\/promociondeeventos.sld.cu\/flap2022\/files\/2022\/08\/Jairo.jpg 420w\" sizes=\"(max-width: 142px) 100vw, 142px\" \/><\/a><\/td>\n<td width=\"282\"><strong>Dr. Jairo Mendez-Rico, OPS.<\/strong><a href=\"mailto:ricoj@paho.org\">ricoj@paho.org<\/a><\/td>\n<\/tr>\n<tr>\n<td width=\"217\"><strong>SITUACION ACTUAL DEL DENGUE Y OTRAS ARBOVIROSIS EMERGENTES EN LA REGION DE LAS AMERICAS.\u00a0 <\/strong><\/td>\n<td width=\"208\">\u00a0<a href=\"http:\/\/promociondeeventos.sld.cu\/flap2022\/files\/2022\/10\/Lupe.jpg\"><img decoding=\"async\" loading=\"lazy\" class=\"aligncenter  wp-image-126\" src=\"http:\/\/promociondeeventos.sld.cu\/flap2022\/files\/2022\/10\/Lupe.jpg\" alt=\"Lupe\" width=\"121\" height=\"110\" \/><\/a><\/td>\n<td width=\"282\"><strong>Prof. Maria G. Guzm\u00e1n, Presidenta de la Sociedad Cubana de Microbiolog\u00eda y Parasitolog\u00eda, Presidenta del Comit\u00e9 Organizador FLAP2022, IPK, Cuba.<\/strong> <a href=\"mailto:lupe@ipk.sld.cu\"><strong>lupe@ipk.sld.cu<\/strong><\/a><\/td>\n<\/tr>\n<tr>\n<td width=\"217\"><strong>SITUACI\u00d3N DE LA TUBERCULOSIS EN LA REGI\u00d3N. PERSPECTIVAS PARA SU ELIMINACI\u00d3N. <\/strong><\/td>\n<td width=\"208\">\u00a0<a href=\"http:\/\/promociondeeventos.sld.cu\/flap2022\/files\/2022\/08\/Michael.jpg\"><img decoding=\"async\" loading=\"lazy\" class=\"aligncenter  wp-image-129\" src=\"http:\/\/promociondeeventos.sld.cu\/flap2022\/files\/2022\/08\/Michael.jpg\" alt=\"Michael\" width=\"90\" height=\"135\" \/><\/a><\/td>\n<td width=\"282\"><strong>Prof. Michael Lauzardo.\u00a0 Universidad de la Florida, EEUU <\/strong><a href=\"mailto:mike.lauzardo@medicine.ufl.edu\"><strong>mike.lauzardo@medicine.ufl.edu<\/strong><\/a><\/td>\n<\/tr>\n<tr>\n<td width=\"217\"><strong>DIVERSIDAD DE <em>ANGIOSTRONGYLUS COSTARICENSIS<\/em> EN LAS AM\u00c9RICAS: UN VIAJE DE 50 A\u00d1OS. <\/strong><\/td>\n<td width=\"208\">\u00a0<a href=\"http:\/\/promociondeeventos.sld.cu\/flap2022\/files\/2022\/10\/Alicia-Rojas.jpg\"><img decoding=\"async\" loading=\"lazy\" class=\"aligncenter  wp-image-124\" src=\"http:\/\/promociondeeventos.sld.cu\/flap2022\/files\/2022\/10\/Alicia-Rojas.jpg\" alt=\"Alicia Rojas\" width=\"105\" height=\"105\" srcset=\"https:\/\/promociondeeventos.sld.cu\/flap2022\/files\/2022\/10\/Alicia-Rojas.jpg 225w, https:\/\/promociondeeventos.sld.cu\/flap2022\/files\/2022\/10\/Alicia-Rojas-150x150.jpg 150w\" sizes=\"(max-width: 105px) 100vw, 105px\" \/><\/a><\/td>\n<td width=\"282\"><strong>Prof. <\/strong><strong>Alicia Rojas, Universidad de Costa Rica. Facultad de Microbiolog\u00eda. Dpto. Parasitolog\u00eda, Costa Rica. <\/strong><a href=\"mailto:anaalicia.rojas@ucr.ac.cr\"><strong>anaalicia.rojas@ucr.ac.cr<\/strong><\/a><\/td>\n<\/tr>\n<tr>\n<td width=\"217\"><strong>MALARIA: UNA ACTUALIZACI\u00d3N. <\/strong><\/td>\n<td width=\"208\">\u00a0<a href=\"http:\/\/promociondeeventos.sld.cu\/flap2022\/files\/2022\/10\/Nelson-Ivan.png\"><img decoding=\"async\" loading=\"lazy\" class=\"aligncenter  wp-image-119\" src=\"http:\/\/promociondeeventos.sld.cu\/flap2022\/files\/2022\/10\/Nelson-Ivan-300x200.png\" alt=\"Nelson Ivan\" width=\"120\" height=\"80\" srcset=\"https:\/\/promociondeeventos.sld.cu\/flap2022\/files\/2022\/10\/Nelson-Ivan-300x200.png 300w, https:\/\/promociondeeventos.sld.cu\/flap2022\/files\/2022\/10\/Nelson-Ivan.png 708w\" sizes=\"(max-width: 120px) 100vw, 120px\" \/><\/a><\/td>\n<td width=\"282\"><strong>Prof. Nelson Iv\u00e1n Agudelo Higuita. Centro de Ciencias M\u00e9dicas. Universidad de Oklahoma, EEUU. <\/strong><a href=\"mailto:Nelson-Agudelo-Higuita@ouhsc.edu\"><strong>Nelson-Agudelo-Higuita@ouhsc.edu<\/strong><\/a><\/td>\n<\/tr>\n<tr>\n<td width=\"217\"><strong>MUCORMICOSIS Y COVID-19. <\/strong><\/td>\n<td width=\"208\">\u00a0<a href=\"http:\/\/promociondeeventos.sld.cu\/flap2022\/files\/2022\/10\/Alexandro.jpg\"><img decoding=\"async\" loading=\"lazy\" class=\"aligncenter  wp-image-123\" src=\"http:\/\/promociondeeventos.sld.cu\/flap2022\/files\/2022\/10\/Alexandro-281x300.jpg\" alt=\"Alexandro\" width=\"115\" height=\"123\" srcset=\"https:\/\/promociondeeventos.sld.cu\/flap2022\/files\/2022\/10\/Alexandro-281x300.jpg 281w, https:\/\/promociondeeventos.sld.cu\/flap2022\/files\/2022\/10\/Alexandro.jpg 420w\" sizes=\"(max-width: 115px) 100vw, 115px\" \/><\/a><\/td>\n<td width=\"282\"><strong>Prof. Alexandro Bonifaz, Hospital General de M\u00e9xico (SS), Universidad Nacional Aut\u00f3noma de M\u00e9xico, M\u00e9xico. <\/strong><a href=\"mailto:a_bonifaz@yahoo.com.mx\"><strong>a_bonifaz@yahoo.com.mx<\/strong><\/a><\/td>\n<\/tr>\n<tr>\n<td width=\"217\"><strong>SITUACI\u00d3N ACTUAL DE LA POLIOMIELITIS EN EL MUNDO. <\/strong><\/td>\n<td width=\"208\">\u00a0<a href=\"http:\/\/promociondeeventos.sld.cu\/flap2022\/files\/2022\/08\/Ondrej.jpg\"><img decoding=\"async\" loading=\"lazy\" class=\"aligncenter  wp-image-130\" src=\"http:\/\/promociondeeventos.sld.cu\/flap2022\/files\/2022\/08\/Ondrej-300x231.jpg\" alt=\"Ondrej\" width=\"114\" height=\"88\" srcset=\"https:\/\/promociondeeventos.sld.cu\/flap2022\/files\/2022\/08\/Ondrej-300x231.jpg 300w, https:\/\/promociondeeventos.sld.cu\/flap2022\/files\/2022\/08\/Ondrej.jpg 420w\" sizes=\"(max-width: 114px) 100vw, 114px\" \/><\/a><\/td>\n<td width=\"282\"><strong>Dr. Ondrej Mach, OMS, Suiza. <\/strong><a href=\"mailto:macho@oms.org\"><strong>macho@oms.org<\/strong><\/a><\/td>\n<\/tr>\n<tr>\n<td width=\"217\"><strong>ACTUALIZACI\u00d3N DEL C\u00d3LERA EN LA REGI\u00d3N DE LAS AM\u00c9RICAS Y EL MUNDO. <\/strong><\/td>\n<td width=\"208\">\u00a0<a href=\"http:\/\/promociondeeventos.sld.cu\/flap2022\/files\/2022\/08\/William-Perea.jpg\"><img decoding=\"async\" loading=\"lazy\" class=\"aligncenter  wp-image-131\" src=\"http:\/\/promociondeeventos.sld.cu\/flap2022\/files\/2022\/08\/William-Perea.jpg\" alt=\"William Perea\" width=\"98\" height=\"98\" \/><\/a><\/td>\n<td width=\"282\"><strong>Prof. William Perea, Experto de OMS. <\/strong><a href=\"mailto:pereaw@who.int\"><strong>pereaw@who.int<\/strong><\/a><\/td>\n<\/tr>\n<tr>\n<td width=\"217\"><strong>IMPACTO DEL ACCESO A LAS TECNOLOG\u00cdAS M\u00c9DICAS Y LA INNOVACI\u00d3N, EN EL CAMPO DE LAS ENFERMEDADES INFECCIOSAS. <\/strong><\/td>\n<td width=\"208\">\u00a0<a href=\"http:\/\/promociondeeventos.sld.cu\/flap2022\/files\/2022\/08\/Rosmari-Rodriguez.jpg\"><img decoding=\"async\" loading=\"lazy\" class=\"aligncenter  wp-image-132\" src=\"http:\/\/promociondeeventos.sld.cu\/flap2022\/files\/2022\/08\/Rosmari-Rodriguez-300x300.jpg\" alt=\"Rosmari Rodriguez\" width=\"102\" height=\"102\" srcset=\"https:\/\/promociondeeventos.sld.cu\/flap2022\/files\/2022\/08\/Rosmari-Rodriguez-300x300.jpg 300w, https:\/\/promociondeeventos.sld.cu\/flap2022\/files\/2022\/08\/Rosmari-Rodriguez-150x150.jpg 150w, https:\/\/promociondeeventos.sld.cu\/flap2022\/files\/2022\/08\/Rosmari-Rodriguez.jpg 449w\" sizes=\"(max-width: 102px) 100vw, 102px\" \/><\/a><\/td>\n<td width=\"282\"><strong>Prof. Rosmari Rodr\u00edguez Roche, Roche.<\/strong><a href=\"mailto:rosmari.rodriguez@roche.com\"><strong>rosmari.rodriguez@roche.com<\/strong><\/a><\/td>\n<\/tr>\n<tr>\n<td width=\"217\"><strong>HOW TO LOOK FOR WORMS USING SATELLITES? <\/strong><\/td>\n<td width=\"208\">\u00a0<a href=\"http:\/\/promociondeeventos.sld.cu\/flap2022\/files\/2022\/10\/William-Sear.jpg\"><img decoding=\"async\" loading=\"lazy\" class=\"aligncenter  wp-image-122\" src=\"http:\/\/promociondeeventos.sld.cu\/flap2022\/files\/2022\/10\/William-Sear.jpg\" alt=\"William Sear\" width=\"100\" height=\"129\" \/><\/a><\/td>\n<td width=\"282\"><strong>Prof. William Sear, NIAID, EEUU. <\/strong><a href=\"mailto:william.sears@nih.gov\"><strong>william.sears@nih.gov<\/strong><\/a><\/td>\n<\/tr>\n<tr>\n<td width=\"217\"><strong>ALERTAS Y RESPUESTAS A EMERGENCIAS EN RESISTENCIA ANTIMICROBIANA. <\/strong><\/td>\n<td width=\"208\">\u00a0<a href=\"http:\/\/promociondeeventos.sld.cu\/flap2022\/files\/2022\/10\/Marcelo-Galas.png\"><img decoding=\"async\" loading=\"lazy\" class=\"aligncenter  wp-image-118\" src=\"http:\/\/promociondeeventos.sld.cu\/flap2022\/files\/2022\/10\/Marcelo-Galas-300x285.png\" alt=\"Marcelo Galas\" width=\"106\" height=\"101\" srcset=\"https:\/\/promociondeeventos.sld.cu\/flap2022\/files\/2022\/10\/Marcelo-Galas-300x285.png 300w, https:\/\/promociondeeventos.sld.cu\/flap2022\/files\/2022\/10\/Marcelo-Galas.png 500w\" sizes=\"(max-width: 106px) 100vw, 106px\" \/><\/a><\/td>\n<td width=\"282\"><strong>Prof. Marcelo Galas. Technical Officer, Antimicrobial Resistance Surveillance Communicable Diseases and Health Analysis Pan American Health Organization\/World Health Organization (PAHO\/ WHO). <\/strong><a href=\"mailto:galasmar@paho.org\"><strong>galasmar@paho.org<\/strong><\/a><\/td>\n<\/tr>\n<tr>\n<td width=\"217\"><strong>DESCUBRIMIENTOS DE LOS VIRUS SARS-COV. <\/strong><strong>\u00a0<\/strong><\/td>\n<td width=\"208\">\u00a0<a href=\"http:\/\/promociondeeventos.sld.cu\/flap2022\/files\/2022\/10\/Jan-Felix.jpg\"><img decoding=\"async\" loading=\"lazy\" class=\"aligncenter  wp-image-114\" src=\"http:\/\/promociondeeventos.sld.cu\/flap2022\/files\/2022\/10\/Jan-Felix-203x300.jpg\" alt=\"Jan Felix\" width=\"83\" height=\"123\" srcset=\"https:\/\/promociondeeventos.sld.cu\/flap2022\/files\/2022\/10\/Jan-Felix-203x300.jpg 203w, https:\/\/promociondeeventos.sld.cu\/flap2022\/files\/2022\/10\/Jan-Felix.jpg 319w\" sizes=\"(max-width: 83px) 100vw, 83px\" \/><\/a><\/td>\n<td width=\"282\"><strong>Prof. Jan Felix Drexier, Charit\u00e9 \u2013 Universit\u00e4tsmedizin Berlin, Alemania. <\/strong><a href=\"mailto:felix.drexler@charite.de\"><strong>felix.drexler@charite.de<\/strong><\/a><\/td>\n<\/tr>\n<tr>\n<td width=\"217\"><strong>ENFRENTAMIENTO A VIRUS INFLUENZA CON POTENCIAL PAND\u00c9MICO CON ENFOQUE \u00a8UNA SALUD\u00a8. <\/strong><\/td>\n<td width=\"208\">\u00a0<a href=\"http:\/\/promociondeeventos.sld.cu\/flap2022\/files\/2022\/10\/Pastor-Alfonso.jpg\"><img decoding=\"async\" loading=\"lazy\" class=\"aligncenter  wp-image-120\" src=\"http:\/\/promociondeeventos.sld.cu\/flap2022\/files\/2022\/10\/Pastor-Alfonso.jpg\" alt=\"Pastor Alfonso\" width=\"98\" height=\"98\" srcset=\"https:\/\/promociondeeventos.sld.cu\/flap2022\/files\/2022\/10\/Pastor-Alfonso.jpg 225w, https:\/\/promociondeeventos.sld.cu\/flap2022\/files\/2022\/10\/Pastor-Alfonso-150x150.jpg 150w\" sizes=\"(max-width: 98px) 100vw, 98px\" \/><\/a><\/td>\n<td width=\"282\"><strong>Prof. Pastor Alfonso. Centro Nacional de Sanidad Agropecuaria (CENSA), Cuba. <\/strong><a href=\"mailto:alfonso@censa.edu.cu\"><strong>alfonso@censa.edu.cu<\/strong><\/a><\/td>\n<\/tr>\n<tr>\n<td width=\"217\"><strong>SOBRE LA LLEGADA DE LA FASCIOLOSIS A LAS AM\u00c9RICAS: UNA HIP\u00d3TESIS DESDE LA INTERACCI\u00d3N HOSPEDERO-PAR\u00c1SITO-AMBIENTE. <\/strong><\/td>\n<td width=\"208\">\u00a0<a href=\"http:\/\/promociondeeventos.sld.cu\/flap2022\/files\/2022\/08\/Antonio-Vazquez.jpg\"><img decoding=\"async\" loading=\"lazy\" class=\"aligncenter  wp-image-133\" src=\"http:\/\/promociondeeventos.sld.cu\/flap2022\/files\/2022\/08\/Antonio-Vazquez-300x300.jpg\" alt=\"Antonio Vazquez\" width=\"96\" height=\"96\" srcset=\"https:\/\/promociondeeventos.sld.cu\/flap2022\/files\/2022\/08\/Antonio-Vazquez-300x300.jpg 300w, https:\/\/promociondeeventos.sld.cu\/flap2022\/files\/2022\/08\/Antonio-Vazquez-150x150.jpg 150w, https:\/\/promociondeeventos.sld.cu\/flap2022\/files\/2022\/08\/Antonio-Vazquez.jpg 376w\" sizes=\"(max-width: 96px) 100vw, 96px\" \/><\/a><\/td>\n<td width=\"282\"><strong>Prof. Antonio Vazquez Perera, Ipk, Cuba. <\/strong><a href=\"mailto:applesnail@hotmail.fr\"><strong>applesnail@hotmail.fr<\/strong><\/a><\/td>\n<\/tr>\n<tr>\n<td width=\"217\"><strong>LIDERAZGO Y GESTI\u00d3N DEL CAMBIO EN LOS LABORATORIOS CL\u00cdNICOS. <\/strong><\/td>\n<td width=\"208\"><strong>\u00a0<a href=\"http:\/\/promociondeeventos.sld.cu\/flap2022\/files\/2022\/10\/Juan-Pablo.jpg\"><img decoding=\"async\" loading=\"lazy\" class=\"aligncenter  wp-image-116\" src=\"http:\/\/promociondeeventos.sld.cu\/flap2022\/files\/2022\/10\/Juan-Pablo-237x300.jpg\" alt=\"Juan Pablo\" width=\"80\" height=\"102\" srcset=\"https:\/\/promociondeeventos.sld.cu\/flap2022\/files\/2022\/10\/Juan-Pablo-237x300.jpg 237w, https:\/\/promociondeeventos.sld.cu\/flap2022\/files\/2022\/10\/Juan-Pablo.jpg 348w\" sizes=\"(max-width: 80px) 100vw, 80px\" \/><\/a><\/strong><strong>\u00a0<\/strong><strong>\u00a0<\/strong><\/td>\n<td width=\"282\"><strong>Prof. Juan Pablo Grammatico. Consultor de la Organizaci\u00f3n Panamericana de la Salud, Argentina, <\/strong><a href=\"mailto:grammati@gmail.com\"><strong>grammati@gmail.com<\/strong><\/a><strong>. <\/strong><strong>\u00a0<\/strong><strong>Prof. Patricia Mira. Master en Salud p\u00fablica y en Gesti\u00f3n de Calidad, El Salvador, <\/strong><a href=\"mailto:pmirag.ca@gmail.com\"><strong>pmirag.ca@gmail.com<\/strong><\/a><strong>.<\/strong><\/td>\n<\/tr>\n<tr>\n<td width=\"217\"><strong>SITUACI\u00d3N DEL VIH\/SIDA EN CUBA. <\/strong><\/td>\n<td width=\"208\">\u00a0<a href=\"http:\/\/promociondeeventos.sld.cu\/flap2022\/files\/2022\/10\/Manuel-Romero.jpg\"><img decoding=\"async\" loading=\"lazy\" class=\"aligncenter  wp-image-117\" src=\"http:\/\/promociondeeventos.sld.cu\/flap2022\/files\/2022\/10\/Manuel-Romero.jpg\" alt=\"Manuel Romero\" width=\"117\" height=\"77\" \/><\/a><\/td>\n<td width=\"282\"><strong>Dr. Manuel Romero Placeres, MINSAP, Cuba. <\/strong><a href=\"mailto:m.romero@infomed.sld.cu\"><strong>m.romero@infomed.sld.cu<\/strong><\/a><\/td>\n<\/tr>\n<tr>\n<td width=\"217\"><strong>HIV Y ENVEJECIMIENTO. <\/strong><\/td>\n<td width=\"208\">\u00a0<a href=\"http:\/\/promociondeeventos.sld.cu\/flap2022\/files\/2022\/10\/Pedro-Cahn.jpg\"><img decoding=\"async\" loading=\"lazy\" class=\"aligncenter  wp-image-121\" src=\"http:\/\/promociondeeventos.sld.cu\/flap2022\/files\/2022\/10\/Pedro-Cahn.jpg\" alt=\"Pedro Cahn\" width=\"105\" height=\"105\" srcset=\"https:\/\/promociondeeventos.sld.cu\/flap2022\/files\/2022\/10\/Pedro-Cahn.jpg 225w, https:\/\/promociondeeventos.sld.cu\/flap2022\/files\/2022\/10\/Pedro-Cahn-150x150.jpg 150w\" sizes=\"(max-width: 105px) 100vw, 105px\" \/><\/a><\/td>\n<td width=\"282\"><strong>Prof. Pedro Cahn, Director, Fundaci\u00f3n Huesped Carlos Gianantonio, Argentina. <\/strong><a href=\"mailto:pedro.cahn@huesped.org.ar\"><strong>pedro.cahn@huesped.org.ar<\/strong><\/a><\/td>\n<\/tr>\n<tr>\n<td width=\"217\"><strong>C\u00d3MO ENFRENTAR EL FUTURO DE LAS ENFERMEDADES TROPICALES DESATENDIDAS. <\/strong><\/td>\n<td width=\"208\">\u00a0<a href=\"http:\/\/promociondeeventos.sld.cu\/flap2022\/files\/2022\/10\/Felipe-Gulh.jpg\"><img decoding=\"async\" loading=\"lazy\" class=\"aligncenter  wp-image-113\" src=\"http:\/\/promociondeeventos.sld.cu\/flap2022\/files\/2022\/10\/Felipe-Gulh.jpg\" alt=\"Felipe Gulh\" width=\"109\" height=\"118\" \/><\/a><\/td>\n<td width=\"282\"><strong>Prof. Felipe Gulh, Director Centro de Investigaciones en Parasitolog\u00eda Tropical CIMPAT, Colombia.<\/strong> <a href=\"mailto:fguhl@uniandes.edu.co\"><strong>fguhl@uniandes.edu.co<\/strong><\/a><\/td>\n<\/tr>\n<\/tbody>\n<\/table>\n<p>&nbsp;<\/p>\n","protected":false},"excerpt":{"rendered":"<p>&nbsp; TITULO DE LA CONFERENCIA FOTO CONFERENCISTA MAGISTRALES ESTRATEGIA CUBANA PARA EL ENFRENTAMIENTO A LA COVID-19. \u00a0 Dr. Jose A. Portal Miranda. MINISTRO DE SALUD P\u00daBLICA DE CUBA. FILOGENIA DE TRIPANOSOM\u00c1TIDOS BASADA EN LA REGI\u00d3N CODIFICANTE COMPLETA DEL MAXIC\u00cdRCULO. \u00a0 Prof. Jose Maria Requena Rolania. Facultad de Ciencias, Universidad Aut\u00f3noma de Madrid. Espa\u00f1a. jmrequena@cbm.csic.es MONKEYPOX: [&hellip;]<\/p>\n","protected":false},"author":3257,"featured_media":0,"parent":0,"menu_order":0,"comment_status":"closed","ping_status":"open","template":"","meta":[],"_links":{"self":[{"href":"https:\/\/promociondeeventos.sld.cu\/flap2022\/wp-json\/wp\/v2\/pages\/48"}],"collection":[{"href":"https:\/\/promociondeeventos.sld.cu\/flap2022\/wp-json\/wp\/v2\/pages"}],"about":[{"href":"https:\/\/promociondeeventos.sld.cu\/flap2022\/wp-json\/wp\/v2\/types\/page"}],"author":[{"embeddable":true,"href":"https:\/\/promociondeeventos.sld.cu\/flap2022\/wp-json\/wp\/v2\/users\/3257"}],"replies":[{"embeddable":true,"href":"https:\/\/promociondeeventos.sld.cu\/flap2022\/wp-json\/wp\/v2\/comments?post=48"}],"version-history":[{"count":12,"href":"https:\/\/promociondeeventos.sld.cu\/flap2022\/wp-json\/wp\/v2\/pages\/48\/revisions"}],"predecessor-version":[{"id":137,"href":"https:\/\/promociondeeventos.sld.cu\/flap2022\/wp-json\/wp\/v2\/pages\/48\/revisions\/137"}],"wp:attachment":[{"href":"https:\/\/promociondeeventos.sld.cu\/flap2022\/wp-json\/wp\/v2\/media?parent=48"}],"curies":[{"name":"wp","href":"https:\/\/api.w.org\/{rel}","templated":true}]}}