{"id":42,"date":"2022-08-16T19:10:29","date_gmt":"2022-08-16T19:10:29","guid":{"rendered":"http:\/\/promociondeeventos.sld.cu\/flap2022\/?page_id=42"},"modified":"2022-10-30T17:32:06","modified_gmt":"2022-10-30T17:32:06","slug":"42-2","status":"publish","type":"page","link":"https:\/\/promociondeeventos.sld.cu\/flap2022\/42-2\/","title":{"rendered":"Tem\u00e1ticas Principales"},"content":{"rendered":"<table width=\"449\">\n<tbody>\n<tr>\n<td width=\"350\">Enfermedades parasitarias<\/td>\n<td width=\"340\">Entomolog\u00eda molecular<\/td>\n<\/tr>\n<tr>\n<td width=\"350\">Enfermedades tropicales desatendidas<\/td>\n<td width=\"340\">Control sanitario internacional<\/td>\n<\/tr>\n<tr>\n<td width=\"350\">Enfermedades emergentes y reemergentes<\/td>\n<td width=\"340\">Enfermedades zoon\u00f3ticas<\/td>\n<\/tr>\n<tr>\n<td width=\"350\">Diagn\u00f3stico<\/td>\n<td width=\"340\">Epidemiolog\u00eda de enfermedades transmisibles<\/td>\n<\/tr>\n<tr>\n<td width=\"350\"><\/td>\n<td width=\"340\"><\/td>\n<\/tr>\n<tr>\n<td width=\"350\">Biolog\u00eda celular y molecular<\/td>\n<td width=\"340\">Gen\u00e9tica de la resistencia a insecticidas<\/td>\n<\/tr>\n<tr>\n<td width=\"350\">Inmunolog\u00eda y Gen\u00e9tica<\/td>\n<td width=\"340\"><\/td>\n<\/tr>\n<tr>\n<td width=\"350\">Patog\u00e9nesis<\/td>\n<td width=\"340\">Sistemas de informaci\u00f3n geogr\u00e1fica<\/td>\n<\/tr>\n<tr>\n<td width=\"350\">Gen\u00f3mica y Prote\u00f3mica<\/td>\n<td width=\"340\">Evaluaci\u00f3n econ\u00f3mica de programas de salud<\/td>\n<\/tr>\n<tr>\n<td width=\"350\">Mecanismos de acci\u00f3n y resistencia a f\u00e1rmacos<\/td>\n<td width=\"340\">Control integrado de vectores<\/td>\n<\/tr>\n<tr>\n<td width=\"350\">Vacunas y f\u00e1rmacos<\/td>\n<td width=\"340\">Eliminaci\u00f3n y erradicaci\u00f3n de enfermedades infecciosas<\/td>\n<\/tr>\n<tr>\n<td width=\"350\">Desarrollo, ensayos cl\u00ednicos y vigilancia de efectos adversos<\/td>\n<td width=\"340\">Prioridades de investigaci\u00f3n<\/td>\n<\/tr>\n<tr>\n<td width=\"350\">Modelos animales<\/td>\n<td width=\"340\">Microbiolog\u00eda y Parasitolog\u00eda Ambiental<\/td>\n<\/tr>\n<tr>\n<td width=\"350\">Investigaciones sociales<\/td>\n<td width=\"340\">Modelaci\u00f3n matem\u00e1tica para pron\u00f3stico<\/td>\n<\/tr>\n<tr>\n<td width=\"350\">Comunicaci\u00f3n, educaci\u00f3n, promoci\u00f3n y participaci\u00f3n comunitaria<\/td>\n<td width=\"340\">Manejo integrado de vectores<\/td>\n<\/tr>\n<\/tbody>\n<\/table>\n<p>&nbsp;<\/p>\n<p>&nbsp;<\/p>\n<p>&nbsp;<\/p>\n","protected":false},"excerpt":{"rendered":"<p>Enfermedades parasitarias Entomolog\u00eda molecular Enfermedades tropicales desatendidas Control sanitario internacional Enfermedades emergentes y reemergentes Enfermedades zoon\u00f3ticas Diagn\u00f3stico Epidemiolog\u00eda de enfermedades transmisibles Biolog\u00eda celular y molecular Gen\u00e9tica de la resistencia a insecticidas Inmunolog\u00eda y Gen\u00e9tica Patog\u00e9nesis Sistemas de informaci\u00f3n geogr\u00e1fica Gen\u00f3mica y Prote\u00f3mica Evaluaci\u00f3n econ\u00f3mica de programas de salud Mecanismos de acci\u00f3n y resistencia a f\u00e1rmacos [&hellip;]<\/p>\n","protected":false},"author":3257,"featured_media":0,"parent":0,"menu_order":0,"comment_status":"closed","ping_status":"open","template":"","meta":[],"_links":{"self":[{"href":"https:\/\/promociondeeventos.sld.cu\/flap2022\/wp-json\/wp\/v2\/pages\/42"}],"collection":[{"href":"https:\/\/promociondeeventos.sld.cu\/flap2022\/wp-json\/wp\/v2\/pages"}],"about":[{"href":"https:\/\/promociondeeventos.sld.cu\/flap2022\/wp-json\/wp\/v2\/types\/page"}],"author":[{"embeddable":true,"href":"https:\/\/promociondeeventos.sld.cu\/flap2022\/wp-json\/wp\/v2\/users\/3257"}],"replies":[{"embeddable":true,"href":"https:\/\/promociondeeventos.sld.cu\/flap2022\/wp-json\/wp\/v2\/comments?post=42"}],"version-history":[{"count":6,"href":"https:\/\/promociondeeventos.sld.cu\/flap2022\/wp-json\/wp\/v2\/pages\/42\/revisions"}],"predecessor-version":[{"id":260,"href":"https:\/\/promociondeeventos.sld.cu\/flap2022\/wp-json\/wp\/v2\/pages\/42\/revisions\/260"}],"wp:attachment":[{"href":"https:\/\/promociondeeventos.sld.cu\/flap2022\/wp-json\/wp\/v2\/media?parent=42"}],"curies":[{"name":"wp","href":"https:\/\/api.w.org\/{rel}","templated":true}]}}

Temáticas Principales

<table width="449">
<tbody>
<tr>
<td width="350">Enfermedades parasitarias</td>
<td width="340">Entomología molecular</td>
</tr>
<tr>
<td width="350">Enfermedades tropicales desatendidas</td>
<td width="340">Control sanitario internacional</td>
</tr>
<tr>
<td width="350">Enfermedades emergentes y reemergentes</td>
<td width="340">Enfermedades zoonóticas</td>
</tr>
<tr>
<td width="350">Diagnóstico</td>
<td width="340">Epidemiología de enfermedades transmisibles</td>
</tr>
<tr>
<td width="350"></td>
<td width="340"></td>
</tr>
<tr>
<td width="350">Biología celular y molecular</td>
<td width="340">Genética de la resistencia a insecticidas</td>
</tr>
<tr>
<td width="350">Inmunología y Genética</td>
<td width="340"></td>
</tr>
<tr>
<td width="350">Patogénesis</td>
<td width="340">Sistemas de información geográfica</td>
</tr>
<tr>
<td width="350">Genómica y Proteómica</td>
<td width="340">Evaluación económica de programas de salud</td>
</tr>
<tr>
<td width="350">Mecanismos de acción y resistencia a fármacos</td>
<td width="340">Control integrado de vectores</td>
</tr>
<tr>
<td width="350">Vacunas y fármacos</td>
<td width="340">Eliminación y erradicación de enfermedades infecciosas</td>
</tr>
<tr>
<td width="350">Desarrollo, ensayos clínicos y vigilancia de efectos adversos</td>
<td width="340">Prioridades de investigación</td>
</tr>
<tr>
<td width="350">Modelos animales</td>
<td width="340">Microbiología y Parasitología Ambiental</td>
</tr>
<tr>
<td width="350">Investigaciones sociales</td>
<td width="340">Modelación matemática para pronóstico</td>
</tr>
<tr>
<td width="350">Comunicación, educación, promoción y participación comunitaria</td>
<td width="340">Manejo integrado de vectores</td>
</tr>
</tbody>
</table>
<p>&nbsp;</p>
<p>&nbsp;</p>
<p>&nbsp;</p>

<p>Enfermedades parasitarias Entomología molecular Enfermedades tropicales desatendidas Control sanitario internacional Enfermedades emergentes y reemergentes Enfermedades zoonóticas Diagnóstico Epidemiología de enfermedades transmisibles Biología celular y molecular Genética de la resistencia a insecticidas Inmunología y Genética Patogénesis Sistemas de información geográfica Genómica y Proteómica Evaluación económica de programas de salud Mecanismos de acción y resistencia a fármacos [&hellip;]</p>
