{"id":4,"date":"2022-08-03T15:36:25","date_gmt":"2022-08-03T15:36:25","guid":{"rendered":"http:\/\/promociondeeventos.sld.cu\/flap2022\/?page_id=4"},"modified":"2022-08-16T19:01:30","modified_gmt":"2022-08-16T19:01:30","slug":"convocatoria","status":"publish","type":"page","link":"https:\/\/promociondeeventos.sld.cu\/flap2022\/convocatoria\/","title":{"rendered":"Convocatoria"},"content":{"rendered":"<p>Estimado(a) colega:<\/p>\n<p>El Congreso <strong>XXVI Congreso de la Federaci\u00f3n Latinoamericana de Parasitolog\u00eda (FLAP), XV Congreso Centroamericano y del Caribe de Parasitolog\u00eda y Medicina Tropical (ACACPMT), X Congreso Cubano de Microbiolog\u00eda y Parasitolog\u00eda, VII Congreso Nacional de Medicina Tropical, VII Seminario Internacional sobre la Infecci\u00f3n por el VIH y el Sida en Cuba, <\/strong>se desarrollar\u00e1 en modalidad virtual del 1 al 4 de noviembre de 2022 con sede en el Instituto de Medicina Tropical Pedro Kouri, IPK, La Habana, Cuba. Estos eventos organizados en saludo al 85 aniversario de la Fundaci\u00f3n del Instituto de Medicina Tropical IPK, brindar\u00e1n un espacio para la actualizaci\u00f3n, discusi\u00f3n e intercambio sobre el papel de la Parasitolog\u00eda y la Microbiolog\u00eda en el enfrentamiento de las enfermedades infecciosas, emergentes, re-emergentes y las enfermedades olvidadas.<\/p>\n<p>Los avances en el diagn\u00f3stico, epidemiolog\u00eda, cl\u00ednica, patolog\u00eda y control ser\u00e1n abordados mediante conferencias magistrales, simposios, mesas redondas, presentaciones orales y carteles.<\/p>\n<p>Los temas fundamentales del congreso ser\u00e1n: Malaria, parasitismo intestinal, leishmaniosis, tripanosomiasis, toxoplasmosis, otras zoonosis parasitarias, COVID-19, dengue y otras arbovirosis, VIH\/sida, tuberculosis, c\u00f3lera, influenza, resistencia microbiana, zoonosis, micosis, fortalecimiento de capacidades, la globalizaci\u00f3n de las enfermedades infecciosas entre otros.<\/p>\n<p>Los interesados deben registrarse al congreso y enviar los res\u00famenes a <a href=\"mailto:flaphabana2022@ipk.sld.cu\">flaphabana2022@ipk.sld.cu<\/a>. Los usuarios registrados en el sitio web del congreso tienen acceso pleno a toda la informaci\u00f3n que se encuentra publicada en el mismo. El registro no garantiza la participaci\u00f3n del usuario en el evento.<\/p>\n<p>El Comit\u00e9 Cient\u00edfico se reserva el derecho de seleccionar los trabajos que se presentar\u00e1n en el evento. Los autores ser\u00e1n informados oportunamente de la aceptaci\u00f3n de su trabajo(s).<\/p>\n<p>Esperamos nos acompa\u00f1e en tan importante ocasi\u00f3n.<\/p>\n<p>Comit\u00e9 Organizador<\/p>\n","protected":false},"excerpt":{"rendered":"<p>Estimado(a) colega: El Congreso XXVI Congreso de la Federaci\u00f3n Latinoamericana de Parasitolog\u00eda (FLAP), XV Congreso Centroamericano y del Caribe de Parasitolog\u00eda y Medicina Tropical (ACACPMT), X Congreso Cubano de Microbiolog\u00eda y Parasitolog\u00eda, VII Congreso Nacional de Medicina Tropical, VII Seminario Internacional sobre la Infecci\u00f3n por el VIH y el Sida en Cuba, se desarrollar\u00e1 en [&hellip;]<\/p>\n","protected":false},"author":3205,"featured_media":0,"parent":0,"menu_order":0,"comment_status":"closed","ping_status":"open","template":"","meta":[],"_links":{"self":[{"href":"https:\/\/promociondeeventos.sld.cu\/flap2022\/wp-json\/wp\/v2\/pages\/4"}],"collection":[{"href":"https:\/\/promociondeeventos.sld.cu\/flap2022\/wp-json\/wp\/v2\/pages"}],"about":[{"href":"https:\/\/promociondeeventos.sld.cu\/flap2022\/wp-json\/wp\/v2\/types\/page"}],"author":[{"embeddable":true,"href":"https:\/\/promociondeeventos.sld.cu\/flap2022\/wp-json\/wp\/v2\/users\/3205"}],"replies":[{"embeddable":true,"href":"https:\/\/promociondeeventos.sld.cu\/flap2022\/wp-json\/wp\/v2\/comments?post=4"}],"version-history":[{"count":5,"href":"https:\/\/promociondeeventos.sld.cu\/flap2022\/wp-json\/wp\/v2\/pages\/4\/revisions"}],"predecessor-version":[{"id":32,"href":"https:\/\/promociondeeventos.sld.cu\/flap2022\/wp-json\/wp\/v2\/pages\/4\/revisions\/32"}],"wp:attachment":[{"href":"https:\/\/promociondeeventos.sld.cu\/flap2022\/wp-json\/wp\/v2\/media?parent=4"}],"curies":[{"name":"wp","href":"https:\/\/api.w.org\/{rel}","templated":true}]}}

<p>Estimado(a) colega:</p>
<p>El Congreso <strong>XXVI Congreso de la Federación Latinoamericana de Parasitología (FLAP), XV Congreso Centroamericano y del Caribe de Parasitología y Medicina Tropical (ACACPMT), X Congreso Cubano de Microbiología y Parasitología, VII Congreso Nacional de Medicina Tropical, VII Seminario Internacional sobre la Infección por el VIH y el Sida en Cuba, </strong>se desarrollará en modalidad virtual del 1 al 4 de noviembre de 2022 con sede en el Instituto de Medicina Tropical Pedro Kouri, IPK, La Habana, Cuba. Estos eventos organizados en saludo al 85 aniversario de la Fundación del Instituto de Medicina Tropical IPK, brindarán un espacio para la actualización, discusión e intercambio sobre el papel de la Parasitología y la Microbiología en el enfrentamiento de las enfermedades infecciosas, emergentes, re-emergentes y las enfermedades olvidadas.</p>
<p>Los avances en el diagnóstico, epidemiología, clínica, patología y control serán abordados mediante conferencias magistrales, simposios, mesas redondas, presentaciones orales y carteles.</p>
<p>Los temas fundamentales del congreso serán: Malaria, parasitismo intestinal, leishmaniosis, tripanosomiasis, toxoplasmosis, otras zoonosis parasitarias, COVID-19, dengue y otras arbovirosis, VIH/sida, tuberculosis, cólera, influenza, resistencia microbiana, zoonosis, micosis, fortalecimiento de capacidades, la globalización de las enfermedades infecciosas entre otros.</p>
<p>Los interesados deben registrarse al congreso y enviar los resúmenes a <a href="mailto:flaphabana2022@ipk.sld.cu">flaphabana2022@ipk.sld.cu</a>. Los usuarios registrados en el sitio web del congreso tienen acceso pleno a toda la información que se encuentra publicada en el mismo. El registro no garantiza la participación del usuario en el evento.</p>
<p>El Comité Científico se reserva el derecho de seleccionar los trabajos que se presentarán en el evento. Los autores serán informados oportunamente de la aceptación de su trabajo(s).</p>
<p>Esperamos nos acompañe en tan importante ocasión.</p>
<p>Comité Organizador</p>

<p>Estimado(a) colega: El Congreso XXVI Congreso de la Federación Latinoamericana de Parasitología (FLAP), XV Congreso Centroamericano y del Caribe de Parasitología y Medicina Tropical (ACACPMT), X Congreso Cubano de Microbiología y Parasitología, VII Congreso Nacional de Medicina Tropical, VII Seminario Internacional sobre la Infección por el VIH y el Sida en Cuba, se desarrollará en [&hellip;]</p>
