{"id":57,"date":"2022-10-07T16:20:10","date_gmt":"2022-10-07T16:20:10","guid":{"rendered":"http:\/\/promociondeeventos.sld.cu\/finlayinmemoriam2022\/?page_id=57"},"modified":"2022-10-07T16:23:10","modified_gmt":"2022-10-07T16:23:10","slug":"poster","status":"publish","type":"page","link":"https:\/\/promociondeeventos.sld.cu\/finlayinmemoriam2022\/poster\/","title":{"rendered":"P\u00f3sters"},"content":{"rendered":"<ul>\n<li><a href=\"http:\/\/promociondeeventos.sld.cu\/finlayinmemoriam2022\/files\/2022\/10\/Ahora-Annia-Fong-Poster-Camaguey-2022pptx.pdf\">Eficacia del\u00a0 albendazol\u00a0 sobre infecciones por geohelmintos en escolares de dos comunidades\u00a0 del municipio San Miguel del Padr\u00f3n. <\/a><strong>Autores<\/strong>: Dra. Annia Fong Gonz\u00e1lez,Dra Ingrid\u00a0 Domenech Ca\u00f1ete, Lic Yisel\u00a0 Hern\u00e1ndez Barrios,Dra Yoanka Moreira Perdomo,Lic\u00a0 Isabel Rivero Garrido,T\u00e9c Xiomara Castell\u00a0 Fuentes,Dra\u00a0 Yoandra\u00a0 Sollet Sollet, Dr Luis Fonte Galindo<\/li>\n<li><a href=\"http:\/\/promociondeeventos.sld.cu\/finlayinmemoriam2022\/files\/2022\/10\/ahora-Dra.-Zhaily-Poster-Evento-Finlay-2022.pdf\" target=\"_blank\">Meningoencefalitis Eosinof\u00edlica atribuible a infecci\u00f3n por A. cantonensis\u00a0 en tres\u00a0 pacientes pedi\u00e1tricos<\/a> <strong>Autores<\/strong>:\u00a0 Dra. Zhaily Gonz\u00e1lez Rodr\u00edguez MsC , Dra. Iris Zayas Mart\u00ednez MsC, Dra. Annia Fong Gonz\u00e1lez MsC, Lic. Pedro Casanova Arias MsC, Lic. Hilda Hern\u00e1ndez Alvarez DrC , Dr. Mario Garc\u00eda Rodr\u00edguez MsC ,\u00a0 Lic. Jorge S\u00e1nchez MsC ,\u00a0 Tec. Nidia Garrido Llorente<\/li>\n<li><a href=\"http:\/\/promociondeeventos.sld.cu\/finlayinmemoriam2022\/files\/2022\/10\/Ahora-IDALIA-SARIEGO-POSTER.pdf\" target=\"_blank\">Nuevas herramientas inmunoenzim\u00e1ticas para el diagn\u00f3stico de la toxocarosis humana<\/a>. <strong>Autores<\/strong>: Idalia Sariego1, Francisco Morales2, Serge Muyldermans2, Katja Polman3, L\u00e1zara Rojas1.\u00a0 1Departamento de Parasitolog\u00eda, Centro de Investigaci\u00f3n, Diagn\u00f3stico y Referencia, Instituto de Medicina Tropical \u00abPedro Kour\u00ed\u00bb, La Habana, Cuba 2Departamento de Interacciones Celulares y Moleculares, Universidad Libre de Bruselas, B\u00e9lgica 3Departamento de Ciencias Biom\u00e9dicas, Instituto de Medicina Tropical, Amberes, B\u00e9lgica<\/li>\n<li><a href=\"http:\/\/promociondeeventos.sld.cu\/finlayinmemoriam2022\/files\/2022\/10\/Ahora-P\u00f3ster-2-Judith-Mendiola-Carlos-Finlay-III.pdf\" target=\"_blank\">Recopilaci\u00f3n retrospectiva del uso de plantas en medicina tradicional contra la malaria en Cuba y estado actual de la evaluaci\u00f3n antiplasmodial de estas especies<\/a>. <strong>Autores<\/strong>:\u00a0Judith Mendiola Mart\u00ednez (a) (<a href=\"mailto:mendiola@ipk.sld.cu\" target=\"_blank\">mendiola@ipk.sld.cu<\/a>), Aym\u00e9 Fern\u00e1ndez-Calienes Vald\u00e9s (b), Ram\u00f3n Scull Lizama (c), Leynet Gonz\u00e1lez Sanz (d), Eldis B\u00e9cquer Granados (e), Pedro Pablo Herrera Oliver (f) . (a) Departamento de Parasitolog\u00eda, Instituto de Medicina Tropical \u201cPedro Kour\u00ed\u201d. (b) Centro de Inmunolog\u00eda Molecular.\u00a0 (c) Departamento de Farmacia, Instituto de Alimentos y Farmacia.\u00a0 (d) Universidad de la Habana, Facultad de Biolog\u00eda. (e) Jard\u00edn Bot\u00e1nico Nacional.\u00a0 (f) Instituto de Ecolog\u00eda y Sistem\u00e1tica<\/li>\n<li><a href=\"http:\/\/promociondeeventos.sld.cu\/finlayinmemoriam2022\/files\/2022\/10\/ANGIOSTRONGYLUS-CANTONENSIS.pdf\" target=\"_blank\">Ciclo de vida de Angiostrongylus cantonenesis en el laborato<\/a>. <strong>Autores<\/strong>: Jorge D. Cantillo Padron, Hilda M Hernandez Hernandez, Mabel Figueredo Pino,\u00a0 Ariamis Companionis Iba\u00f1ez, Jorge sanchez Noda.\u00a0 Email: <a href=\"mailto:cantillo@ipk.sld.cu\" target=\"_blank\">cantillo@ipk.sld.cu<\/a><\/li>\n<li><a href=\"http:\/\/promociondeeventos.sld.cu\/finlayinmemoriam2022\/files\/2022\/10\/DIPYLIDIUM-CANINUM.pdf\" target=\"_blank\">INFECCI\u00d3N POR DIPYLIDIUM CANINUM EN UNA LACTANTE CUBANA. REPORTE DE UN CASO<\/a>. <strong>Autores<\/strong>: Yanet Fresco Sampedro 1; Fidel Angel N\u00fa\u00f1ez Fern\u00e1ndez 2; Luis Enrique Jerez Puebla 1 &amp; Irais Atencio Mill\u00e1n 1.\u00a0 1 Departamento de Parasitolog\u00eda, Instituto de Medicina Tropical \u201cPedro Kour\u00ed\u201d\u00a0 2 Escuela Latinoamericana de Medicina\u00a0 <a href=\"mailto:yanetcp@ipk.sld.cu\" target=\"_blank\">yanetcp@ipk.sld.cu<\/a><\/li>\n<li><a href=\"http:\/\/promociondeeventos.sld.cu\/finlayinmemoriam2022\/files\/2022\/10\/FASCIOLA-Y-TCBZ.pdf\" target=\"_blank\">Respuesta terap\u00e9utica al Triclabendazol en pacientes cubanos con fascioliasis atendidos en el Instituto de Medicina Tropical Pedro Kour\u00ed (IPK), 2007-2017<\/a>. <strong>Autores<\/strong>:\u00a0Dra. Zhaily Gonz\u00e1lez Rodr\u00edguez, Dra. Annia Fong Gonz\u00e1lez, Lic. Hilda Hern\u00e1ndez Alvarez, Lic. Idalia Sariego Ramos, Lic. Isabel\u00a0 Herrera Alvarez, Med. Adiel Gonz\u00e1lez Gonz\u00e1lez.<\/li>\n<li><a href=\"http:\/\/promociondeeventos.sld.cu\/finlayinmemoriam2022\/files\/2022\/10\/POSTER-MALARIA-.pdf\" target=\"_blank\">CONTRIBUCI\u00d3N DEL LABORATORIO NACIONAL DE REFERENCIA DE MALARIA, CUBA, A LA VIGILANCIA DELPALUDISMO IMPORTADO<\/a>. <strong>Autores<\/strong>:\u00a0\u00a0Dora Emma Ginorio &#8211; Gavito ; Lazara Rojas &#8211; Rivero; Mar\u00eda Isabel Valdespino, Pedro Casanova<\/li>\n<\/ul>\n<p>&nbsp;<\/p>\n","protected":false},"excerpt":{"rendered":"<p>Eficacia del\u00a0 albendazol\u00a0 sobre infecciones por geohelmintos en escolares de dos comunidades\u00a0 del municipio San Miguel del Padr\u00f3n. Autores: Dra. Annia Fong Gonz\u00e1lez,Dra Ingrid\u00a0 Domenech Ca\u00f1ete, Lic Yisel\u00a0 Hern\u00e1ndez Barrios,Dra Yoanka Moreira Perdomo,Lic\u00a0 Isabel Rivero Garrido,T\u00e9c Xiomara Castell\u00a0 Fuentes,Dra\u00a0 Yoandra\u00a0 Sollet Sollet, Dr Luis Fonte Galindo Meningoencefalitis Eosinof\u00edlica atribuible a infecci\u00f3n por A. cantonensis\u00a0 en [&hellip;]<\/p>\n","protected":false},"author":3257,"featured_media":0,"parent":0,"menu_order":0,"comment_status":"closed","ping_status":"open","template":"","meta":[],"_links":{"self":[{"href":"https:\/\/promociondeeventos.sld.cu\/finlayinmemoriam2022\/wp-json\/wp\/v2\/pages\/57"}],"collection":[{"href":"https:\/\/promociondeeventos.sld.cu\/finlayinmemoriam2022\/wp-json\/wp\/v2\/pages"}],"about":[{"href":"https:\/\/promociondeeventos.sld.cu\/finlayinmemoriam2022\/wp-json\/wp\/v2\/types\/page"}],"author":[{"embeddable":true,"href":"https:\/\/promociondeeventos.sld.cu\/finlayinmemoriam2022\/wp-json\/wp\/v2\/users\/3257"}],"replies":[{"embeddable":true,"href":"https:\/\/promociondeeventos.sld.cu\/finlayinmemoriam2022\/wp-json\/wp\/v2\/comments?post=57"}],"version-history":[{"count":4,"href":"https:\/\/promociondeeventos.sld.cu\/finlayinmemoriam2022\/wp-json\/wp\/v2\/pages\/57\/revisions"}],"predecessor-version":[{"id":70,"href":"https:\/\/promociondeeventos.sld.cu\/finlayinmemoriam2022\/wp-json\/wp\/v2\/pages\/57\/revisions\/70"}],"wp:attachment":[{"href":"https:\/\/promociondeeventos.sld.cu\/finlayinmemoriam2022\/wp-json\/wp\/v2\/media?parent=57"}],"curies":[{"name":"wp","href":"https:\/\/api.w.org\/{rel}","templated":true}]}}

Pósters

<ul>
<li><a href="http://promociondeeventos.sld.cu/finlayinmemoriam2022/files/2022/10/Ahora-Annia-Fong-Poster-Camaguey-2022pptx.pdf">Eficacia del  albendazol  sobre infecciones por geohelmintos en escolares de dos comunidades  del municipio San Miguel del Padrón. </a><strong>Autores</strong>: Dra. Annia Fong González,Dra Ingrid  Domenech Cañete, Lic Yisel  Hernández Barrios,Dra Yoanka Moreira Perdomo,Lic  Isabel Rivero Garrido,Téc Xiomara Castell  Fuentes,Dra  Yoandra  Sollet Sollet, Dr Luis Fonte Galindo</li>
<li><a href="http://promociondeeventos.sld.cu/finlayinmemoriam2022/files/2022/10/ahora-Dra.-Zhaily-Poster-Evento-Finlay-2022.pdf" target="_blank">Meningoencefalitis Eosinofílica atribuible a infección por A. cantonensis  en tres  pacientes pediátricos</a> <strong>Autores</strong>:  Dra. Zhaily González Rodríguez MsC , Dra. Iris Zayas Martínez MsC, Dra. Annia Fong González MsC, Lic. Pedro Casanova Arias MsC, Lic. Hilda Hernández Alvarez DrC , Dr. Mario García Rodríguez MsC ,  Lic. Jorge Sánchez MsC ,  Tec. Nidia Garrido Llorente</li>
<li><a href="http://promociondeeventos.sld.cu/finlayinmemoriam2022/files/2022/10/Ahora-IDALIA-SARIEGO-POSTER.pdf" target="_blank">Nuevas herramientas inmunoenzimáticas para el diagnóstico de la toxocarosis humana</a>. <strong>Autores</strong>: Idalia Sariego1, Francisco Morales2, Serge Muyldermans2, Katja Polman3, Lázara Rojas1.  1Departamento de Parasitología, Centro de Investigación, Diagnóstico y Referencia, Instituto de Medicina Tropical «Pedro Kourí», La Habana, Cuba 2Departamento de Interacciones Celulares y Moleculares, Universidad Libre de Bruselas, Bélgica 3Departamento de Ciencias Biomédicas, Instituto de Medicina Tropical, Amberes, Bélgica</li>
<li><a href="http://promociondeeventos.sld.cu/finlayinmemoriam2022/files/2022/10/Ahora-Póster-2-Judith-Mendiola-Carlos-Finlay-III.pdf" target="_blank">Recopilación retrospectiva del uso de plantas en medicina tradicional contra la malaria en Cuba y estado actual de la evaluación antiplasmodial de estas especies</a>. <strong>Autores</strong>: Judith Mendiola Martínez (a) (<a href="mailto:mendiola@ipk.sld.cu" target="_blank">mendiola@ipk.sld.cu</a>), Aymé Fernández-Calienes Valdés (b), Ramón Scull Lizama (c), Leynet González Sanz (d), Eldis Bécquer Granados (e), Pedro Pablo Herrera Oliver (f) . (a) Departamento de Parasitología, Instituto de Medicina Tropical “Pedro Kourí”. (b) Centro de Inmunología Molecular.  (c) Departamento de Farmacia, Instituto de Alimentos y Farmacia.  (d) Universidad de la Habana, Facultad de Biología. (e) Jardín Botánico Nacional.  (f) Instituto de Ecología y Sistemática</li>
<li><a href="http://promociondeeventos.sld.cu/finlayinmemoriam2022/files/2022/10/ANGIOSTRONGYLUS-CANTONENSIS.pdf" target="_blank">Ciclo de vida de Angiostrongylus cantonenesis en el laborato</a>. <strong>Autores</strong>: Jorge D. Cantillo Padron, Hilda M Hernandez Hernandez, Mabel Figueredo Pino,  Ariamis Companionis Ibañez, Jorge sanchez Noda.  Email: <a href="mailto:cantillo@ipk.sld.cu" target="_blank">cantillo@ipk.sld.cu</a></li>
<li><a href="http://promociondeeventos.sld.cu/finlayinmemoriam2022/files/2022/10/DIPYLIDIUM-CANINUM.pdf" target="_blank">INFECCIÓN POR DIPYLIDIUM CANINUM EN UNA LACTANTE CUBANA. REPORTE DE UN CASO</a>. <strong>Autores</strong>: Yanet Fresco Sampedro 1; Fidel Angel Núñez Fernández 2; Luis Enrique Jerez Puebla 1 &amp; Irais Atencio Millán 1.  1 Departamento de Parasitología, Instituto de Medicina Tropical “Pedro Kourí”  2 Escuela Latinoamericana de Medicina  <a href="mailto:yanetcp@ipk.sld.cu" target="_blank">yanetcp@ipk.sld.cu</a></li>
<li><a href="http://promociondeeventos.sld.cu/finlayinmemoriam2022/files/2022/10/FASCIOLA-Y-TCBZ.pdf" target="_blank">Respuesta terapéutica al Triclabendazol en pacientes cubanos con fascioliasis atendidos en el Instituto de Medicina Tropical Pedro Kourí (IPK), 2007-2017</a>. <strong>Autores</strong>: Dra. Zhaily González Rodríguez, Dra. Annia Fong González, Lic. Hilda Hernández Alvarez, Lic. Idalia Sariego Ramos, Lic. Isabel  Herrera Alvarez, Med. Adiel González González.</li>
<li><a href="http://promociondeeventos.sld.cu/finlayinmemoriam2022/files/2022/10/POSTER-MALARIA-.pdf" target="_blank">CONTRIBUCIÓN DEL LABORATORIO NACIONAL DE REFERENCIA DE MALARIA, CUBA, A LA VIGILANCIA DELPALUDISMO IMPORTADO</a>. <strong>Autores</strong>:  Dora Emma Ginorio &#8211; Gavito ; Lazara Rojas &#8211; Rivero; María Isabel Valdespino, Pedro Casanova</li>
</ul>
<p>&nbsp;</p>

<p>Eficacia del  albendazol  sobre infecciones por geohelmintos en escolares de dos comunidades  del municipio San Miguel del Padrón. Autores: Dra. Annia Fong González,Dra Ingrid  Domenech Cañete, Lic Yisel  Hernández Barrios,Dra Yoanka Moreira Perdomo,Lic  Isabel Rivero Garrido,Téc Xiomara Castell  Fuentes,Dra  Yoandra  Sollet Sollet, Dr Luis Fonte Galindo Meningoencefalitis Eosinofílica atribuible a infección por A. cantonensis  en [&hellip;]</p>
