{"id":2,"date":"2022-04-01T18:09:20","date_gmt":"2022-04-01T18:09:20","guid":{"rendered":"http:\/\/promociondeeventos.sld.cu\/finlayinmemoriam2022\/?page_id=2"},"modified":"2022-08-02T16:59:19","modified_gmt":"2022-08-02T16:59:19","slug":"pagina-ejemplo","status":"publish","type":"page","link":"https:\/\/promociondeeventos.sld.cu\/finlayinmemoriam2022\/","title":{"rendered":"Convocatoria"},"content":{"rendered":"<p><a href=\"http:\/\/promociondeeventos.sld.cu\/finlayinmemoriam2022\/files\/2022\/08\/Finlay2022New.jpg\"><img decoding=\"async\" loading=\"lazy\" class=\" size-medium wp-image-53 alignleft\" src=\"http:\/\/promociondeeventos.sld.cu\/finlayinmemoriam2022\/files\/2022\/08\/Finlay2022New-300x140.jpg\" alt=\"Finlay2022New\" width=\"300\" height=\"140\" srcset=\"https:\/\/promociondeeventos.sld.cu\/finlayinmemoriam2022\/files\/2022\/08\/Finlay2022New-300x140.jpg 300w, https:\/\/promociondeeventos.sld.cu\/finlayinmemoriam2022\/files\/2022\/08\/Finlay2022New-1024x477.jpg 1024w\" sizes=\"(max-width: 300px) 100vw, 300px\" \/><\/a>El \u00a0Departamento\u00a0 de\u00a0 Parasitolog\u00eda\u00a0 del\u00a0 Instituto\u00a0 Pedro\u00a0 Kour\u00ed,\u00a0 en\u00a0 colaboraci\u00f3n\u00a0 con\u00a0 el\u00a0 Cap\u00edtulo de la Sociedad Cubana de Microbiolog\u00eda y Parasitolog\u00eda de\u00a0 la Provincia\u00a0 Camag\u00fcey\u00a0 se\u00a0 sienten\u00a0 honrados\u00a0 en\u00a0 comunicarles\u00a0 acerca\u00a0 del\u00a0 III\u00a0 Taller\u00a0 Nacional\u00a0 de Parasitolog\u00eda\u00a0 \u00abCarlos M. Finlay in Memoriam\u201d,\u00a0 en esta ocasi\u00f3n se realizar\u00e1 en Camag\u00fcey, su ciudad natal.<\/p>\n<p>El encuentro se efectuar\u00e1 entre los d\u00edas 11 al 14\u00a0 de octubre de 2022. El\u00a0 programa cient\u00edfico\u00a0 permitir\u00e1,\u00a0 intercambiar\u00a0 experiencias\u00a0 y\u00a0 resultados\u00a0 alcanzados\u00a0 entre \u00a0los profesionales\u00a0 de\u00a0 la\u00a0 Parasitolog\u00eda\u00a0 M\u00e9dica\u00a0 a\u00a0 nivel\u00a0 de\u00a0 la\u00a0 red\u00a0 nacional\u00a0 de\u00a0 Salud.\u00a0\u00a0\u00a0 Se\u00a0 debatir\u00e1n importantes tem\u00e1ticas de la Parasitolog\u00eda humana y veterinaria,\u00a0 teniendo como premisa el tema de \u00a8Una\u00a0 Salud\u00a8,\u00a0 incorporando\u00a0 t\u00f3picos\u00a0 de\u00a0 ambiente\u00a0 y\u00a0 as\u00ed\u00a0 abarcar\u00a0 hasta\u00a0 prevenci\u00f3n\u00a0 y\u00a0 control\u00a0 de\u00a0 las mismas.<\/p>\n","protected":false},"excerpt":{"rendered":"<p>El \u00a0Departamento\u00a0 de\u00a0 Parasitolog\u00eda\u00a0 del\u00a0 Instituto\u00a0 Pedro\u00a0 Kour\u00ed,\u00a0 en\u00a0 colaboraci\u00f3n\u00a0 con\u00a0 el\u00a0 Cap\u00edtulo de la Sociedad Cubana de Microbiolog\u00eda y Parasitolog\u00eda de\u00a0 la Provincia\u00a0 Camag\u00fcey\u00a0 se\u00a0 sienten\u00a0 honrados\u00a0 en\u00a0 comunicarles\u00a0 acerca\u00a0 del\u00a0 III\u00a0 Taller\u00a0 Nacional\u00a0 de Parasitolog\u00eda\u00a0 \u00abCarlos M. Finlay in Memoriam\u201d,\u00a0 en esta ocasi\u00f3n se realizar\u00e1 en Camag\u00fcey, su ciudad natal. El encuentro se [&hellip;]<\/p>\n","protected":false},"author":3257,"featured_media":0,"parent":0,"menu_order":0,"comment_status":"closed","ping_status":"open","template":"","meta":[],"_links":{"self":[{"href":"https:\/\/promociondeeventos.sld.cu\/finlayinmemoriam2022\/wp-json\/wp\/v2\/pages\/2"}],"collection":[{"href":"https:\/\/promociondeeventos.sld.cu\/finlayinmemoriam2022\/wp-json\/wp\/v2\/pages"}],"about":[{"href":"https:\/\/promociondeeventos.sld.cu\/finlayinmemoriam2022\/wp-json\/wp\/v2\/types\/page"}],"author":[{"embeddable":true,"href":"https:\/\/promociondeeventos.sld.cu\/finlayinmemoriam2022\/wp-json\/wp\/v2\/users\/3257"}],"replies":[{"embeddable":true,"href":"https:\/\/promociondeeventos.sld.cu\/finlayinmemoriam2022\/wp-json\/wp\/v2\/comments?post=2"}],"version-history":[{"count":10,"href":"https:\/\/promociondeeventos.sld.cu\/finlayinmemoriam2022\/wp-json\/wp\/v2\/pages\/2\/revisions"}],"predecessor-version":[{"id":55,"href":"https:\/\/promociondeeventos.sld.cu\/finlayinmemoriam2022\/wp-json\/wp\/v2\/pages\/2\/revisions\/55"}],"wp:attachment":[{"href":"https:\/\/promociondeeventos.sld.cu\/finlayinmemoriam2022\/wp-json\/wp\/v2\/media?parent=2"}],"curies":[{"name":"wp","href":"https:\/\/api.w.org\/{rel}","templated":true}]}}