{"id":23,"date":"2025-12-11T01:19:19","date_gmt":"2025-12-11T01:19:19","guid":{"rendered":"https:\/\/promociondeeventos.sld.cu\/finlay2026\/?page_id=23"},"modified":"2026-04-29T12:17:52","modified_gmt":"2026-04-29T12:17:52","slug":"normas-de-presentacion-de-trabajos","status":"publish","type":"page","link":"https:\/\/promociondeeventos.sld.cu\/finlay2026\/normas-de-presentacion-de-trabajos\/","title":{"rendered":"Env\u00edo de res\u00famenes"},"content":{"rendered":"<p><strong>Env\u00edo de res\u00famenes y propuestas de trabajos: <\/strong><\/p>\n<p><strong>Desde el 1ro de febrero hasta el 1 de noviembre<\/strong><\/p>\n<p><strong>Presentaciones de los participantes: <\/strong>Las conferencias magistrales tendr\u00e1n una duraci\u00f3n de 30 minutos y los temas libres 10 minutos. Los posters se exhibir\u00e1n desde el 1er d\u00eda y cada uno tendr\u00e1 un horario de exposici\u00f3n<\/p>\n<p><strong>Estrategia Docente: <\/strong>Se utilizar\u00e1 medios audiovisuales en cada encuentro, as\u00ed como discusi\u00f3n de los carteles o posters.<\/p>\n<p><strong>Importancia de las tem\u00e1ticas a tratar: <\/strong>Este evento permitir\u00e1 promover intercambio cient\u00edfico, las experiencias y resultados alcanzados entre los profesionales de la Parasitolog\u00eda M\u00e9dica a nivel de la red nacional de Salud y se debatir\u00e1n importantes tem\u00e1ticas de la Parasitolog\u00eda humana y veterinaria, as\u00ed como de los componentes ambientales que influyen en la diseminaci\u00f3n de estas enfermedades y como controlarlas.<\/p>\n<p><em>Los participantes que no deseen presentar trabajos deber\u00e1n contactar con los coordinadores para evaluar posibilidades de su estancia en la provincia. <\/em><\/p>\n<p><strong>\u00a0<\/strong><\/p>\n","protected":false},"excerpt":{"rendered":"<p>Env\u00edo de res\u00famenes y propuestas de trabajos: Desde el 1ro de febrero hasta el 1 de noviembre Presentaciones de los participantes: Las conferencias magistrales tendr\u00e1n una duraci\u00f3n de 30 minutos y los temas libres 10 minutos. Los posters se exhibir\u00e1n desde el 1er d\u00eda y cada uno tendr\u00e1 un horario de exposici\u00f3n Estrategia Docente: Se [&hellip;]<\/p>\n","protected":false},"author":4,"featured_media":0,"parent":0,"menu_order":0,"comment_status":"closed","ping_status":"closed","template":"","meta":[],"_links":{"self":[{"href":"https:\/\/promociondeeventos.sld.cu\/finlay2026\/wp-json\/wp\/v2\/pages\/23"}],"collection":[{"href":"https:\/\/promociondeeventos.sld.cu\/finlay2026\/wp-json\/wp\/v2\/pages"}],"about":[{"href":"https:\/\/promociondeeventos.sld.cu\/finlay2026\/wp-json\/wp\/v2\/types\/page"}],"author":[{"embeddable":true,"href":"https:\/\/promociondeeventos.sld.cu\/finlay2026\/wp-json\/wp\/v2\/users\/4"}],"replies":[{"embeddable":true,"href":"https:\/\/promociondeeventos.sld.cu\/finlay2026\/wp-json\/wp\/v2\/comments?post=23"}],"version-history":[{"count":6,"href":"https:\/\/promociondeeventos.sld.cu\/finlay2026\/wp-json\/wp\/v2\/pages\/23\/revisions"}],"predecessor-version":[{"id":107,"href":"https:\/\/promociondeeventos.sld.cu\/finlay2026\/wp-json\/wp\/v2\/pages\/23\/revisions\/107"}],"wp:attachment":[{"href":"https:\/\/promociondeeventos.sld.cu\/finlay2026\/wp-json\/wp\/v2\/media?parent=23"}],"curies":[{"name":"wp","href":"https:\/\/api.w.org\/{rel}","templated":true}]}}