{"id":13,"date":"2025-12-11T01:13:28","date_gmt":"2025-12-11T01:13:28","guid":{"rendered":"https:\/\/promociondeeventos.sld.cu\/finlay2026\/?page_id=13"},"modified":"2025-12-11T01:13:48","modified_gmt":"2025-12-11T01:13:48","slug":"organizan","status":"publish","type":"page","link":"https:\/\/promociondeeventos.sld.cu\/finlay2026\/organizan\/","title":{"rendered":"Organizan"},"content":{"rendered":"<ul>\n<li>Instituto de Medicina Tropical Pedro Kouri<\/li>\n<li>Cap\u00edtulo de Microbiolog\u00eda. Provincia Camag\u00fcey<\/li>\n<li>Sociedad Cubana de Microbiolog\u00eda y Parasitolog\u00eda<\/li>\n<li>Universidad de Ciencias M\u00e9dicas de Camag\u00fcey<\/li>\n<\/ul>\n","protected":false},"excerpt":{"rendered":"<p>Instituto de Medicina Tropical Pedro Kouri Cap\u00edtulo de Microbiolog\u00eda. Provincia Camag\u00fcey Sociedad Cubana de Microbiolog\u00eda y Parasitolog\u00eda Universidad de Ciencias M\u00e9dicas de Camag\u00fcey<\/p>\n","protected":false},"author":4,"featured_media":0,"parent":0,"menu_order":0,"comment_status":"closed","ping_status":"closed","template":"","meta":[],"_links":{"self":[{"href":"https:\/\/promociondeeventos.sld.cu\/finlay2026\/wp-json\/wp\/v2\/pages\/13"}],"collection":[{"href":"https:\/\/promociondeeventos.sld.cu\/finlay2026\/wp-json\/wp\/v2\/pages"}],"about":[{"href":"https:\/\/promociondeeventos.sld.cu\/finlay2026\/wp-json\/wp\/v2\/types\/page"}],"author":[{"embeddable":true,"href":"https:\/\/promociondeeventos.sld.cu\/finlay2026\/wp-json\/wp\/v2\/users\/4"}],"replies":[{"embeddable":true,"href":"https:\/\/promociondeeventos.sld.cu\/finlay2026\/wp-json\/wp\/v2\/comments?post=13"}],"version-history":[{"count":1,"href":"https:\/\/promociondeeventos.sld.cu\/finlay2026\/wp-json\/wp\/v2\/pages\/13\/revisions"}],"predecessor-version":[{"id":14,"href":"https:\/\/promociondeeventos.sld.cu\/finlay2026\/wp-json\/wp\/v2\/pages\/13\/revisions\/14"}],"wp:attachment":[{"href":"https:\/\/promociondeeventos.sld.cu\/finlay2026\/wp-json\/wp\/v2\/media?parent=13"}],"curies":[{"name":"wp","href":"https:\/\/api.w.org\/{rel}","templated":true}]}}