{"id":12,"date":"2025-07-10T15:42:27","date_gmt":"2025-07-10T15:42:27","guid":{"rendered":"https:\/\/promociondeeventos.sld.cu\/fascioliasis2025\/?page_id=12"},"modified":"2025-07-10T15:42:27","modified_gmt":"2025-07-10T15:42:27","slug":"tematicas","status":"publish","type":"page","link":"https:\/\/promociondeeventos.sld.cu\/fascioliasis2025\/tematicas\/","title":{"rendered":"Tem\u00e1ticas:"},"content":{"rendered":"<ol>\n<li>Prevenci\u00f3n, Diagn\u00f3stico y Tratamiento (incluye manejo de casos)<\/li>\n<li>Bienestar animal<\/li>\n<li>Seguridad alimentaria<\/li>\n<li>Relaci\u00f3n del Medio Ambiente y las Zoonosis de transmisi\u00f3n alimentaria<\/li>\n<\/ol>\n","protected":false},"excerpt":{"rendered":"<p>Prevenci\u00f3n, Diagn\u00f3stico y Tratamiento (incluye manejo de casos) Bienestar animal Seguridad alimentaria Relaci\u00f3n del Medio Ambiente y las Zoonosis de transmisi\u00f3n alimentaria<\/p>\n","protected":false},"author":4,"featured_media":0,"parent":0,"menu_order":0,"comment_status":"closed","ping_status":"closed","template":"","meta":[],"_links":{"self":[{"href":"https:\/\/promociondeeventos.sld.cu\/fascioliasis2025\/wp-json\/wp\/v2\/pages\/12"}],"collection":[{"href":"https:\/\/promociondeeventos.sld.cu\/fascioliasis2025\/wp-json\/wp\/v2\/pages"}],"about":[{"href":"https:\/\/promociondeeventos.sld.cu\/fascioliasis2025\/wp-json\/wp\/v2\/types\/page"}],"author":[{"embeddable":true,"href":"https:\/\/promociondeeventos.sld.cu\/fascioliasis2025\/wp-json\/wp\/v2\/users\/4"}],"replies":[{"embeddable":true,"href":"https:\/\/promociondeeventos.sld.cu\/fascioliasis2025\/wp-json\/wp\/v2\/comments?post=12"}],"version-history":[{"count":1,"href":"https:\/\/promociondeeventos.sld.cu\/fascioliasis2025\/wp-json\/wp\/v2\/pages\/12\/revisions"}],"predecessor-version":[{"id":13,"href":"https:\/\/promociondeeventos.sld.cu\/fascioliasis2025\/wp-json\/wp\/v2\/pages\/12\/revisions\/13"}],"wp:attachment":[{"href":"https:\/\/promociondeeventos.sld.cu\/fascioliasis2025\/wp-json\/wp\/v2\/media?parent=12"}],"curies":[{"name":"wp","href":"https:\/\/api.w.org\/{rel}","templated":true}]}}