{"id":56,"date":"2023-10-04T19:10:49","date_gmt":"2023-10-04T19:10:49","guid":{"rendered":"https:\/\/promociondeeventos.sld.cu\/farmacologiahabana2023\/?page_id=56"},"modified":"2023-10-04T19:10:49","modified_gmt":"2023-10-04T19:10:49","slug":"simposios","status":"publish","type":"page","link":"https:\/\/promociondeeventos.sld.cu\/farmacologiahabana2023\/simposios\/","title":{"rendered":"Simposios"},"content":{"rendered":"<ol>\n<li>Primer Taller de resultados de BioCuba Farma<\/li>\n<li>Farmacolog\u00eda precl\u00ecnica y biomodelos<\/li>\n<li>Farmacolog\u00eda cl\u00ecnica y bioinform\u00e1tica<\/li>\n<li>Farmacoepidemiologia y Farmacoeconom\u00eca<\/li>\n<li>Ensenanza de la Farmacolog\u00eca<\/li>\n<li>Bioetica y regulacion en las investigaciones<\/li>\n<li>Proyecto Thalassia. Curso internacional<\/li>\n<\/ol>\n<p>&nbsp;<\/p>\n","protected":false},"excerpt":{"rendered":"<p>Primer Taller de resultados de BioCuba Farma Farmacolog\u00eda precl\u00ecnica y biomodelos Farmacolog\u00eda cl\u00ecnica y bioinform\u00e1tica Farmacoepidemiologia y Farmacoeconom\u00eca Ensenanza de la Farmacolog\u00eca Bioetica y regulacion en las investigaciones Proyecto Thalassia. Curso internacional &nbsp;<\/p>\n","protected":false},"author":4,"featured_media":0,"parent":0,"menu_order":0,"comment_status":"closed","ping_status":"closed","template":"","meta":[],"_links":{"self":[{"href":"https:\/\/promociondeeventos.sld.cu\/farmacologiahabana2023\/wp-json\/wp\/v2\/pages\/56"}],"collection":[{"href":"https:\/\/promociondeeventos.sld.cu\/farmacologiahabana2023\/wp-json\/wp\/v2\/pages"}],"about":[{"href":"https:\/\/promociondeeventos.sld.cu\/farmacologiahabana2023\/wp-json\/wp\/v2\/types\/page"}],"author":[{"embeddable":true,"href":"https:\/\/promociondeeventos.sld.cu\/farmacologiahabana2023\/wp-json\/wp\/v2\/users\/4"}],"replies":[{"embeddable":true,"href":"https:\/\/promociondeeventos.sld.cu\/farmacologiahabana2023\/wp-json\/wp\/v2\/comments?post=56"}],"version-history":[{"count":1,"href":"https:\/\/promociondeeventos.sld.cu\/farmacologiahabana2023\/wp-json\/wp\/v2\/pages\/56\/revisions"}],"predecessor-version":[{"id":57,"href":"https:\/\/promociondeeventos.sld.cu\/farmacologiahabana2023\/wp-json\/wp\/v2\/pages\/56\/revisions\/57"}],"wp:attachment":[{"href":"https:\/\/promociondeeventos.sld.cu\/farmacologiahabana2023\/wp-json\/wp\/v2\/media?parent=56"}],"curies":[{"name":"wp","href":"https:\/\/api.w.org\/{rel}","templated":true}]}}