{"id":17,"date":"2025-06-03T00:14:51","date_gmt":"2025-06-03T00:14:51","guid":{"rendered":"https:\/\/promociondeeventos.sld.cu\/exoticas2025\/?page_id=17"},"modified":"2026-02-19T15:04:36","modified_gmt":"2026-02-19T15:04:36","slug":"tematicas","status":"publish","type":"page","link":"https:\/\/promociondeeventos.sld.cu\/exoticas2025\/tematicas\/","title":{"rendered":"Tem\u00e1ticas"},"content":{"rendered":"<ol>\n<li>Enfermedades Ex\u00f3ticas con potencial epid\u00e9mico para Cuba.<\/li>\n<\/ol>\n<ul>\n<li>Enfermedades transmitidas por vectores:<\/li>\n<li>Zoonosis emergentes:<\/li>\n<\/ul>\n<ol start=\"2\">\n<li>Diagn\u00f3stico y Vigilancia en condiciones de recursos Limitados<\/li>\n<\/ol>\n<ul>\n<li>M\u00e9todos r\u00e1pidos y de bajo costo para diagn\u00f3stico de enfermedades ex\u00f3ticas<\/li>\n<li>Papel del Sistema Nacional de Vigilancia Epidemiol\u00f3gica cubano en la detecci\u00f3n temprana.<\/li>\n<li>Uso de tecnolog\u00edas locales<\/li>\n<\/ul>\n<ol start=\"3\">\n<li>Una Salud en el Contexto Cubano.<\/li>\n<\/ol>\n<ul>\n<li>Coordinaci\u00f3n entre MINSAP, MINAG y CITMA para prevenir brotes<\/li>\n<li>Enfermedades ex\u00f3ticas en animales dom\u00e9sticos y silvestres.<\/li>\n<li>Impacto de la fauna invasora en la transmisi\u00f3n de pat\u00f3genos.<\/li>\n<\/ul>\n<ol start=\"4\">\n<li>Preparaci\u00f3n y Respuesta ante Brotes<\/li>\n<\/ol>\n<ul>\n<li>Protocolos cubanos para cuarentena y aislamiento.<\/li>\n<li>Capacitaci\u00f3n de brigadas de r\u00e1pido despliegue<\/li>\n<li>Almacenamiento seguro de vacunas y ant\u00eddotos para enfermedades ex\u00f3ticas<\/li>\n<\/ul>\n<ol start=\"5\">\n<li>Enfermedades Ex\u00f3ticas y Determinantes Sociales<\/li>\n<\/ol>\n<ul>\n<li>Influencia del bloqueo econ\u00f3mico en la adquisici\u00f3n de insumos para diagn\u00f3stico y tratamiento.<\/li>\n<li>Rol de la comunidad en la vigilancia activa.<\/li>\n<li>Migraci\u00f3n y turismo: riesgo de importaci\u00f3n de casos<\/li>\n<\/ul>\n<ol start=\"6\">\n<li>Temas Pr\u00e1cticos y Talleres (Para sesiones presenciales)<\/li>\n<\/ol>\n<ul>\n<li>Simulacro de toma de muestras para diagn\u00f3stico de fiebres hemorr\u00e1gicas.<\/li>\n<li>Identificaci\u00f3n de vectores (mosquitos, garrapatas) con gu\u00edas visuales cubanas.<\/li>\n<li>Uso de plataformas digitales para reportar casos sospechosos<\/li>\n<\/ul>\n<ol start=\"7\">\n<li>Investigaci\u00f3n y Desarrollo Local<\/li>\n<\/ol>\n<ul>\n<li>Proyectos cubanos en enfermedades ex\u00f3ticas: resultados del IPK, Instituto de Medicina<\/li>\n<\/ul>\n<ol start=\"8\">\n<li>Veterinaria, etc.<\/li>\n<\/ol>\n<ul>\n<li>Vacunas y tratamientos en desarrollo.<\/li>\n<li>Colaboraci\u00f3n entre universidades y centros de investigaci\u00f3n<\/li>\n<\/ul>\n<p>&nbsp;<\/p>\n","protected":false},"excerpt":{"rendered":"<p>Enfermedades Ex\u00f3ticas con potencial epid\u00e9mico para Cuba. Enfermedades transmitidas por vectores: Zoonosis emergentes: Diagn\u00f3stico y Vigilancia en condiciones de recursos Limitados M\u00e9todos r\u00e1pidos y de bajo costo para diagn\u00f3stico de enfermedades ex\u00f3ticas Papel del Sistema Nacional de Vigilancia Epidemiol\u00f3gica cubano en la detecci\u00f3n temprana. Uso de tecnolog\u00edas locales Una Salud en el Contexto Cubano. Coordinaci\u00f3n [&hellip;]<\/p>\n","protected":false},"author":4,"featured_media":0,"parent":0,"menu_order":0,"comment_status":"closed","ping_status":"closed","template":"","meta":[],"_links":{"self":[{"href":"https:\/\/promociondeeventos.sld.cu\/exoticas2025\/wp-json\/wp\/v2\/pages\/17"}],"collection":[{"href":"https:\/\/promociondeeventos.sld.cu\/exoticas2025\/wp-json\/wp\/v2\/pages"}],"about":[{"href":"https:\/\/promociondeeventos.sld.cu\/exoticas2025\/wp-json\/wp\/v2\/types\/page"}],"author":[{"embeddable":true,"href":"https:\/\/promociondeeventos.sld.cu\/exoticas2025\/wp-json\/wp\/v2\/users\/4"}],"replies":[{"embeddable":true,"href":"https:\/\/promociondeeventos.sld.cu\/exoticas2025\/wp-json\/wp\/v2\/comments?post=17"}],"version-history":[{"count":2,"href":"https:\/\/promociondeeventos.sld.cu\/exoticas2025\/wp-json\/wp\/v2\/pages\/17\/revisions"}],"predecessor-version":[{"id":48,"href":"https:\/\/promociondeeventos.sld.cu\/exoticas2025\/wp-json\/wp\/v2\/pages\/17\/revisions\/48"}],"wp:attachment":[{"href":"https:\/\/promociondeeventos.sld.cu\/exoticas2025\/wp-json\/wp\/v2\/media?parent=17"}],"curies":[{"name":"wp","href":"https:\/\/api.w.org\/{rel}","templated":true}]}}