{"id":8,"date":"2021-04-23T16:15:33","date_gmt":"2021-04-23T16:15:33","guid":{"rendered":"http:\/\/promociondeeventos.sld.cu\/enfermeriahabana2021\/?page_id=8"},"modified":"2021-08-24T22:53:24","modified_gmt":"2021-08-24T22:53:24","slug":"comite-cientifico","status":"publish","type":"page","link":"https:\/\/promociondeeventos.sld.cu\/enfermeriahabana2021\/?page_id=8","title":{"rendered":"Comit\u00e9 cient\u00edfico"},"content":{"rendered":"<p><strong><span style=\"text-decoration: underline\">Comit\u00e9 Cient\u00edfico: <\/span><\/strong><\/p>\n<p><strong><em>Presidente<\/em><\/strong><\/p>\n<ul>\n<li>Dra.C Judith Apsara Caballero B\u00e1ez<\/li>\n<\/ul>\n<p><strong><em>Miembros: <\/em><\/strong><\/p>\n<ul>\n<li>Dra.C. Xiomara Casanova Costa<\/li>\n<li>Dra.C. Yenny Elers Mastrapa<\/li>\n<li>Dra.C. Ana Belkis Perdomo C\u00e1ceres<\/li>\n<li>MSc. Yosvany Fern\u00e1ndez Camejo<\/li>\n<li>MSc. Elier Carrera Gonz\u00e1lez<\/li>\n<li>MSc. Delvis Casta\u00f1\u00f3n Pompa<\/li>\n<li>MSc. Eraisis Rodr\u00edguez Ameneiro<\/li>\n<li>MSc. Mario Rodr\u00edguez Marquetti<\/li>\n<li>MSc. Nelson Leguen Vargas<\/li>\n<li>MSc. Olga Besse Millian<\/li>\n<li>MSc.\u00a0Marta Beatriz Mederos Due\u00f1as<\/li>\n<\/ul>\n<p><strong><em>Acreditaci\u00f3n y certificados:<\/em><\/strong><\/p>\n<ul>\n<li>MSc. Rosa Garrido Angarica<\/li>\n<li>MSc. Mario Rodr\u00edguez Marquetti<\/li>\n<li>MSc. Ibrahim Brito Verdecia<\/li>\n<\/ul>\n<p>&nbsp;<\/p>\n<p>Para contactar con alg\u00fan miembro debe escribir a <a href=\"mailto:enfermeria2021@infomed.sld.cu\">enfermeria2021@infomed.sld.cu<\/a><\/p>\n<p>&nbsp;<\/p>\n","protected":false},"excerpt":{"rendered":"<p>Comit\u00e9 Cient\u00edfico: Presidente Dra.C Judith Apsara Caballero B\u00e1ez Miembros: Dra.C. Xiomara Casanova Costa Dra.C. Yenny Elers Mastrapa Dra.C. Ana Belkis Perdomo C\u00e1ceres MSc. Yosvany Fern\u00e1ndez Camejo MSc. Elier Carrera Gonz\u00e1lez MSc. Delvis Casta\u00f1\u00f3n Pompa MSc. Eraisis Rodr\u00edguez Ameneiro MSc. Mario Rodr\u00edguez Marquetti MSc. Nelson Leguen Vargas MSc. Olga Besse Millian MSc.\u00a0Marta Beatriz Mederos Due\u00f1as Acreditaci\u00f3n [&hellip;]<\/p>\n","protected":false},"author":3275,"featured_media":0,"parent":0,"menu_order":0,"comment_status":"closed","ping_status":"closed","template":"sidebar-content.php","meta":[],"_links":{"self":[{"href":"https:\/\/promociondeeventos.sld.cu\/enfermeriahabana2021\/index.php?rest_route=\/wp\/v2\/pages\/8"}],"collection":[{"href":"https:\/\/promociondeeventos.sld.cu\/enfermeriahabana2021\/index.php?rest_route=\/wp\/v2\/pages"}],"about":[{"href":"https:\/\/promociondeeventos.sld.cu\/enfermeriahabana2021\/index.php?rest_route=\/wp\/v2\/types\/page"}],"author":[{"embeddable":true,"href":"https:\/\/promociondeeventos.sld.cu\/enfermeriahabana2021\/index.php?rest_route=\/wp\/v2\/users\/3275"}],"replies":[{"embeddable":true,"href":"https:\/\/promociondeeventos.sld.cu\/enfermeriahabana2021\/index.php?rest_route=%2Fwp%2Fv2%2Fcomments&post=8"}],"version-history":[{"count":15,"href":"https:\/\/promociondeeventos.sld.cu\/enfermeriahabana2021\/index.php?rest_route=\/wp\/v2\/pages\/8\/revisions"}],"predecessor-version":[{"id":183,"href":"https:\/\/promociondeeventos.sld.cu\/enfermeriahabana2021\/index.php?rest_route=\/wp\/v2\/pages\/8\/revisions\/183"}],"wp:attachment":[{"href":"https:\/\/promociondeeventos.sld.cu\/enfermeriahabana2021\/index.php?rest_route=%2Fwp%2Fv2%2Fmedia&parent=8"}],"curies":[{"name":"wp","href":"https:\/\/api.w.org\/{rel}","templated":true}]}}