{"id":7,"date":"2021-04-23T16:14:58","date_gmt":"2021-04-23T16:14:58","guid":{"rendered":"http:\/\/promociondeeventos.sld.cu\/enfermeriahabana2021\/?page_id=7"},"modified":"2021-08-24T22:53:24","modified_gmt":"2021-08-24T22:53:24","slug":"convocatoria","status":"publish","type":"page","link":"https:\/\/promociondeeventos.sld.cu\/enfermeriahabana2021\/","title":{"rendered":"Convocatoria"},"content":{"rendered":"<p><img decoding=\"async\" loading=\"lazy\" class=\"alignnone\" src=\"https:\/\/instituciones.sld.cu\/socuenfhabana\/files\/2017\/11\/SOCUENF-HABANA-e1527738951795.jpg\" alt=\"\" width=\"25\" height=\"27\" \/><img decoding=\"async\" loading=\"lazy\" class=\"alignnone\" src=\"https:\/\/instituciones.sld.cu\/socuenfhabana\/files\/2018\/01\/PNG-Imagen-253x205-p%C3%ADxeles.png\" alt=\"\" width=\"23\" height=\"25\" \/><img decoding=\"async\" loading=\"lazy\" class=\"alignnone\" src=\"https:\/\/instituciones.sld.cu\/socuenfhabana\/files\/2018\/01\/LOGO-SOCUENF.jpg\" alt=\"\" width=\"23\" height=\"23\" \/><\/p>\n<p><strong>1ra Jornada cient\u00edfica Virtual de Enfermer\u00eda. Cap\u00edtulo La Habana<\/strong><\/p>\n<p>Estimados colegas:<\/p>\n<p>La <strong>Sociedad Cubana de Enfermer\u00eda del Cap\u00edtulo La Habana<\/strong>, tiene el placer de invitarle a la <strong>1ra Jornada Cient\u00edfica Virtual<\/strong> concebida dentro del programa de actividades por el D\u00eda Internacional de la Enfermer\u00eda, del 1 al 12 de junio del 2021.<\/p>\n<p>Marco oportuno para la presentaci\u00f3n de ponencias, conferencias y de acceder libremente a la discusi\u00f3n de los resultados de estas investigaciones, intercambiar ideas, exponer experiencias de la actuaci\u00f3n del personal de Enfermer\u00eda.<\/p>\n<p><em>\u00a0\u201choy la enfermer\u00eda es un ej\u00e9rcito de vanguardia por su profesionalidad y \u00e9tica, valores que el pueblo reconoce y admira, los cuales han trascendido las fronteras de nuestro pa\u00eds\u201d<\/em>.<\/p>\n<p>La 72\u00aa Asamblea Mundial de la Salud design\u00f3 el 2020 como el A\u00f1o internacional de los profesionales de enfermer\u00eda y de parter\u00eda. Esta decisi\u00f3n pone de relieve mundial a la enfermer\u00eda y a los recursos humanos de salud. Debido a la actual crisis sanitaria, los eventos a nivel mundial han sido pospuestos o cancelados, por tal raz\u00f3n, representantes de la OMS decidieron ampliar hasta julio del 2021 el A\u00f1o Internacional de la Enfermera y la Matrona, para homenajear a todo el personal de salud que durante tanto tiempo ha estado enfrentando enfermedades.<\/p>\n<p>Ante la presencia de la COVID-19 en Cuba y los problemas que esta ha generado, se hace necesario continuar perfeccionando la actuaci\u00f3n de Enfermer\u00eda, que sea pertinente y contribuya a la prevenci\u00f3n, control, mejor manejo de los casos, as\u00ed como a la protecci\u00f3n de dichos profesionales y de la poblaci\u00f3n.<\/p>\n<p>Necesitamos materializar e impulsar las apuestas para dotar a las enfermeras de nuevas responsabilidades, disponer de instrumentos que contribuyan agilizar los procesos y poder realizar un trabajo m\u00e1s aut\u00f3nomo y eficiente, dando respuestas individuales y grupales a los colectivos m\u00e1s vulnerables a trav\u00e9s de la innovaci\u00f3n y la investigaci\u00f3n, haciendo uso del conocimiento cient\u00edfico disponible, tomando como referencia los resultados obtenidos en otros pa\u00edses que avalan el desarrollo de nuevas f\u00f3rmulas organizativas, evidenciando que la aportaci\u00f3n enfermera sea verdaderamente relevante e incuestionable, siendo la base el trabajo en equipo sin distinciones ni cooperativismos.<\/p>\n<p>Podr\u00e1n participar profesionales y estudiantes de Enfermer\u00eda, investigadores y otros profesionales que deseen conocer y compartir experiencias.<\/p>\n<h3><span style=\"color: #ff0000\"><img decoding=\"async\" loading=\"lazy\" class=\"  alignleft wp-image-378\" src=\"http:\/\/promociondeeventos.sld.cu\/enfermeriahabana2021\/files\/2021\/04\/cerrado-300x218.gif\" alt=\"cerrado\" width=\"81\" height=\"59\" srcset=\"https:\/\/promociondeeventos.sld.cu\/enfermeriahabana2021\/files\/2021\/04\/cerrado-300x218.gif 300w, https:\/\/promociondeeventos.sld.cu\/enfermeriahabana2021\/files\/2021\/04\/cerrado-250x181.gif 250w\" sizes=\"(max-width: 81px) 100vw, 81px\" \/>Recepci\u00f3n de trabajos: Hasta el 25 de mayo del 2021.<br \/>\n<\/span><\/h3>\n<h3>Notificaci\u00f3n de aceptaci\u00f3n: Hasta el 30 de mayo del 2021<\/h3>\n<h3>Desarrollo del evento: del 1 al 12 de junio 2021.<\/h3>\n<h3>Costo del evento: Gratis para nacionales y extranjeros<\/h3>\n<h3><span style=\"color: #0000ff\">Recepci\u00f3n de solicitudes para inscripci\u00f3n como participante: Hasta el 12 de junio de 2021<\/span><\/h3>\n<p><strong>\u00a0<\/strong>Les esperamos en lo que ser\u00e1 un encuentro enriquecedor y pleno de experiencias.<\/p>\n<p>\u00a1Bienvenidos!<\/p>\n<p>Comit\u00e9 Organizador!<\/p>\n","protected":false},"excerpt":{"rendered":"<p>1ra Jornada cient\u00edfica Virtual de Enfermer\u00eda. Cap\u00edtulo La Habana Estimados colegas: La Sociedad Cubana de Enfermer\u00eda del Cap\u00edtulo La Habana, tiene el placer de invitarle a la 1ra Jornada Cient\u00edfica Virtual concebida dentro del programa de actividades por el D\u00eda Internacional de la Enfermer\u00eda, del 1 al 12 de junio del 2021. Marco oportuno para [&hellip;]<\/p>\n","protected":false},"author":3275,"featured_media":0,"parent":0,"menu_order":0,"comment_status":"closed","ping_status":"closed","template":"sidebar-content.php","meta":[],"_links":{"self":[{"href":"https:\/\/promociondeeventos.sld.cu\/enfermeriahabana2021\/index.php?rest_route=\/wp\/v2\/pages\/7"}],"collection":[{"href":"https:\/\/promociondeeventos.sld.cu\/enfermeriahabana2021\/index.php?rest_route=\/wp\/v2\/pages"}],"about":[{"href":"https:\/\/promociondeeventos.sld.cu\/enfermeriahabana2021\/index.php?rest_route=\/wp\/v2\/types\/page"}],"author":[{"embeddable":true,"href":"https:\/\/promociondeeventos.sld.cu\/enfermeriahabana2021\/index.php?rest_route=\/wp\/v2\/users\/3275"}],"replies":[{"embeddable":true,"href":"https:\/\/promociondeeventos.sld.cu\/enfermeriahabana2021\/index.php?rest_route=%2Fwp%2Fv2%2Fcomments&post=7"}],"version-history":[{"count":26,"href":"https:\/\/promociondeeventos.sld.cu\/enfermeriahabana2021\/index.php?rest_route=\/wp\/v2\/pages\/7\/revisions"}],"predecessor-version":[{"id":694,"href":"https:\/\/promociondeeventos.sld.cu\/enfermeriahabana2021\/index.php?rest_route=\/wp\/v2\/pages\/7\/revisions\/694"}],"wp:attachment":[{"href":"https:\/\/promociondeeventos.sld.cu\/enfermeriahabana2021\/index.php?rest_route=%2Fwp%2Fv2%2Fmedia&parent=7"}],"curies":[{"name":"wp","href":"https:\/\/api.w.org\/{rel}","templated":true}]}}