{"id":30,"date":"2021-04-23T16:46:44","date_gmt":"2021-04-23T16:46:44","guid":{"rendered":"http:\/\/promociondeeventos.sld.cu\/enfermeriahabana2021\/?page_id=30"},"modified":"2021-08-24T22:53:24","modified_gmt":"2021-08-24T22:53:24","slug":"programa","status":"publish","type":"page","link":"https:\/\/promociondeeventos.sld.cu\/enfermeriahabana2021\/?page_id=30","title":{"rendered":"Programa"},"content":{"rendered":"<p><strong>1ra JORNADA CIENT\u00cdFICA VIRTUAL DE LA SOCIEDAD DE ENFERMER\u00cdA CAP\u00cdTULO LA HABANA<\/strong><\/p>\n<p><strong>PROGRAMA<\/strong><\/p>\n<p>Del 3 al 12 de junio 2021<\/p>\n<p>Discusi\u00f3n de ponencias e intercambios libres en las categor\u00edas relacionadas con:<\/p>\n<ul>\n<li>Atenci\u00f3n a la gestante, pu\u00e9rpera y neonato.<\/li>\n<li>Atenci\u00f3n al adulto.<\/li>\n<li>Atenci\u00f3n al anciano.<\/li>\n<li>Atenci\u00f3n al Grave, Urgencia, Emergencia.<\/li>\n<li>Atenci\u00f3n comunitaria.<\/li>\n<li>Atenci\u00f3n en edad pedi\u00e1trica.<\/li>\n<li>Atenci\u00f3n en tiempos de Pandemia por COVID 19.<\/li>\n<li>Formaci\u00f3n de recursos humanos.<\/li>\n<li>Proyectos de formaci\u00f3n doctoral.<\/li>\n<\/ul>\n<p>La selecci\u00f3n de las categor\u00edas se debe realizar en la columna derecha del sitio en la opci\u00f3n TRABAJOS PUBLICADOS POR SALONES seleccionando la categor\u00eda.<\/p>\n<ol start=\"2\">\n<li>Foros debate que permite intercambio entre los colegas participantes en la Jornada.<\/li>\n<li>Foro 1. Para debatir e intercambiar criterios y opiniones relacionadas con:<\/li>\n<\/ol>\n<p>Tema para la discusi\u00f3n: \u201c<em>La investigaci\u00f3n cient\u00edfica como fuente de desarrollo para la ciencia de la Enfermer\u00eda\u201d.<\/em><\/p>\n<p>&nbsp;<\/p>\n","protected":false},"excerpt":{"rendered":"<p>1ra JORNADA CIENT\u00cdFICA VIRTUAL DE LA SOCIEDAD DE ENFERMER\u00cdA CAP\u00cdTULO LA HABANA PROGRAMA Del 3 al 12 de junio 2021 Discusi\u00f3n de ponencias e intercambios libres en las categor\u00edas relacionadas con: Atenci\u00f3n a la gestante, pu\u00e9rpera y neonato. Atenci\u00f3n al adulto. Atenci\u00f3n al anciano. Atenci\u00f3n al Grave, Urgencia, Emergencia. Atenci\u00f3n comunitaria. Atenci\u00f3n en edad pedi\u00e1trica. [&hellip;]<\/p>\n","protected":false},"author":3275,"featured_media":0,"parent":0,"menu_order":0,"comment_status":"closed","ping_status":"closed","template":"sidebar-content.php","meta":[],"_links":{"self":[{"href":"https:\/\/promociondeeventos.sld.cu\/enfermeriahabana2021\/index.php?rest_route=\/wp\/v2\/pages\/30"}],"collection":[{"href":"https:\/\/promociondeeventos.sld.cu\/enfermeriahabana2021\/index.php?rest_route=\/wp\/v2\/pages"}],"about":[{"href":"https:\/\/promociondeeventos.sld.cu\/enfermeriahabana2021\/index.php?rest_route=\/wp\/v2\/types\/page"}],"author":[{"embeddable":true,"href":"https:\/\/promociondeeventos.sld.cu\/enfermeriahabana2021\/index.php?rest_route=\/wp\/v2\/users\/3275"}],"replies":[{"embeddable":true,"href":"https:\/\/promociondeeventos.sld.cu\/enfermeriahabana2021\/index.php?rest_route=%2Fwp%2Fv2%2Fcomments&post=30"}],"version-history":[{"count":3,"href":"https:\/\/promociondeeventos.sld.cu\/enfermeriahabana2021\/index.php?rest_route=\/wp\/v2\/pages\/30\/revisions"}],"predecessor-version":[{"id":749,"href":"https:\/\/promociondeeventos.sld.cu\/enfermeriahabana2021\/index.php?rest_route=\/wp\/v2\/pages\/30\/revisions\/749"}],"wp:attachment":[{"href":"https:\/\/promociondeeventos.sld.cu\/enfermeriahabana2021\/index.php?rest_route=%2Fwp%2Fv2%2Fmedia&parent=30"}],"curies":[{"name":"wp","href":"https:\/\/api.w.org\/{rel}","templated":true}]}}

<p><strong>1ra JORNADA CIENTÍFICA VIRTUAL DE LA SOCIEDAD DE ENFERMERÍA CAPÍTULO LA HABANA</strong></p>
<p><strong>PROGRAMA</strong></p>
<p>Del 3 al 12 de junio 2021</p>
<p>Discusión de ponencias e intercambios libres en las categorías relacionadas con:</p>
<ul>
<li>Atención a la gestante, puérpera y neonato.</li>
<li>Atención al adulto.</li>
<li>Atención al anciano.</li>
<li>Atención al Grave, Urgencia, Emergencia.</li>
<li>Atención comunitaria.</li>
<li>Atención en edad pediátrica.</li>
<li>Atención en tiempos de Pandemia por COVID 19.</li>
<li>Formación de recursos humanos.</li>
<li>Proyectos de formación doctoral.</li>
</ul>
<p>La selección de las categorías se debe realizar en la columna derecha del sitio en la opción TRABAJOS PUBLICADOS POR SALONES seleccionando la categoría.</p>
<ol start="2">
<li>Foros debate que permite intercambio entre los colegas participantes en la Jornada.</li>
<li>Foro 1. Para debatir e intercambiar criterios y opiniones relacionadas con:</li>
</ol>
<p>Tema para la discusión: “<em>La investigación científica como fuente de desarrollo para la ciencia de la Enfermería”.</em></p>
<p>&nbsp;</p>

<p>1ra JORNADA CIENTÍFICA VIRTUAL DE LA SOCIEDAD DE ENFERMERÍA CAPÍTULO LA HABANA PROGRAMA Del 3 al 12 de junio 2021 Discusión de ponencias e intercambios libres en las categorías relacionadas con: Atención a la gestante, puérpera y neonato. Atención al adulto. Atención al anciano. Atención al Grave, Urgencia, Emergencia. Atención comunitaria. Atención en edad pediátrica. [&hellip;]</p>
