{"id":759,"date":"2021-12-10T01:54:56","date_gmt":"2021-12-10T01:54:56","guid":{"rendered":"http:\/\/promociondeeventos.sld.cu\/educavanzada2021\/?page_id=759"},"modified":"2021-12-12T20:21:55","modified_gmt":"2021-12-12T20:21:55","slug":"noticias","status":"publish","type":"page","link":"https:\/\/promociondeeventos.sld.cu\/educavanzada2021\/?page_id=759","title":{"rendered":"9\/12\/2021"},"content":{"rendered":"<p>Hoy, 9 de diciembre de 2022, la Universidad de Ciencias Pedag\u00f3gicas Enrique Jos\u00e9 Varona en coordinaci\u00f3n con la Facultad de Ciencias M\u00e9dicas Calixto Garc\u00eda, hizo entrega del T\u00edtulo de Doctor en Ciencias de la Educaci\u00f3n a un grupo de doctorandos que forman parte de la comunidad cient\u00edfica de la Educaci\u00f3n Avanzada que conduce la C\u00e1tedra hom\u00f3nima. Ellos son:<\/p>\n<ul>\n<li>Mar\u00eda de los \u00c1ngeles Hern\u00e1ndez Sosa; M\u00e9dico Especialista en Medicina General Integral y Medicina Legal, Profesor Titular, Jefa del Departamento de postgrado de la Facultad de Ciencias M\u00e9dicas Calixto Garc\u00eda<\/li>\n<li>Odalys Arencibia Salazar; Profesor Auxiliar de la Facultad de Ciencias M\u00e9dicas Calixto Garc\u00eda<\/li>\n<li>Norberto Regino Garc\u00eda Mesa; M\u00e9dico Especialista en Cirug\u00eda General, Profesor Auxiliar de Anatom\u00eda de la Escuela Latinoamericana de Medicina, Jefe del Departamento de Eventos del Complejo Cient\u00edfico Ortop\u00e9dico Internacional Frank Pa\u00eds<\/li>\n<\/ul>\n<p>&nbsp;<\/p>\n<p>Felicitamos a los nuevos doctorandos y a la comunidad cient\u00edfica de la Educaci\u00f3n Avanzada en la Jornada del Educador. Contamos con todos para continuar enalteciendo la figura de la Dr. Cs. Julia Aurora Morales y desarrollando su principal legado: la teor\u00eda de la Educaci\u00f3n Avanzada en Cuba.<\/p>\n<p>&nbsp;<\/p>\n<p>Dr. C. Lidisbet Cardoso Camejo<\/p>\n<p>Presidenta de la C\u00e1tedra de Educaci\u00f3n Avanzada<\/p>\n\n\t\t<style type=\"text\/css\">\n\t\t\t#gallery-1 {\n\t\t\t\tmargin: auto;\n\t\t\t}\n\t\t\t#gallery-1 .gallery-item {\n\t\t\t\tfloat: left;\n\t\t\t\tmargin-top: 10px;\n\t\t\t\ttext-align: center;\n\t\t\t\twidth: 33%;\n\t\t\t}\n\t\t\t#gallery-1 img {\n\t\t\t\tborder: 2px solid #cfcfcf;\n\t\t\t}\n\t\t\t#gallery-1 .gallery-caption {\n\t\t\t\tmargin-left: 0;\n\t\t\t}\n\t\t\t\/* see gallery_shortcode() in wp-includes\/media.php *\/\n\t\t<\/style>\n\t\t<div id='gallery-1' class='gallery galleryid-759 gallery-columns-3 gallery-size-thumbnail'><dl class='gallery-item'>\n\t\t\t<dt class='gallery-icon landscape'>\n\t\t\t\t<a href='https:\/\/promociondeeventos.sld.cu\/educavanzada2021\/?attachment_id=781'><img width=\"150\" height=\"150\" src=\"https:\/\/promociondeeventos.sld.cu\/educavanzada2021\/files\/2021\/12\/educav2021-10-150x150.jpg\" class=\"attachment-thumbnail size-thumbnail\" alt=\"\" decoding=\"async\" loading=\"lazy\" srcset=\"https:\/\/promociondeeventos.sld.cu\/educavanzada2021\/files\/2021\/12\/educav2021-10-150x150.jpg 150w, https:\/\/promociondeeventos.sld.cu\/educavanzada2021\/files\/2021\/12\/educav2021-10-500x500.jpg 500w\" sizes=\"(max-width: 150px) 100vw, 150px\" \/><\/a>\n\t\t\t<\/dt><\/dl><dl class='gallery-item'>\n\t\t\t<dt class='gallery-icon portrait'>\n\t\t\t\t<a href='https:\/\/promociondeeventos.sld.cu\/educavanzada2021\/?attachment_id=782'><img width=\"150\" height=\"150\" src=\"https:\/\/promociondeeventos.sld.cu\/educavanzada2021\/files\/2021\/12\/educav2021-11-150x150.jpg\" class=\"attachment-thumbnail size-thumbnail\" alt=\"\" decoding=\"async\" loading=\"lazy\" srcset=\"https:\/\/promociondeeventos.sld.cu\/educavanzada2021\/files\/2021\/12\/educav2021-11-150x150.jpg 150w, https:\/\/promociondeeventos.sld.cu\/educavanzada2021\/files\/2021\/12\/educav2021-11-500x500.jpg 500w\" sizes=\"(max-width: 150px) 100vw, 150px\" \/><\/a>\n\t\t\t<\/dt><\/dl><dl class='gallery-item'>\n\t\t\t<dt class='gallery-icon portrait'>\n\t\t\t\t<a href='https:\/\/promociondeeventos.sld.cu\/educavanzada2021\/?attachment_id=779'><img width=\"150\" height=\"150\" src=\"https:\/\/promociondeeventos.sld.cu\/educavanzada2021\/files\/2021\/12\/educav2021-8-150x150.jpg\" class=\"attachment-thumbnail size-thumbnail\" alt=\"\" decoding=\"async\" loading=\"lazy\" srcset=\"https:\/\/promociondeeventos.sld.cu\/educavanzada2021\/files\/2021\/12\/educav2021-8-150x150.jpg 150w, https:\/\/promociondeeventos.sld.cu\/educavanzada2021\/files\/2021\/12\/educav2021-8-500x500.jpg 500w\" sizes=\"(max-width: 150px) 100vw, 150px\" \/><\/a>\n\t\t\t<\/dt><\/dl><br style=\"clear: both\" \/><dl class='gallery-item'>\n\t\t\t<dt class='gallery-icon landscape'>\n\t\t\t\t<a href='https:\/\/promociondeeventos.sld.cu\/educavanzada2021\/?attachment_id=780'><img width=\"150\" height=\"150\" src=\"https:\/\/promociondeeventos.sld.cu\/educavanzada2021\/files\/2021\/12\/educav2021-9-150x150.jpg\" class=\"attachment-thumbnail size-thumbnail\" alt=\"\" decoding=\"async\" loading=\"lazy\" srcset=\"https:\/\/promociondeeventos.sld.cu\/educavanzada2021\/files\/2021\/12\/educav2021-9-150x150.jpg 150w, https:\/\/promociondeeventos.sld.cu\/educavanzada2021\/files\/2021\/12\/educav2021-9-500x500.jpg 500w\" sizes=\"(max-width: 150px) 100vw, 150px\" \/><\/a>\n\t\t\t<\/dt><\/dl><dl class='gallery-item'>\n\t\t\t<dt class='gallery-icon portrait'>\n\t\t\t\t<a href='https:\/\/promociondeeventos.sld.cu\/educavanzada2021\/?attachment_id=778'><img width=\"150\" height=\"150\" src=\"https:\/\/promociondeeventos.sld.cu\/educavanzada2021\/files\/2021\/12\/educav2021-7-150x150.jpg\" class=\"attachment-thumbnail size-thumbnail\" alt=\"\" decoding=\"async\" loading=\"lazy\" srcset=\"https:\/\/promociondeeventos.sld.cu\/educavanzada2021\/files\/2021\/12\/educav2021-7-150x150.jpg 150w, https:\/\/promociondeeventos.sld.cu\/educavanzada2021\/files\/2021\/12\/educav2021-7-500x500.jpg 500w\" sizes=\"(max-width: 150px) 100vw, 150px\" \/><\/a>\n\t\t\t<\/dt><\/dl><dl class='gallery-item'>\n\t\t\t<dt class='gallery-icon landscape'>\n\t\t\t\t<a href='https:\/\/promociondeeventos.sld.cu\/educavanzada2021\/?attachment_id=773'><img width=\"150\" height=\"150\" src=\"https:\/\/promociondeeventos.sld.cu\/educavanzada2021\/files\/2021\/12\/educav2021-2-150x150.jpg\" class=\"attachment-thumbnail size-thumbnail\" alt=\"\" decoding=\"async\" loading=\"lazy\" srcset=\"https:\/\/promociondeeventos.sld.cu\/educavanzada2021\/files\/2021\/12\/educav2021-2-150x150.jpg 150w, https:\/\/promociondeeventos.sld.cu\/educavanzada2021\/files\/2021\/12\/educav2021-2-500x500.jpg 500w\" sizes=\"(max-width: 150px) 100vw, 150px\" \/><\/a>\n\t\t\t<\/dt><\/dl><br style=\"clear: both\" \/><dl class='gallery-item'>\n\t\t\t<dt class='gallery-icon portrait'>\n\t\t\t\t<a href='https:\/\/promociondeeventos.sld.cu\/educavanzada2021\/?attachment_id=774'><img width=\"150\" height=\"150\" src=\"https:\/\/promociondeeventos.sld.cu\/educavanzada2021\/files\/2021\/12\/educav2021-3-150x150.jpg\" class=\"attachment-thumbnail size-thumbnail\" alt=\"\" decoding=\"async\" loading=\"lazy\" srcset=\"https:\/\/promociondeeventos.sld.cu\/educavanzada2021\/files\/2021\/12\/educav2021-3-150x150.jpg 150w, https:\/\/promociondeeventos.sld.cu\/educavanzada2021\/files\/2021\/12\/educav2021-3-500x500.jpg 500w\" sizes=\"(max-width: 150px) 100vw, 150px\" \/><\/a>\n\t\t\t<\/dt><\/dl><dl class='gallery-item'>\n\t\t\t<dt class='gallery-icon portrait'>\n\t\t\t\t<a href='https:\/\/promociondeeventos.sld.cu\/educavanzada2021\/?attachment_id=775'><img width=\"150\" height=\"150\" src=\"https:\/\/promociondeeventos.sld.cu\/educavanzada2021\/files\/2021\/12\/educav2021-4-150x150.jpg\" class=\"attachment-thumbnail size-thumbnail\" alt=\"\" decoding=\"async\" loading=\"lazy\" srcset=\"https:\/\/promociondeeventos.sld.cu\/educavanzada2021\/files\/2021\/12\/educav2021-4-150x150.jpg 150w, https:\/\/promociondeeventos.sld.cu\/educavanzada2021\/files\/2021\/12\/educav2021-4-500x500.jpg 500w\" sizes=\"(max-width: 150px) 100vw, 150px\" \/><\/a>\n\t\t\t<\/dt><\/dl><dl class='gallery-item'>\n\t\t\t<dt class='gallery-icon portrait'>\n\t\t\t\t<a href='https:\/\/promociondeeventos.sld.cu\/educavanzada2021\/?attachment_id=777'><img width=\"150\" height=\"150\" src=\"https:\/\/promociondeeventos.sld.cu\/educavanzada2021\/files\/2021\/12\/educav2021-6-150x150.jpg\" class=\"attachment-thumbnail size-thumbnail\" alt=\"\" decoding=\"async\" loading=\"lazy\" srcset=\"https:\/\/promociondeeventos.sld.cu\/educavanzada2021\/files\/2021\/12\/educav2021-6-150x150.jpg 150w, https:\/\/promociondeeventos.sld.cu\/educavanzada2021\/files\/2021\/12\/educav2021-6-500x500.jpg 500w\" sizes=\"(max-width: 150px) 100vw, 150px\" \/><\/a>\n\t\t\t<\/dt><\/dl><br style=\"clear: both\" \/><dl class='gallery-item'>\n\t\t\t<dt class='gallery-icon portrait'>\n\t\t\t\t<a href='https:\/\/promociondeeventos.sld.cu\/educavanzada2021\/?attachment_id=776'><img width=\"150\" height=\"150\" src=\"https:\/\/promociondeeventos.sld.cu\/educavanzada2021\/files\/2021\/12\/educav2021-5-150x150.jpg\" class=\"attachment-thumbnail size-thumbnail\" alt=\"\" decoding=\"async\" loading=\"lazy\" srcset=\"https:\/\/promociondeeventos.sld.cu\/educavanzada2021\/files\/2021\/12\/educav2021-5-150x150.jpg 150w, https:\/\/promociondeeventos.sld.cu\/educavanzada2021\/files\/2021\/12\/educav2021-5-500x500.jpg 500w\" sizes=\"(max-width: 150px) 100vw, 150px\" \/><\/a>\n\t\t\t<\/dt><\/dl><dl class='gallery-item'>\n\t\t\t<dt class='gallery-icon portrait'>\n\t\t\t\t<a href='https:\/\/promociondeeventos.sld.cu\/educavanzada2021\/?attachment_id=772'><img width=\"150\" height=\"150\" src=\"https:\/\/promociondeeventos.sld.cu\/educavanzada2021\/files\/2021\/12\/educav2021-1-150x150.jpg\" class=\"attachment-thumbnail size-thumbnail\" alt=\"\" decoding=\"async\" loading=\"lazy\" srcset=\"https:\/\/promociondeeventos.sld.cu\/educavanzada2021\/files\/2021\/12\/educav2021-1-150x150.jpg 150w, https:\/\/promociondeeventos.sld.cu\/educavanzada2021\/files\/2021\/12\/educav2021-1-500x500.jpg 500w\" sizes=\"(max-width: 150px) 100vw, 150px\" \/><\/a>\n\t\t\t<\/dt><\/dl>\n\t\t\t<br style='clear: both' \/>\n\t\t<\/div>\n\n","protected":false},"excerpt":{"rendered":"<p>Hoy, 9 de diciembre de 2022, la Universidad de Ciencias Pedag\u00f3gicas Enrique Jos\u00e9 Varona en coordinaci\u00f3n con la Facultad de Ciencias M\u00e9dicas Calixto Garc\u00eda, hizo entrega del T\u00edtulo de Doctor en Ciencias de la Educaci\u00f3n a un grupo de doctorandos que forman parte de la comunidad cient\u00edfica de la Educaci\u00f3n Avanzada que conduce la C\u00e1tedra [&hellip;]<\/p>\n","protected":false},"author":3276,"featured_media":0,"parent":0,"menu_order":0,"comment_status":"closed","ping_status":"open","template":"sidebar-content.php","meta":[],"_links":{"self":[{"href":"https:\/\/promociondeeventos.sld.cu\/educavanzada2021\/index.php?rest_route=\/wp\/v2\/pages\/759"}],"collection":[{"href":"https:\/\/promociondeeventos.sld.cu\/educavanzada2021\/index.php?rest_route=\/wp\/v2\/pages"}],"about":[{"href":"https:\/\/promociondeeventos.sld.cu\/educavanzada2021\/index.php?rest_route=\/wp\/v2\/types\/page"}],"author":[{"embeddable":true,"href":"https:\/\/promociondeeventos.sld.cu\/educavanzada2021\/index.php?rest_route=\/wp\/v2\/users\/3276"}],"replies":[{"embeddable":true,"href":"https:\/\/promociondeeventos.sld.cu\/educavanzada2021\/index.php?rest_route=%2Fwp%2Fv2%2Fcomments&post=759"}],"version-history":[{"count":3,"href":"https:\/\/promociondeeventos.sld.cu\/educavanzada2021\/index.php?rest_route=\/wp\/v2\/pages\/759\/revisions"}],"predecessor-version":[{"id":787,"href":"https:\/\/promociondeeventos.sld.cu\/educavanzada2021\/index.php?rest_route=\/wp\/v2\/pages\/759\/revisions\/787"}],"wp:attachment":[{"href":"https:\/\/promociondeeventos.sld.cu\/educavanzada2021\/index.php?rest_route=%2Fwp%2Fv2%2Fmedia&parent=759"}],"curies":[{"name":"wp","href":"https:\/\/api.w.org\/{rel}","templated":true}]}}