{"id":4,"date":"2024-08-07T01:41:04","date_gmt":"2024-08-07T01:41:04","guid":{"rendered":"https:\/\/promociondeeventos.sld.cu\/dermatologia2024\/?page_id=4"},"modified":"2024-08-07T01:45:23","modified_gmt":"2024-08-07T01:45:23","slug":"convocatoria","status":"publish","type":"page","link":"https:\/\/promociondeeventos.sld.cu\/dermatologia2024\/","title":{"rendered":"Convocatoria"},"content":{"rendered":"<p><strong>CONVOCATORIA<\/strong><\/p>\n<p><strong>\u00a0<\/strong><\/p>\n<p style=\"text-align: center;\"><strong>XII Congreso de Dermatolog\u00eda &#8211; Habana 2024<br \/>\n<\/strong><strong>III Encuentro de Dermat\u00f3logos Latinoamericanos, del Caribe y \u00c1frica\u00a0<\/strong><strong>graduados en Cuba.<br \/>\n<\/strong><strong>IX Jornada Nacional de C\u00e1ncer de Piel Zobeida Lovio \u201cin memoriam\u201d.<br \/>\n<\/strong><strong>Simposio Internacional de Psoriasis <\/strong><\/p>\n<p><strong>\u00a0<\/strong><\/p>\n<p>&nbsp;<\/p>\n<p>Del 31 de octubre al 2 de noviembre, 2024. Hotel Habana Libre. La Habana, CUBA<br \/>\nLa Sociedad Cubana de Dermatolog\u00eda se complace en anunciar la celebraci\u00f3n del XII Congreso de Dermatolog\u00eda &#8211; Habana 2024 y el III Encuentro de Dermat\u00f3logos Latinoamericanos, del Caribe y \u00c1frica graduados en Cuba, as\u00ed como la realizaci\u00f3n de la IX Jornada Nacional de C\u00e1ncer de Piel \u201cZobeida Lovio in memoriam\u201d, y el Simposio Internacional de Psoriasis, que se efectuar\u00e1n del 31 de octubre al 2 de noviembre del 2024, en el Hotel Habana Libre, La Habana, Cuba.<\/p>\n<p>El evento se desarrollar\u00e1 nuevamente en las modalidades presencial y virtual, y tendr\u00e1 como Tema Central:<strong> \u201cRetos y desaf\u00edos de la Dermatolog\u00eda en el mundo de hoy\u201d<\/strong>.<\/p>\n<p><strong>\u00a0<\/strong>Convocamos a todos los dermat\u00f3logos cubanos a participar y compartir sus experiencias en las diferentes tem\u00e1ticas que conforman el programa.<\/p>\n<p>Una invitaci\u00f3n especial a todos aquellos M\u00e9dicos latinoamericanos, del Caribe y \u00c1frica que se formaron como Dermat\u00f3logos en nuestro pa\u00eds, que podr\u00e1n tener el espacio para un nuevo reencuentro cargado de fraternidad y elevado nivel cient\u00edfico.<\/p>\n<p>Invitamos adem\u00e1s a todos aquellos dermat\u00f3logos del mundo que nos deseen acompa\u00f1ar.<\/p>\n<p>Es nuestro mayor deseo que las tem\u00e1ticas propuestas contribuyan al desarrollo de inquietudes y expectativas de la Dermatolog\u00eda del presente siglo.<\/p>\n<p>Ser\u00e1 un placer contar con la participaci\u00f3n de todos aquellos que decidan acompa\u00f1arnos, en estos d\u00edas que estar\u00e1n cargados de fraternales intercambios.<\/p>\n<p>Como parte del evento presencial tendr\u00e1 lugar un Coctel de Bienvenida y un Almuerzo Clausura con m\u00fasica en vivo.<\/p>\n<p>La Habana, nuestra Ciudad Maravilla, les da la bienvenida y les invita a disfrutar de su hospitalidad y tradiciones milenarias.<\/p>\n","protected":false},"excerpt":{"rendered":"<p>CONVOCATORIA \u00a0 XII Congreso de Dermatolog\u00eda &#8211; Habana 2024 III Encuentro de Dermat\u00f3logos Latinoamericanos, del Caribe y \u00c1frica\u00a0graduados en Cuba. IX Jornada Nacional de C\u00e1ncer de Piel Zobeida Lovio \u201cin memoriam\u201d. Simposio Internacional de Psoriasis \u00a0 &nbsp; Del 31 de octubre al 2 de noviembre, 2024. Hotel Habana Libre. La Habana, CUBA La Sociedad Cubana [&hellip;]<\/p>\n","protected":false},"author":3205,"featured_media":0,"parent":0,"menu_order":0,"comment_status":"closed","ping_status":"closed","template":"","meta":[],"_links":{"self":[{"href":"https:\/\/promociondeeventos.sld.cu\/dermatologia2024\/wp-json\/wp\/v2\/pages\/4"}],"collection":[{"href":"https:\/\/promociondeeventos.sld.cu\/dermatologia2024\/wp-json\/wp\/v2\/pages"}],"about":[{"href":"https:\/\/promociondeeventos.sld.cu\/dermatologia2024\/wp-json\/wp\/v2\/types\/page"}],"author":[{"embeddable":true,"href":"https:\/\/promociondeeventos.sld.cu\/dermatologia2024\/wp-json\/wp\/v2\/users\/3205"}],"replies":[{"embeddable":true,"href":"https:\/\/promociondeeventos.sld.cu\/dermatologia2024\/wp-json\/wp\/v2\/comments?post=4"}],"version-history":[{"count":2,"href":"https:\/\/promociondeeventos.sld.cu\/dermatologia2024\/wp-json\/wp\/v2\/pages\/4\/revisions"}],"predecessor-version":[{"id":12,"href":"https:\/\/promociondeeventos.sld.cu\/dermatologia2024\/wp-json\/wp\/v2\/pages\/4\/revisions\/12"}],"wp:attachment":[{"href":"https:\/\/promociondeeventos.sld.cu\/dermatologia2024\/wp-json\/wp\/v2\/media?parent=4"}],"curies":[{"name":"wp","href":"https:\/\/api.w.org\/{rel}","templated":true}]}}