{"id":17,"date":"2024-08-07T02:09:56","date_gmt":"2024-08-07T02:09:56","guid":{"rendered":"https:\/\/promociondeeventos.sld.cu\/dermatologia2024\/?page_id=17"},"modified":"2024-08-07T02:10:27","modified_gmt":"2024-08-07T02:10:27","slug":"comite-organizador","status":"publish","type":"page","link":"https:\/\/promociondeeventos.sld.cu\/dermatologia2024\/comite-organizador\/","title":{"rendered":"Comit\u00e9  Organizador"},"content":{"rendered":"<p><strong>Presidente de Honor<br \/>\n<\/strong>Dr. Jos\u00e9 \u00c1ngel Portal Miranda<\/p>\n<p><strong>Vicepresidente de Honor<br \/>\n<\/strong>Dr. Alfredo Abreu Daniel<\/p>\n<p><strong>Presidente Comit\u00e9 Organizador<br \/>\n<\/strong>Dra. Olaine R. Gray Lovio<\/p>\n<p><strong>Presidente Comit\u00e9 Cient\u00edfico<br \/>\n<\/strong>Dr. C. Marlene Curbelo Alonso<\/p>\n","protected":false},"excerpt":{"rendered":"<p>Presidente de Honor Dr. Jos\u00e9 \u00c1ngel Portal Miranda Vicepresidente de Honor Dr. Alfredo Abreu Daniel Presidente Comit\u00e9 Organizador Dra. Olaine R. Gray Lovio Presidente Comit\u00e9 Cient\u00edfico Dr. C. Marlene Curbelo Alonso<\/p>\n","protected":false},"author":3205,"featured_media":0,"parent":0,"menu_order":0,"comment_status":"closed","ping_status":"closed","template":"","meta":[],"_links":{"self":[{"href":"https:\/\/promociondeeventos.sld.cu\/dermatologia2024\/wp-json\/wp\/v2\/pages\/17"}],"collection":[{"href":"https:\/\/promociondeeventos.sld.cu\/dermatologia2024\/wp-json\/wp\/v2\/pages"}],"about":[{"href":"https:\/\/promociondeeventos.sld.cu\/dermatologia2024\/wp-json\/wp\/v2\/types\/page"}],"author":[{"embeddable":true,"href":"https:\/\/promociondeeventos.sld.cu\/dermatologia2024\/wp-json\/wp\/v2\/users\/3205"}],"replies":[{"embeddable":true,"href":"https:\/\/promociondeeventos.sld.cu\/dermatologia2024\/wp-json\/wp\/v2\/comments?post=17"}],"version-history":[{"count":1,"href":"https:\/\/promociondeeventos.sld.cu\/dermatologia2024\/wp-json\/wp\/v2\/pages\/17\/revisions"}],"predecessor-version":[{"id":18,"href":"https:\/\/promociondeeventos.sld.cu\/dermatologia2024\/wp-json\/wp\/v2\/pages\/17\/revisions\/18"}],"wp:attachment":[{"href":"https:\/\/promociondeeventos.sld.cu\/dermatologia2024\/wp-json\/wp\/v2\/media?parent=17"}],"curies":[{"name":"wp","href":"https:\/\/api.w.org\/{rel}","templated":true}]}}